{"id":600,"date":"2024-06-21T17:09:01","date_gmt":"2024-06-21T15:09:01","guid":{"rendered":"http:\/\/jlggb.net\/objets\/?page_id=600"},"modified":"2024-06-21T18:18:49","modified_gmt":"2024-06-21T16:18:49","slug":"la-vie-des-objets","status":"publish","type":"page","link":"https:\/\/jlggb.net\/objets\/la-vie-des-objets\/","title":{"rendered":"La vie des objets"},"content":{"rendered":"<p>Les objets ont \u00e9t\u00e9 l\u00e0 tout de suite.<br \/>\nIl leur arrivait des choses, ils \u00e9taient le sujet d&rsquo;\u00e9v\u00e9nements qui pouvaient se noter.<br \/>\nIls existent et peuvent dispara\u00eetre.<br \/>\nIls persistent, ils sont ind\u00e9pendants, ils s&rsquo;associent.<br \/>\nIls sont quelque part et peuvent dire o\u00f9 ils sont et qui ils sont.<br \/>\nIls sont des circonstances et des relations.<\/p>\n","protected":false},"excerpt":{"rendered":"<p>Les objets ont \u00e9t\u00e9 l\u00e0 tout de suite. Il leur arrivait des choses, ils \u00e9taient le sujet d&rsquo;\u00e9v\u00e9nements qui pouvaient se noter. Ils existent et peuvent dispara\u00eetre. Ils persistent, ils sont ind\u00e9pendants, ils s&rsquo;associent. Ils sont quelque part et peuvent dire o\u00f9 ils sont et qui ils sont. Ils sont des circonstances et des relations.<\/p>\n","protected":false},"author":1,"featured_media":0,"parent":0,"menu_order":0,"comment_status":"closed","ping_status":"closed","template":"","meta":{"footnotes":""},"class_list":["post-600","page","type-page","status-publish","hentry"],"_links":{"self":[{"href":"https:\/\/jlggb.net\/objets\/wp-json\/wp\/v2\/pages\/600","targetHints":{"allow":["GET"]}}],"collection":[{"href":"https:\/\/jlggb.net\/objets\/wp-json\/wp\/v2\/pages"}],"about":[{"href":"https:\/\/jlggb.net\/objets\/wp-json\/wp\/v2\/types\/page"}],"author":[{"embeddable":true,"href":"https:\/\/jlggb.net\/objets\/wp-json\/wp\/v2\/users\/1"}],"replies":[{"embeddable":true,"href":"https:\/\/jlggb.net\/objets\/wp-json\/wp\/v2\/comments?post=600"}],"version-history":[{"count":4,"href":"https:\/\/jlggb.net\/objets\/wp-json\/wp\/v2\/pages\/600\/revisions"}],"predecessor-version":[{"id":609,"href":"https:\/\/jlggb.net\/objets\/wp-json\/wp\/v2\/pages\/600\/revisions\/609"}],"wp:attachment":[{"href":"https:\/\/jlggb.net\/objets\/wp-json\/wp\/v2\/media?parent=600"}],"curies":[{"name":"wp","href":"https:\/\/api.w.org\/{rel}","templated":true}]}}