{"id":2,"date":"2017-03-15T00:42:17","date_gmt":"2017-03-14T23:42:17","guid":{"rendered":"http:\/\/jlggb.net\/objets\/?page_id=2"},"modified":"2025-12-21T21:46:29","modified_gmt":"2025-12-21T20:46:29","slug":"page-d-exemple","status":"publish","type":"page","link":"https:\/\/jlggb.net\/objets\/page-d-exemple\/","title":{"rendered":"Ce site"},"content":{"rendered":"<p>Ce site rassemble les articles des blogs <em>jlggb<\/em> (2007-2024) ayant trait \u00e0 \u00ab La vie des objets \u00bb.<br \/>\nL&rsquo;ensemble des blogs&nbsp;: <a href=\"http:\/\/jlggb.net\/\">http:\/\/jlggb.net\/<\/a><br \/>\nR\u00e9dacteur et \u00e9diteur&nbsp;: JLggB<\/p>\n<h3>Pour joindre le r\u00e9dacteur<\/h3>\n<h3><img loading=\"lazy\" decoding=\"async\" class=\"alignnone size-full wp-image-29\" src=\"http:\/\/jlggb.net\/blog4\/wp-content\/uploads\/2013\/12\/contact.jpg\" alt=\"contact\" width=\"145\" height=\"30\" \/><\/h3>\n<h3>Les photographies<\/h3>\n<p>Sauf indication contraire, les photographies et documents sont de JLggB.<br \/>\nIndiquer la source&nbsp;: photo \u00a9JLggB.<\/p>\n<h3>TECHNIQUE<\/h3>\n<p><img loading=\"lazy\" decoding=\"async\" class=\"alignnone size-full wp-image-30\" src=\"http:\/\/jlggb.net\/blog4\/wp-content\/uploads\/2013\/12\/black-77x77.jpg\" alt=\"black-77x77\" width=\"77\" height=\"77\" \/><\/p>\n<p>Ce blog est construit avec WordPress.<\/p>\n","protected":false},"excerpt":{"rendered":"<p>Ce site rassemble les articles des blogs jlggb (2007-2024) ayant trait \u00e0 \u00ab La vie des objets \u00bb. L&rsquo;ensemble des blogs&nbsp;: http:\/\/jlggb.net\/ R\u00e9dacteur et \u00e9diteur&nbsp;: JLggB Pour joindre le r\u00e9dacteur Les photographies Sauf indication contraire, les photographies et documents sont de JLggB. Indiquer la source&nbsp;: photo \u00a9JLggB. TECHNIQUE Ce blog est construit avec WordPress.<\/p>\n","protected":false},"author":1,"featured_media":0,"parent":0,"menu_order":0,"comment_status":"closed","ping_status":"open","template":"","meta":{"footnotes":""},"class_list":["post-2","page","type-page","status-publish","hentry"],"_links":{"self":[{"href":"https:\/\/jlggb.net\/objets\/wp-json\/wp\/v2\/pages\/2","targetHints":{"allow":["GET"]}}],"collection":[{"href":"https:\/\/jlggb.net\/objets\/wp-json\/wp\/v2\/pages"}],"about":[{"href":"https:\/\/jlggb.net\/objets\/wp-json\/wp\/v2\/types\/page"}],"author":[{"embeddable":true,"href":"https:\/\/jlggb.net\/objets\/wp-json\/wp\/v2\/users\/1"}],"replies":[{"embeddable":true,"href":"https:\/\/jlggb.net\/objets\/wp-json\/wp\/v2\/comments?post=2"}],"version-history":[{"count":10,"href":"https:\/\/jlggb.net\/objets\/wp-json\/wp\/v2\/pages\/2\/revisions"}],"predecessor-version":[{"id":607,"href":"https:\/\/jlggb.net\/objets\/wp-json\/wp\/v2\/pages\/2\/revisions\/607"}],"wp:attachment":[{"href":"https:\/\/jlggb.net\/objets\/wp-json\/wp\/v2\/media?parent=2"}],"curies":[{"name":"wp","href":"https:\/\/api.w.org\/{rel}","templated":true}]}}