{"id":998,"date":"2012-12-25T01:21:26","date_gmt":"2012-12-25T01:21:26","guid":{"rendered":"http:\/\/jlggb.net\/jlb\/?page_id=998"},"modified":"2023-07-21T00:12:30","modified_gmt":"2023-07-20T22:12:30","slug":"2008-inter-communication-center-tokyo-open-space","status":"publish","type":"page","link":"https:\/\/jlggb.net\/jlb\/expositions-personnelles-et-collectives\/2008-inter-communication-center-tokyo-open-space\/","title":{"rendered":"2008 Open Space Inter Communication Center Tokyo"},"content":{"rendered":"<p><em>Open Space 2008<\/em>, ICC (Inter Communication Center) Tokyo, 2008-2009<\/p>\n<p><a href=\"https:\/\/jlggb.net\/jlb\/wp-content\/uploads\/2023\/07\/open-space-2008.png\" data-rel=\"lightbox-image-0\" data-imagelightbox=\"0\" data-rl_title=\"\" data-rl_caption=\"\" title=\"\"><img loading=\"lazy\" decoding=\"async\" class=\"alignnone wp-image-3289\" src=\"https:\/\/jlggb.net\/jlb\/wp-content\/uploads\/2023\/07\/open-space-2008.png\" alt=\"\" width=\"640\" height=\"928\" srcset=\"https:\/\/jlggb.net\/jlb\/wp-content\/uploads\/2023\/07\/open-space-2008.png 1264w, https:\/\/jlggb.net\/jlb\/wp-content\/uploads\/2023\/07\/open-space-2008-207x300.png 207w, https:\/\/jlggb.net\/jlb\/wp-content\/uploads\/2023\/07\/open-space-2008-707x1024.png 707w, https:\/\/jlggb.net\/jlb\/wp-content\/uploads\/2023\/07\/open-space-2008-768x1113.png 768w, https:\/\/jlggb.net\/jlb\/wp-content\/uploads\/2023\/07\/open-space-2008-1060x1536.png 1060w, https:\/\/jlggb.net\/jlb\/wp-content\/uploads\/2023\/07\/open-space-2008-103x150.png 103w\" sizes=\"auto, (max-width: 640px) 100vw, 640px\" \/><\/a><br \/>\n<a href=\"https:\/\/www.ntticc.or.jp\/en\/archive\/works\/sensitive-moments\/\" target=\"_blank\" rel=\"noopener\">https:\/\/www.ntticc.or.jp\/en\/archive\/works\/sensitive-moments\/<\/a><\/p>\n<p>1.<br \/>\nVersion 2008 de l&rsquo;installation <em>La Morale sensitive<\/em> en japonais.<\/p>\n<p><a href=\"https:\/\/jlggb.net\/jlb\/wp-content\/uploads\/2009\/08\/MMTS_ICC_01r.jpg\" data-rel=\"lightbox-image-1\" data-imagelightbox=\"1\" data-rl_title=\"\" data-rl_caption=\"\"><img loading=\"lazy\" decoding=\"async\" title=\"\" src=\"https:\/\/jlggb.net\/jlb\/wp-content\/uploads\/2009\/08\/MMTS_ICC_01r.jpg\" alt=\"MMTS_ICC_01r\" width=\"640\" height=\"480\" \/><\/a><br \/>\n<a href=\"https:\/\/jlggb.net\/jlb\/wp-content\/uploads\/2009\/08\/MMTS_ICC_04r.jpg\" data-rel=\"lightbox-image-2\" data-imagelightbox=\"2\" data-rl_title=\"\" data-rl_caption=\"\"><img loading=\"lazy\" decoding=\"async\" title=\"\" src=\"https:\/\/jlggb.net\/jlb\/wp-content\/uploads\/2009\/08\/MMTS_ICC_04r.jpg\" alt=\"MMTS_ICC_04r\" width=\"640\" height=\"480\" \/><\/a><br \/>\n<em>La Morale sensitive<\/em>, installation vid\u00e9o-interactive, 1999-2000. Version pour \u00ab Open Space \u00bb, ICC, Tokyo, 2008.<br \/>\nvoir : <a href=\"https:\/\/jlggb.net\/jlb\/?page_id=302\">https:\/\/jlggb.net\/jlb\/?page_id=302<\/a><\/p>\n<p>2.<br \/>\nConf\u00e9rence au sujet de cette installation \/ Traduction en japonais<\/p>\n<p><img loading=\"lazy\" decoding=\"async\" class=\"alignnone wp-image-1474\" src=\"https:\/\/jlggb.net\/jlb\/wp-content\/uploads\/2012\/12\/jlb-icc-2008.jpg\" alt=\"jlb-icc-2008\" width=\"320\" height=\"240\" srcset=\"https:\/\/jlggb.net\/jlb\/wp-content\/uploads\/2012\/12\/jlb-icc-2008.jpg 640w, https:\/\/jlggb.net\/jlb\/wp-content\/uploads\/2012\/12\/jlb-icc-2008-300x225.jpg 300w, https:\/\/jlggb.net\/jlb\/wp-content\/uploads\/2012\/12\/jlb-icc-2008-150x113.jpg 150w\" sizes=\"auto, (max-width: 320px) 100vw, 320px\" \/><br \/>\n<a href=\"http:\/\/hive.ntticc.or.jp\/contents\/artist_talk\/20080419_1\" target=\"_blank\" rel=\"noopener\">http:\/\/hive.ntticc.or.jp\/contents\/artist_talk\/20080419_1<\/a><br \/>\nVid\u00e9o \u00e0 t\u00e9l\u00e9charger sur ICC :<br \/>\n<a href=\"http:\/\/hive.ntticc.or.jp\/videos\/artist_talk\/20080419_talk_boissier.mp4\" target=\"_blank\" rel=\"noopener\">http:\/\/hive.ntticc.or.jp\/videos\/artist_talk\/20080419_talk_boissier.mp4<\/a><\/p>\n","protected":false},"excerpt":{"rendered":"<p>Open Space 2008, ICC (Inter Communication Center) Tokyo, 2008-2009 https:\/\/www.ntticc.or.jp\/en\/archive\/works\/sensitive-moments\/ 1. Version 2008 de l&rsquo;installation La Morale sensitive en japonais. La Morale sensitive, installation vid\u00e9o-interactive, 1999-2000. Version pour \u00ab Open Space \u00bb, ICC, Tokyo, 2008. voir : https:\/\/jlggb.net\/jlb\/?page_id=302 2. Conf\u00e9rence au sujet de cette installation \/ Traduction en japonais http:\/\/hive.ntticc.or.jp\/contents\/artist_talk\/20080419_1 Vid\u00e9o \u00e0 t\u00e9l\u00e9charger sur ICC &hellip; <a href=\"https:\/\/jlggb.net\/jlb\/expositions-personnelles-et-collectives\/2008-inter-communication-center-tokyo-open-space\/\" class=\"more-link\">Continuer la lecture de <span class=\"screen-reader-text\">2008 Open Space Inter Communication Center Tokyo<\/span><\/a><\/p>\n","protected":false},"author":2,"featured_media":0,"parent":650,"menu_order":2008,"comment_status":"closed","ping_status":"closed","template":"","meta":{"footnotes":""},"class_list":["post-998","page","type-page","status-publish","hentry"],"_links":{"self":[{"href":"https:\/\/jlggb.net\/jlb\/wp-json\/wp\/v2\/pages\/998","targetHints":{"allow":["GET"]}}],"collection":[{"href":"https:\/\/jlggb.net\/jlb\/wp-json\/wp\/v2\/pages"}],"about":[{"href":"https:\/\/jlggb.net\/jlb\/wp-json\/wp\/v2\/types\/page"}],"author":[{"embeddable":true,"href":"https:\/\/jlggb.net\/jlb\/wp-json\/wp\/v2\/users\/2"}],"replies":[{"embeddable":true,"href":"https:\/\/jlggb.net\/jlb\/wp-json\/wp\/v2\/comments?post=998"}],"version-history":[{"count":11,"href":"https:\/\/jlggb.net\/jlb\/wp-json\/wp\/v2\/pages\/998\/revisions"}],"predecessor-version":[{"id":3290,"href":"https:\/\/jlggb.net\/jlb\/wp-json\/wp\/v2\/pages\/998\/revisions\/3290"}],"up":[{"embeddable":true,"href":"https:\/\/jlggb.net\/jlb\/wp-json\/wp\/v2\/pages\/650"}],"wp:attachment":[{"href":"https:\/\/jlggb.net\/jlb\/wp-json\/wp\/v2\/media?parent=998"}],"curies":[{"name":"wp","href":"https:\/\/api.w.org\/{rel}","templated":true}]}}