{"id":966,"date":"2012-12-25T01:01:29","date_gmt":"2012-12-25T01:01:29","guid":{"rendered":"http:\/\/jlggb.net\/jlb\/?page_id=966"},"modified":"2016-12-06T01:30:15","modified_gmt":"2016-12-06T00:30:15","slug":"1998-bonn-musee-dart-de-la-republique-federale-allemande","status":"publish","type":"page","link":"https:\/\/jlggb.net\/jlb\/expositions-personnelles-et-collectives\/1998-bonn-musee-dart-de-la-republique-federale-allemande\/","title":{"rendered":"1998 Mus\u00e9e d&rsquo;art de la R\u00e9publique F\u00e9d\u00e9rale Allemande Bonn"},"content":{"rendered":"<p>Exposition personnelle (Documents \u00e0 venir).<\/p>\n","protected":false},"excerpt":{"rendered":"<p>Exposition personnelle (Documents \u00e0 venir).<\/p>\n","protected":false},"author":2,"featured_media":0,"parent":650,"menu_order":1998,"comment_status":"closed","ping_status":"closed","template":"","meta":{"footnotes":""},"class_list":["post-966","page","type-page","status-publish","hentry"],"_links":{"self":[{"href":"https:\/\/jlggb.net\/jlb\/wp-json\/wp\/v2\/pages\/966","targetHints":{"allow":["GET"]}}],"collection":[{"href":"https:\/\/jlggb.net\/jlb\/wp-json\/wp\/v2\/pages"}],"about":[{"href":"https:\/\/jlggb.net\/jlb\/wp-json\/wp\/v2\/types\/page"}],"author":[{"embeddable":true,"href":"https:\/\/jlggb.net\/jlb\/wp-json\/wp\/v2\/users\/2"}],"replies":[{"embeddable":true,"href":"https:\/\/jlggb.net\/jlb\/wp-json\/wp\/v2\/comments?post=966"}],"version-history":[{"count":1,"href":"https:\/\/jlggb.net\/jlb\/wp-json\/wp\/v2\/pages\/966\/revisions"}],"predecessor-version":[{"id":1937,"href":"https:\/\/jlggb.net\/jlb\/wp-json\/wp\/v2\/pages\/966\/revisions\/1937"}],"up":[{"embeddable":true,"href":"https:\/\/jlggb.net\/jlb\/wp-json\/wp\/v2\/pages\/650"}],"wp:attachment":[{"href":"https:\/\/jlggb.net\/jlb\/wp-json\/wp\/v2\/media?parent=966"}],"curies":[{"name":"wp","href":"https:\/\/api.w.org\/{rel}","templated":true}]}}

1998 Musée d&rsquo;art de la République Fédérale Allemande Bonn

<p>Exposition personnelle (Documents à venir).</p>
