{"id":955,"date":"2012-12-25T00:51:33","date_gmt":"2012-12-25T00:51:33","guid":{"rendered":"http:\/\/jlggb.net\/jlb\/?page_id=955"},"modified":"2021-01-23T20:04:06","modified_gmt":"2021-01-23T19:04:06","slug":"2002-musee-chateau-dannecy","status":"publish","type":"page","link":"https:\/\/jlggb.net\/jlb\/expositions-personnelles-et-collectives\/2002-musee-chateau-dannecy\/","title":{"rendered":"2002 Mus\u00e9e-Ch\u00e2teau d&rsquo;Annecy"},"content":{"rendered":"<p>Exposition personnelle.<\/p>\n<p><em>La Morale sensitive<\/em>, installation, 1999-2002<\/p>\n<p><em>M\u00e9moire de crayons<\/em>, installation, 1995-2001<\/p>\n<p><a href=\"https:\/\/jlggb.net\/jlb\/wp-content\/uploads\/2021\/01\/morale-s-1999-plan-scaled.jpg\" data-rel=\"lightbox-image-0\" data-imagelightbox=\"0\" data-rl_title=\"\" data-rl_caption=\"\" title=\"\"><img loading=\"lazy\" decoding=\"async\" class=\"alignnone wp-image-2957\" src=\"https:\/\/jlggb.net\/jlb\/wp-content\/uploads\/2021\/01\/morale-s-1999-plan-scaled.jpg\" alt=\"\" width=\"640\" height=\"905\" srcset=\"https:\/\/jlggb.net\/jlb\/wp-content\/uploads\/2021\/01\/morale-s-1999-plan-scaled.jpg 1811w, https:\/\/jlggb.net\/jlb\/wp-content\/uploads\/2021\/01\/morale-s-1999-plan-212x300.jpg 212w, https:\/\/jlggb.net\/jlb\/wp-content\/uploads\/2021\/01\/morale-s-1999-plan-724x1024.jpg 724w, https:\/\/jlggb.net\/jlb\/wp-content\/uploads\/2021\/01\/morale-s-1999-plan-768x1086.jpg 768w, https:\/\/jlggb.net\/jlb\/wp-content\/uploads\/2021\/01\/morale-s-1999-plan-1087x1536.jpg 1087w, https:\/\/jlggb.net\/jlb\/wp-content\/uploads\/2021\/01\/morale-s-1999-plan-1449x2048.jpg 1449w, https:\/\/jlggb.net\/jlb\/wp-content\/uploads\/2021\/01\/morale-s-1999-plan-106x150.jpg 106w\" sizes=\"auto, (max-width: 640px) 100vw, 640px\" \/><\/a><\/p>\n<p><a href=\"https:\/\/jlggb.net\/jlb\/wp-content\/uploads\/2021\/01\/mdc-plan-scaled.jpg\" data-rel=\"lightbox-image-1\" data-imagelightbox=\"1\" data-rl_title=\"\" data-rl_caption=\"\" title=\"\"><img loading=\"lazy\" decoding=\"async\" class=\"alignnone wp-image-2966\" src=\"https:\/\/jlggb.net\/jlb\/wp-content\/uploads\/2021\/01\/mdc-plan-scaled.jpg\" alt=\"\" width=\"640\" height=\"905\" srcset=\"https:\/\/jlggb.net\/jlb\/wp-content\/uploads\/2021\/01\/mdc-plan-scaled.jpg 1811w, https:\/\/jlggb.net\/jlb\/wp-content\/uploads\/2021\/01\/mdc-plan-212x300.jpg 212w, https:\/\/jlggb.net\/jlb\/wp-content\/uploads\/2021\/01\/mdc-plan-724x1024.jpg 724w, https:\/\/jlggb.net\/jlb\/wp-content\/uploads\/2021\/01\/mdc-plan-768x1086.jpg 768w, https:\/\/jlggb.net\/jlb\/wp-content\/uploads\/2021\/01\/mdc-plan-1087x1536.jpg 1087w, https:\/\/jlggb.net\/jlb\/wp-content\/uploads\/2021\/01\/mdc-plan-1449x2048.jpg 1449w, https:\/\/jlggb.net\/jlb\/wp-content\/uploads\/2021\/01\/mdc-plan-106x150.jpg 106w\" sizes=\"auto, (max-width: 640px) 100vw, 640px\" \/><\/a><\/p>\n<p>&nbsp;<\/p>\n<p><a href=\"https:\/\/jlggb.net\/jlb\/wp-content\/uploads\/2009\/08\/mmts_annecy_cerises.jpg\" data-rel=\"lightbox-image-2\" data-imagelightbox=\"2\" data-rl_title=\"\" data-rl_caption=\"\"><img loading=\"lazy\" decoding=\"async\" class=\"alignnone size-full wp-image-138\" title=\"\" src=\"https:\/\/jlggb.net\/jlb\/wp-content\/uploads\/2009\/08\/mmts_annecy_cerises.jpg\" alt=\"mmts_annecy_cerises\" width=\"640\" height=\"480\" srcset=\"https:\/\/jlggb.net\/jlb\/wp-content\/uploads\/2009\/08\/mmts_annecy_cerises.jpg 1280w, https:\/\/jlggb.net\/jlb\/wp-content\/uploads\/2009\/08\/mmts_annecy_cerises-300x225.jpg 300w, https:\/\/jlggb.net\/jlb\/wp-content\/uploads\/2009\/08\/mmts_annecy_cerises-1024x768.jpg 1024w\" sizes=\"auto, (max-width: 640px) 100vw, 640px\" \/><\/a><br \/>\n<em>Moments de Jean-Jacques Rousseau<\/em>, installation vid\u00e9o-interactive, version permanente au Mus\u00e9e-Ch\u00e2teau d&rsquo;Annecy, 2008. Collection Mus\u00e9e-Ch\u00e2teau, Annecy. Inv. 2006.0.3. Acquis avec l\u2019aide du FRAM, cofinanc\u00e9 par l\u2019\u00c9tat et la R\u00e9gion.<\/p>\n<p><a href=\"https:\/\/jlggb.net\/jlb\/wp-content\/uploads\/2009\/08\/mmts_annecy_livres1.jpg\" data-rel=\"lightbox-image-3\" data-imagelightbox=\"3\" data-rl_title=\"\" data-rl_caption=\"\"><img loading=\"lazy\" decoding=\"async\" class=\"alignnone size-full wp-image-143\" title=\"\" src=\"https:\/\/jlggb.net\/jlb\/wp-content\/uploads\/2009\/08\/mmts_annecy_livres1.jpg\" alt=\"mmts_annecy_livres\" width=\"640\" height=\"480\" srcset=\"https:\/\/jlggb.net\/jlb\/wp-content\/uploads\/2009\/08\/mmts_annecy_livres1.jpg 1280w, https:\/\/jlggb.net\/jlb\/wp-content\/uploads\/2009\/08\/mmts_annecy_livres1-300x225.jpg 300w, https:\/\/jlggb.net\/jlb\/wp-content\/uploads\/2009\/08\/mmts_annecy_livres1-1024x768.jpg 1024w\" sizes=\"auto, (max-width: 640px) 100vw, 640px\" \/><\/a><br \/>\nJean-Jacques Rousseau, <em>\u0152uvres compl\u00e8tes<\/em>, La Pl\u00e9iade, Gallimard, t.1, 1959.<\/p>\n<p><a href=\"https:\/\/jlggb.net\/jlb\/wp-content\/uploads\/2009\/08\/mmts_annecy_pi\u00e8ce.jpg\" data-rel=\"lightbox-image-4\" data-imagelightbox=\"4\" data-rl_title=\"\" data-rl_caption=\"\"><img loading=\"lazy\" decoding=\"async\" class=\"alignnone size-full wp-image-140\" title=\"\" src=\"https:\/\/jlggb.net\/jlb\/wp-content\/uploads\/2009\/08\/mmts_annecy_pi\u00e8ce.jpg\" alt=\"mmts_annecy_pi\u00e8ce\" width=\"640\" height=\"480\" srcset=\"https:\/\/jlggb.net\/jlb\/wp-content\/uploads\/2009\/08\/mmts_annecy_pi\u00e8ce.jpg 1280w, https:\/\/jlggb.net\/jlb\/wp-content\/uploads\/2009\/08\/mmts_annecy_pi\u00e8ce-300x225.jpg 300w, https:\/\/jlggb.net\/jlb\/wp-content\/uploads\/2009\/08\/mmts_annecy_pi\u00e8ce-1024x768.jpg 1024w\" sizes=\"auto, (max-width: 640px) 100vw, 640px\" \/><\/a><br \/>\nDispositif : Enzo Mari, <em>Mariolina<\/em>, chaises, Magis, 2002, \u00ab\u00a0I\u00a0\u00bb table de la s\u00e9rie de meubles \u00e0 construire \u00ab\u00a0Autoprogettazione \u00bb, 1974, exemplaire r\u00e9alis\u00e9 au Mus\u00e9e-Ch\u00e2teau d\u2019Annecy en octobre 2008. Naoto Fukasawa, <em>Itis<\/em>, lampe, Artemide, 2007. Jonathan Ives, MacMini, ordinateur, Apple, 2005, Wireless Mighty Mouse, souris, Apple, 2005.<\/p>\n<p><a href=\"https:\/\/jlggb.net\/jlb\/wp-content\/uploads\/2009\/08\/mmts_annecy_tableau.jpg\" data-rel=\"lightbox-image-5\" data-imagelightbox=\"5\" data-rl_title=\"\" data-rl_caption=\"\"><img loading=\"lazy\" decoding=\"async\" class=\"alignnone size-full wp-image-142\" title=\"\" src=\"https:\/\/jlggb.net\/jlb\/wp-content\/uploads\/2009\/08\/mmts_annecy_tableau.jpg\" alt=\"mmts_annecy_tableau\" width=\"640\" height=\"479\" srcset=\"https:\/\/jlggb.net\/jlb\/wp-content\/uploads\/2009\/08\/mmts_annecy_tableau.jpg 1280w, https:\/\/jlggb.net\/jlb\/wp-content\/uploads\/2009\/08\/mmts_annecy_tableau-300x225.jpg 300w, https:\/\/jlggb.net\/jlb\/wp-content\/uploads\/2009\/08\/mmts_annecy_tableau-1024x768.jpg 1024w\" sizes=\"auto, (max-width: 640px) 100vw, 640px\" \/><\/a><br \/>\nCamille Roqueplan, <em>Jean-Jacques Rousseau cueillant des cerises<\/em>, aquarelle, 1836, Collection Mus\u00e9e-Ch\u00e2teau, Annecy<br \/>\nInv. 2000.27.<\/p>\n","protected":false},"excerpt":{"rendered":"<p>Exposition personnelle. La Morale sensitive, installation, 1999-2002 M\u00e9moire de crayons, installation, 1995-2001 &nbsp; Moments de Jean-Jacques Rousseau, installation vid\u00e9o-interactive, version permanente au Mus\u00e9e-Ch\u00e2teau d&rsquo;Annecy, 2008. Collection Mus\u00e9e-Ch\u00e2teau, Annecy. Inv. 2006.0.3. Acquis avec l\u2019aide du FRAM, cofinanc\u00e9 par l\u2019\u00c9tat et la R\u00e9gion. Jean-Jacques Rousseau, \u0152uvres compl\u00e8tes, La Pl\u00e9iade, Gallimard, t.1, 1959. Dispositif : Enzo Mari, Mariolina, &hellip; <a href=\"https:\/\/jlggb.net\/jlb\/expositions-personnelles-et-collectives\/2002-musee-chateau-dannecy\/\" class=\"more-link\">Continuer la lecture de <span class=\"screen-reader-text\">2002 Mus\u00e9e-Ch\u00e2teau d&rsquo;Annecy<\/span><\/a><\/p>\n","protected":false},"author":2,"featured_media":0,"parent":650,"menu_order":2002,"comment_status":"closed","ping_status":"closed","template":"","meta":{"footnotes":""},"class_list":["post-955","page","type-page","status-publish","hentry"],"_links":{"self":[{"href":"https:\/\/jlggb.net\/jlb\/wp-json\/wp\/v2\/pages\/955","targetHints":{"allow":["GET"]}}],"collection":[{"href":"https:\/\/jlggb.net\/jlb\/wp-json\/wp\/v2\/pages"}],"about":[{"href":"https:\/\/jlggb.net\/jlb\/wp-json\/wp\/v2\/types\/page"}],"author":[{"embeddable":true,"href":"https:\/\/jlggb.net\/jlb\/wp-json\/wp\/v2\/users\/2"}],"replies":[{"embeddable":true,"href":"https:\/\/jlggb.net\/jlb\/wp-json\/wp\/v2\/comments?post=955"}],"version-history":[{"count":6,"href":"https:\/\/jlggb.net\/jlb\/wp-json\/wp\/v2\/pages\/955\/revisions"}],"predecessor-version":[{"id":2967,"href":"https:\/\/jlggb.net\/jlb\/wp-json\/wp\/v2\/pages\/955\/revisions\/2967"}],"up":[{"embeddable":true,"href":"https:\/\/jlggb.net\/jlb\/wp-json\/wp\/v2\/pages\/650"}],"wp:attachment":[{"href":"https:\/\/jlggb.net\/jlb\/wp-json\/wp\/v2\/media?parent=955"}],"curies":[{"name":"wp","href":"https:\/\/api.w.org\/{rel}","templated":true}]}}

2002 Musée-Château d&rsquo;Annecy

<p>Exposition personnelle.</p>
<p><em>La Morale sensitive</em>, installation, 1999-2002</p>
<p><em>Mémoire de crayons</em>, installation, 1995-2001</p>
<p><a href="https://jlggb.net/jlb/wp-content/uploads/2021/01/morale-s-1999-plan-scaled.jpg" data-rel="lightbox-image-0" data-imagelightbox="0" data-rl_title="" data-rl_caption="" title=""><img loading="lazy" decoding="async" class="alignnone wp-image-2957" src="https://jlggb.net/jlb/wp-content/uploads/2021/01/morale-s-1999-plan-scaled.jpg" alt="" width="640" height="905" srcset="https://jlggb.net/jlb/wp-content/uploads/2021/01/morale-s-1999-plan-scaled.jpg 1811w, https://jlggb.net/jlb/wp-content/uploads/2021/01/morale-s-1999-plan-212x300.jpg 212w, https://jlggb.net/jlb/wp-content/uploads/2021/01/morale-s-1999-plan-724x1024.jpg 724w, https://jlggb.net/jlb/wp-content/uploads/2021/01/morale-s-1999-plan-768x1086.jpg 768w, https://jlggb.net/jlb/wp-content/uploads/2021/01/morale-s-1999-plan-1087x1536.jpg 1087w, https://jlggb.net/jlb/wp-content/uploads/2021/01/morale-s-1999-plan-1449x2048.jpg 1449w, https://jlggb.net/jlb/wp-content/uploads/2021/01/morale-s-1999-plan-106x150.jpg 106w" sizes="auto, (max-width: 640px) 100vw, 640px" /></a></p>
<p><a href="https://jlggb.net/jlb/wp-content/uploads/2021/01/mdc-plan-scaled.jpg" data-rel="lightbox-image-1" data-imagelightbox="1" data-rl_title="" data-rl_caption="" title=""><img loading="lazy" decoding="async" class="alignnone wp-image-2966" src="https://jlggb.net/jlb/wp-content/uploads/2021/01/mdc-plan-scaled.jpg" alt="" width="640" height="905" srcset="https://jlggb.net/jlb/wp-content/uploads/2021/01/mdc-plan-scaled.jpg 1811w, https://jlggb.net/jlb/wp-content/uploads/2021/01/mdc-plan-212x300.jpg 212w, https://jlggb.net/jlb/wp-content/uploads/2021/01/mdc-plan-724x1024.jpg 724w, https://jlggb.net/jlb/wp-content/uploads/2021/01/mdc-plan-768x1086.jpg 768w, https://jlggb.net/jlb/wp-content/uploads/2021/01/mdc-plan-1087x1536.jpg 1087w, https://jlggb.net/jlb/wp-content/uploads/2021/01/mdc-plan-1449x2048.jpg 1449w, https://jlggb.net/jlb/wp-content/uploads/2021/01/mdc-plan-106x150.jpg 106w" sizes="auto, (max-width: 640px) 100vw, 640px" /></a></p>
<p>&nbsp;</p>
<p><a href="https://jlggb.net/jlb/wp-content/uploads/2009/08/mmts_annecy_cerises.jpg" data-rel="lightbox-image-2" data-imagelightbox="2" data-rl_title="" data-rl_caption=""><img loading="lazy" decoding="async" class="alignnone size-full wp-image-138" title="" src="https://jlggb.net/jlb/wp-content/uploads/2009/08/mmts_annecy_cerises.jpg" alt="mmts_annecy_cerises" width="640" height="480" srcset="https://jlggb.net/jlb/wp-content/uploads/2009/08/mmts_annecy_cerises.jpg 1280w, https://jlggb.net/jlb/wp-content/uploads/2009/08/mmts_annecy_cerises-300x225.jpg 300w, https://jlggb.net/jlb/wp-content/uploads/2009/08/mmts_annecy_cerises-1024x768.jpg 1024w" sizes="auto, (max-width: 640px) 100vw, 640px" /></a><br />
<em>Moments de Jean-Jacques Rousseau</em>, installation vidéo-interactive, version permanente au Musée-Château d&rsquo;Annecy, 2008. Collection Musée-Château, Annecy. Inv. 2006.0.3. Acquis avec l’aide du FRAM, cofinancé par l’État et la Région.</p>
<p><a href="https://jlggb.net/jlb/wp-content/uploads/2009/08/mmts_annecy_livres1.jpg" data-rel="lightbox-image-3" data-imagelightbox="3" data-rl_title="" data-rl_caption=""><img loading="lazy" decoding="async" class="alignnone size-full wp-image-143" title="" src="https://jlggb.net/jlb/wp-content/uploads/2009/08/mmts_annecy_livres1.jpg" alt="mmts_annecy_livres" width="640" height="480" srcset="https://jlggb.net/jlb/wp-content/uploads/2009/08/mmts_annecy_livres1.jpg 1280w, https://jlggb.net/jlb/wp-content/uploads/2009/08/mmts_annecy_livres1-300x225.jpg 300w, https://jlggb.net/jlb/wp-content/uploads/2009/08/mmts_annecy_livres1-1024x768.jpg 1024w" sizes="auto, (max-width: 640px) 100vw, 640px" /></a><br />
Jean-Jacques Rousseau, <em>Œuvres complètes</em>, La Pléiade, Gallimard, t.1, 1959.</p>
<p><a href="https://jlggb.net/jlb/wp-content/uploads/2009/08/mmts_annecy_pièce.jpg" data-rel="lightbox-image-4" data-imagelightbox="4" data-rl_title="" data-rl_caption=""><img loading="lazy" decoding="async" class="alignnone size-full wp-image-140" title="" src="https://jlggb.net/jlb/wp-content/uploads/2009/08/mmts_annecy_pièce.jpg" alt="mmts_annecy_pièce" width="640" height="480" srcset="https://jlggb.net/jlb/wp-content/uploads/2009/08/mmts_annecy_pièce.jpg 1280w, https://jlggb.net/jlb/wp-content/uploads/2009/08/mmts_annecy_pièce-300x225.jpg 300w, https://jlggb.net/jlb/wp-content/uploads/2009/08/mmts_annecy_pièce-1024x768.jpg 1024w" sizes="auto, (max-width: 640px) 100vw, 640px" /></a><br />
Dispositif : Enzo Mari, <em>Mariolina</em>, chaises, Magis, 2002, « I » table de la série de meubles à construire « Autoprogettazione », 1974, exemplaire réalisé au Musée-Château d’Annecy en octobre 2008. Naoto Fukasawa, <em>Itis</em>, lampe, Artemide, 2007. Jonathan Ives, MacMini, ordinateur, Apple, 2005, Wireless Mighty Mouse, souris, Apple, 2005.</p>
<p><a href="https://jlggb.net/jlb/wp-content/uploads/2009/08/mmts_annecy_tableau.jpg" data-rel="lightbox-image-5" data-imagelightbox="5" data-rl_title="" data-rl_caption=""><img loading="lazy" decoding="async" class="alignnone size-full wp-image-142" title="" src="https://jlggb.net/jlb/wp-content/uploads/2009/08/mmts_annecy_tableau.jpg" alt="mmts_annecy_tableau" width="640" height="479" srcset="https://jlggb.net/jlb/wp-content/uploads/2009/08/mmts_annecy_tableau.jpg 1280w, https://jlggb.net/jlb/wp-content/uploads/2009/08/mmts_annecy_tableau-300x225.jpg 300w, https://jlggb.net/jlb/wp-content/uploads/2009/08/mmts_annecy_tableau-1024x768.jpg 1024w" sizes="auto, (max-width: 640px) 100vw, 640px" /></a><br />
Camille Roqueplan, <em>Jean-Jacques Rousseau cueillant des cerises</em>, aquarelle, 1836, Collection Musée-Château, Annecy<br />
Inv. 2000.27.</p>

<p>Exposition personnelle. La Morale sensitive, installation, 1999-2002 Mémoire de crayons, installation, 1995-2001 &nbsp; Moments de Jean-Jacques Rousseau, installation vidéo-interactive, version permanente au Musée-Château d&rsquo;Annecy, 2008. Collection Musée-Château, Annecy. Inv. 2006.0.3. Acquis avec l’aide du FRAM, cofinancé par l’État et la Région. Jean-Jacques Rousseau, Œuvres complètes, La Pléiade, Gallimard, t.1, 1959. Dispositif : Enzo Mari, Mariolina, &hellip; <a href="https://jlggb.net/jlb/expositions-personnelles-et-collectives/2002-musee-chateau-dannecy/" class="more-link">Continuer la lecture de <span class="screen-reader-text">2002 Musée-Château d&rsquo;Annecy</span></a></p>
