{"id":928,"date":"2012-12-25T00:28:19","date_gmt":"2012-12-25T00:28:19","guid":{"rendered":"http:\/\/jlggb.net\/jlb\/?page_id=928"},"modified":"2025-12-02T15:14:39","modified_gmt":"2025-12-02T14:14:39","slug":"1985-centre-pompidou-les-immateriaux","status":"publish","type":"page","link":"https:\/\/jlggb.net\/jlb\/expositions-personnelles-et-collectives\/1985-centre-pompidou-les-immateriaux\/","title":{"rendered":"1985 Les Immat\u00e9riaux Centre Pompidou"},"content":{"rendered":"<p>Participation aux<em> Immat\u00e9riaux<\/em>, exposition du centre Pompidou, 28 mars 1985 &#8211; 15 juillet 1985. Commissaires : Jean-Fran\u00e7ois Lyotard, Thierry Chaput. Architecte : Philippe D\u00e9lis.<\/p>\n<p><a href=\"https:\/\/jlggb.net\/jlb\/wp-content\/uploads\/2025\/05\/1985_Immateriaux_LeBus_cnacgp.jpg\" data-rel=\"lightbox-image-0\" data-imagelightbox=\"0\" data-rl_title=\"\" data-rl_caption=\"\" title=\"\"><img loading=\"lazy\" decoding=\"async\" class=\"alignnone size-full wp-image-3532\" src=\"https:\/\/jlggb.net\/jlb\/wp-content\/uploads\/2025\/05\/1985_Immateriaux_LeBus_cnacgp.jpg\" alt=\"\" width=\"1200\" height=\"1800\" srcset=\"https:\/\/jlggb.net\/jlb\/wp-content\/uploads\/2025\/05\/1985_Immateriaux_LeBus_cnacgp.jpg 1200w, https:\/\/jlggb.net\/jlb\/wp-content\/uploads\/2025\/05\/1985_Immateriaux_LeBus_cnacgp-200x300.jpg 200w, https:\/\/jlggb.net\/jlb\/wp-content\/uploads\/2025\/05\/1985_Immateriaux_LeBus_cnacgp-683x1024.jpg 683w, https:\/\/jlggb.net\/jlb\/wp-content\/uploads\/2025\/05\/1985_Immateriaux_LeBus_cnacgp-768x1152.jpg 768w, https:\/\/jlggb.net\/jlb\/wp-content\/uploads\/2025\/05\/1985_Immateriaux_LeBus_cnacgp-1024x1536.jpg 1024w\" sizes=\"auto, (max-width: 1200px) 100vw, 1200px\" \/><\/a><\/p>\n<p>Les Immat\u00e9riaux, <em>Le Bus<\/em>, photo cnacgp<\/p>\n<p><a href=\"https:\/\/jlggb.net\/jlb\/wp-content\/uploads\/2025\/12\/immateriaux_film_soutif_le_bus-scaled.jpg\" data-rel=\"lightbox-image-1\" data-imagelightbox=\"1\" data-rl_title=\"\" data-rl_caption=\"\" title=\"\"><img loading=\"lazy\" decoding=\"async\" class=\"alignnone size-full wp-image-3772\" src=\"https:\/\/jlggb.net\/jlb\/wp-content\/uploads\/2025\/12\/immateriaux_film_soutif_le_bus-scaled.jpg\" alt=\"\" width=\"2560\" height=\"1920\" srcset=\"https:\/\/jlggb.net\/jlb\/wp-content\/uploads\/2025\/12\/immateriaux_film_soutif_le_bus-scaled.jpg 2560w, https:\/\/jlggb.net\/jlb\/wp-content\/uploads\/2025\/12\/immateriaux_film_soutif_le_bus-300x225.jpg 300w, https:\/\/jlggb.net\/jlb\/wp-content\/uploads\/2025\/12\/immateriaux_film_soutif_le_bus-1024x768.jpg 1024w, https:\/\/jlggb.net\/jlb\/wp-content\/uploads\/2025\/12\/immateriaux_film_soutif_le_bus-768x576.jpg 768w, https:\/\/jlggb.net\/jlb\/wp-content\/uploads\/2025\/12\/immateriaux_film_soutif_le_bus-1536x1152.jpg 1536w, https:\/\/jlggb.net\/jlb\/wp-content\/uploads\/2025\/12\/immateriaux_film_soutif_le_bus-2048x1536.jpg 2048w\" sizes=\"auto, (max-width: 2560px) 100vw, 2560px\" \/><\/a><\/p>\n<p>S\u00e9quence Le Bus, <em>Octave au pays des Immat\u00e9riaux<\/em>, film de Daniel Soutif et Paule Zajdermann, 1985<\/p>\n<p>Site \u00ab Visites simul\u00e9es \u00bb : r\u00e9alisation avec des \u00e9tudiants en arts et photographie de Paris 8,<em> Le Bus<\/em>, installation interactive sur vid\u00e9odisque, programme informatique, maquette d&rsquo;un autobus de la RATP, 1984-1985.<br \/>\nSite \u00ab Toutes les copies \u00bb : r\u00e9alisation du dispositif sur une id\u00e9e de Liliane Terrier.<\/p>\n<p>Voir : <a href=\"https:\/\/jlggb.net\/jlb\/?page_id=627\"><span id=\"sample-permalink\" tabindex=\"-1\">https:\/\/jlggb.net\/jlb\/?page_id=627<br \/>\n<\/span><\/a>Voir : <a href=\"https:\/\/jlggb.net\/jlb\/?page_id=94\">https:\/\/jlggb.net\/jlb\/?page_id=94<br \/>\n<\/a><\/p>\n","protected":false},"excerpt":{"rendered":"<p>Participation aux Immat\u00e9riaux, exposition du centre Pompidou, 28 mars 1985 &#8211; 15 juillet 1985. Commissaires : Jean-Fran\u00e7ois Lyotard, Thierry Chaput. Architecte : Philippe D\u00e9lis. Les Immat\u00e9riaux, Le Bus, photo cnacgp S\u00e9quence Le Bus, Octave au pays des Immat\u00e9riaux, film de Daniel Soutif et Paule Zajdermann, 1985 Site \u00ab Visites simul\u00e9es \u00bb : r\u00e9alisation avec des &hellip; <a href=\"https:\/\/jlggb.net\/jlb\/expositions-personnelles-et-collectives\/1985-centre-pompidou-les-immateriaux\/\" class=\"more-link\">Continuer la lecture de <span class=\"screen-reader-text\">1985 Les Immat\u00e9riaux Centre Pompidou<\/span><\/a><\/p>\n","protected":false},"author":2,"featured_media":0,"parent":650,"menu_order":1985,"comment_status":"closed","ping_status":"closed","template":"","meta":{"footnotes":""},"class_list":["post-928","page","type-page","status-publish","hentry"],"_links":{"self":[{"href":"https:\/\/jlggb.net\/jlb\/wp-json\/wp\/v2\/pages\/928","targetHints":{"allow":["GET"]}}],"collection":[{"href":"https:\/\/jlggb.net\/jlb\/wp-json\/wp\/v2\/pages"}],"about":[{"href":"https:\/\/jlggb.net\/jlb\/wp-json\/wp\/v2\/types\/page"}],"author":[{"embeddable":true,"href":"https:\/\/jlggb.net\/jlb\/wp-json\/wp\/v2\/users\/2"}],"replies":[{"embeddable":true,"href":"https:\/\/jlggb.net\/jlb\/wp-json\/wp\/v2\/comments?post=928"}],"version-history":[{"count":7,"href":"https:\/\/jlggb.net\/jlb\/wp-json\/wp\/v2\/pages\/928\/revisions"}],"predecessor-version":[{"id":3774,"href":"https:\/\/jlggb.net\/jlb\/wp-json\/wp\/v2\/pages\/928\/revisions\/3774"}],"up":[{"embeddable":true,"href":"https:\/\/jlggb.net\/jlb\/wp-json\/wp\/v2\/pages\/650"}],"wp:attachment":[{"href":"https:\/\/jlggb.net\/jlb\/wp-json\/wp\/v2\/media?parent=928"}],"curies":[{"name":"wp","href":"https:\/\/api.w.org\/{rel}","templated":true}]}}

1985 Les Immatériaux Centre Pompidou

<p>Participation aux<em> Immatériaux</em>, exposition du centre Pompidou, 28 mars 1985 &#8211; 15 juillet 1985. Commissaires : Jean-François Lyotard, Thierry Chaput. Architecte : Philippe Délis.</p>
<p><a href="https://jlggb.net/jlb/wp-content/uploads/2025/05/1985_Immateriaux_LeBus_cnacgp.jpg" data-rel="lightbox-image-0" data-imagelightbox="0" data-rl_title="" data-rl_caption="" title=""><img loading="lazy" decoding="async" class="alignnone size-full wp-image-3532" src="https://jlggb.net/jlb/wp-content/uploads/2025/05/1985_Immateriaux_LeBus_cnacgp.jpg" alt="" width="1200" height="1800" srcset="https://jlggb.net/jlb/wp-content/uploads/2025/05/1985_Immateriaux_LeBus_cnacgp.jpg 1200w, https://jlggb.net/jlb/wp-content/uploads/2025/05/1985_Immateriaux_LeBus_cnacgp-200x300.jpg 200w, https://jlggb.net/jlb/wp-content/uploads/2025/05/1985_Immateriaux_LeBus_cnacgp-683x1024.jpg 683w, https://jlggb.net/jlb/wp-content/uploads/2025/05/1985_Immateriaux_LeBus_cnacgp-768x1152.jpg 768w, https://jlggb.net/jlb/wp-content/uploads/2025/05/1985_Immateriaux_LeBus_cnacgp-1024x1536.jpg 1024w" sizes="auto, (max-width: 1200px) 100vw, 1200px" /></a></p>
<p>Les Immatériaux, <em>Le Bus</em>, photo cnacgp</p>
<p><a href="https://jlggb.net/jlb/wp-content/uploads/2025/12/immateriaux_film_soutif_le_bus-scaled.jpg" data-rel="lightbox-image-1" data-imagelightbox="1" data-rl_title="" data-rl_caption="" title=""><img loading="lazy" decoding="async" class="alignnone size-full wp-image-3772" src="https://jlggb.net/jlb/wp-content/uploads/2025/12/immateriaux_film_soutif_le_bus-scaled.jpg" alt="" width="2560" height="1920" srcset="https://jlggb.net/jlb/wp-content/uploads/2025/12/immateriaux_film_soutif_le_bus-scaled.jpg 2560w, https://jlggb.net/jlb/wp-content/uploads/2025/12/immateriaux_film_soutif_le_bus-300x225.jpg 300w, https://jlggb.net/jlb/wp-content/uploads/2025/12/immateriaux_film_soutif_le_bus-1024x768.jpg 1024w, https://jlggb.net/jlb/wp-content/uploads/2025/12/immateriaux_film_soutif_le_bus-768x576.jpg 768w, https://jlggb.net/jlb/wp-content/uploads/2025/12/immateriaux_film_soutif_le_bus-1536x1152.jpg 1536w, https://jlggb.net/jlb/wp-content/uploads/2025/12/immateriaux_film_soutif_le_bus-2048x1536.jpg 2048w" sizes="auto, (max-width: 2560px) 100vw, 2560px" /></a></p>
<p>Séquence Le Bus, <em>Octave au pays des Immatériaux</em>, film de Daniel Soutif et Paule Zajdermann, 1985</p>
<p>Site « Visites simulées » : réalisation avec des étudiants en arts et photographie de Paris 8,<em> Le Bus</em>, installation interactive sur vidéodisque, programme informatique, maquette d&rsquo;un autobus de la RATP, 1984-1985.<br />
Site « Toutes les copies » : réalisation du dispositif sur une idée de Liliane Terrier.</p>
<p>Voir : <a href="https://jlggb.net/jlb/?page_id=627"><span id="sample-permalink" tabindex="-1">https://jlggb.net/jlb/?page_id=627<br />
</span></a>Voir : <a href="https://jlggb.net/jlb/?page_id=94">https://jlggb.net/jlb/?page_id=94<br />
</a></p>

<p>Participation aux Immatériaux, exposition du centre Pompidou, 28 mars 1985 &#8211; 15 juillet 1985. Commissaires : Jean-François Lyotard, Thierry Chaput. Architecte : Philippe Délis. Les Immatériaux, Le Bus, photo cnacgp Séquence Le Bus, Octave au pays des Immatériaux, film de Daniel Soutif et Paule Zajdermann, 1985 Site « Visites simulées » : réalisation avec des &hellip; <a href="https://jlggb.net/jlb/expositions-personnelles-et-collectives/1985-centre-pompidou-les-immateriaux/" class="more-link">Continuer la lecture de <span class="screen-reader-text">1985 Les Immatériaux Centre Pompidou</span></a></p>
