{"id":914,"date":"2012-12-25T00:18:05","date_gmt":"2012-12-25T00:18:05","guid":{"rendered":"http:\/\/jlggb.net\/jlb\/?page_id=914"},"modified":"2015-08-26T18:09:40","modified_gmt":"2015-08-26T16:09:40","slug":"biennale-de-venise","status":"publish","type":"page","link":"https:\/\/jlggb.net\/jlb\/expositions-personnelles-et-collectives\/biennale-de-venise\/","title":{"rendered":"1986 Biennale de Venise"},"content":{"rendered":"<p><img loading=\"lazy\" decoding=\"async\" class=\"alignnone size-full wp-image-1334\" src=\"https:\/\/jlggb.net\/jlb\/wp-content\/uploads\/2012\/12\/Venise-1986.jpg\" alt=\"Venise-1986\" width=\"346\" height=\"499\" srcset=\"https:\/\/jlggb.net\/jlb\/wp-content\/uploads\/2012\/12\/Venise-1986.jpg 346w, https:\/\/jlggb.net\/jlb\/wp-content\/uploads\/2012\/12\/Venise-1986-208x300.jpg 208w, https:\/\/jlggb.net\/jlb\/wp-content\/uploads\/2012\/12\/Venise-1986-104x150.jpg 104w\" sizes=\"auto, (max-width: 346px) 100vw, 346px\" \/><\/p>\n<p>42e Biennale de Venis, Art et Science<\/p>\n<p>Exposition collective (Texte \u00e0 venir).<em><br \/>\nP\u00e9kin pour m\u00e9moire<\/em>, installation interactive avec vid\u00e9odisque, 1985-1986.<\/p>\n<p>Voir : <a href=\"https:\/\/jlggb.net\/jlb\/?page_id=113\" target=\"_blank\">https:\/\/jlggb.net\/jlb\/?page_id=113<\/a><\/p>\n<p>Roy Ascott : <a href=\"http:\/\/jlggb.net\/blog3\/?p=4680\" target=\"_blank\">http:\/\/jlggb.net\/blog3\/?p=4680<\/a><\/p>\n","protected":false},"excerpt":{"rendered":"<p>42e Biennale de Venis, Art et Science Exposition collective (Texte \u00e0 venir). P\u00e9kin pour m\u00e9moire, installation interactive avec vid\u00e9odisque, 1985-1986. Voir : https:\/\/jlggb.net\/jlb\/?page_id=113 Roy Ascott : http:\/\/jlggb.net\/blog3\/?p=4680<\/p>\n","protected":false},"author":2,"featured_media":0,"parent":650,"menu_order":1986,"comment_status":"closed","ping_status":"closed","template":"","meta":{"footnotes":""},"class_list":["post-914","page","type-page","status-publish","hentry"],"_links":{"self":[{"href":"https:\/\/jlggb.net\/jlb\/wp-json\/wp\/v2\/pages\/914","targetHints":{"allow":["GET"]}}],"collection":[{"href":"https:\/\/jlggb.net\/jlb\/wp-json\/wp\/v2\/pages"}],"about":[{"href":"https:\/\/jlggb.net\/jlb\/wp-json\/wp\/v2\/types\/page"}],"author":[{"embeddable":true,"href":"https:\/\/jlggb.net\/jlb\/wp-json\/wp\/v2\/users\/2"}],"replies":[{"embeddable":true,"href":"https:\/\/jlggb.net\/jlb\/wp-json\/wp\/v2\/comments?post=914"}],"version-history":[{"count":0,"href":"https:\/\/jlggb.net\/jlb\/wp-json\/wp\/v2\/pages\/914\/revisions"}],"up":[{"embeddable":true,"href":"https:\/\/jlggb.net\/jlb\/wp-json\/wp\/v2\/pages\/650"}],"wp:attachment":[{"href":"https:\/\/jlggb.net\/jlb\/wp-json\/wp\/v2\/media?parent=914"}],"curies":[{"name":"wp","href":"https:\/\/api.w.org\/{rel}","templated":true}]}}