{"id":788,"date":"2011-07-31T22:54:43","date_gmt":"2011-07-31T21:54:43","guid":{"rendered":"http:\/\/jlggb.net\/jlb\/?page_id=788"},"modified":"2015-04-22T14:04:07","modified_gmt":"2015-04-22T12:04:07","slug":"2011-cest-elle-cest-bien-elle","status":"publish","type":"page","link":"https:\/\/jlggb.net\/jlb\/travaux\/2011-cest-elle-cest-bien-elle\/","title":{"rendered":"2011 C&rsquo;est elle, c&rsquo;est bien elle !"},"content":{"rendered":"<p><a href=\"https:\/\/jlggb.net\/jlb\/wp-content\/uploads\/2011\/07\/elle-texte-tapisserie.jpg\" data-rel=\"lightbox-image-0\" data-imagelightbox=\"0\" data-rl_title=\"\" data-rl_caption=\"\"><img loading=\"lazy\" decoding=\"async\" class=\"alignnone size-full wp-image-792\" title=\"\" src=\"https:\/\/jlggb.net\/jlb\/wp-content\/uploads\/2011\/07\/elle-texte-tapisserie.jpg\" alt=\"\" width=\"640\" height=\"480\" srcset=\"https:\/\/jlggb.net\/jlb\/wp-content\/uploads\/2011\/07\/elle-texte-tapisserie.jpg 1280w, https:\/\/jlggb.net\/jlb\/wp-content\/uploads\/2011\/07\/elle-texte-tapisserie-300x225.jpg 300w, https:\/\/jlggb.net\/jlb\/wp-content\/uploads\/2011\/07\/elle-texte-tapisserie-1024x768.jpg 1024w\" sizes=\"auto, (max-width: 640px) 100vw, 640px\" \/><\/a><br \/>\n<em>C&rsquo;est elle, c&rsquo;est bien elle !<\/em> R\u00e9cit, diaporama sous Keynote affich\u00e9 sur un \u00e9cran de 24 pouces. Premi\u00e8re pr\u00e9sentation\u00a0: exposition <em>Captures<\/em>, La Tapisserie, Paris, mars 2011.<\/p>\n<p><a href=\"https:\/\/jlggb.net\/jlb\/wp-content\/uploads\/2011\/07\/ELLE-CAPTURES-libre.051.png\" data-rel=\"lightbox-image-1\" data-imagelightbox=\"1\" data-rl_title=\"\" data-rl_caption=\"\"><img loading=\"lazy\" decoding=\"async\" class=\"alignnone size-full wp-image-849\" title=\"\" src=\"https:\/\/jlggb.net\/jlb\/wp-content\/uploads\/2011\/07\/ELLE-CAPTURES-libre.051.png\" alt=\"\" width=\"640\" height=\"400\" srcset=\"https:\/\/jlggb.net\/jlb\/wp-content\/uploads\/2011\/07\/ELLE-CAPTURES-libre.051.png 1920w, https:\/\/jlggb.net\/jlb\/wp-content\/uploads\/2011\/07\/ELLE-CAPTURES-libre.051-300x187.png 300w, https:\/\/jlggb.net\/jlb\/wp-content\/uploads\/2011\/07\/ELLE-CAPTURES-libre.051-1024x640.png 1024w, https:\/\/jlggb.net\/jlb\/wp-content\/uploads\/2011\/07\/ELLE-CAPTURES-libre.051-150x93.png 150w\" sizes=\"auto, (max-width: 640px) 100vw, 640px\" \/><\/a><br \/>\nD\u00e9tail du Keynote. \u00a9JLB<\/p>\n","protected":false},"excerpt":{"rendered":"<p>C&rsquo;est elle, c&rsquo;est bien elle ! R\u00e9cit, diaporama sous Keynote affich\u00e9 sur un \u00e9cran de 24 pouces. Premi\u00e8re pr\u00e9sentation\u00a0: exposition Captures, La Tapisserie, Paris, mars 2011. D\u00e9tail du Keynote. \u00a9JLB<\/p>\n","protected":false},"author":2,"featured_media":0,"parent":556,"menu_order":26,"comment_status":"closed","ping_status":"closed","template":"","meta":{"footnotes":""},"class_list":["post-788","page","type-page","status-publish","hentry"],"_links":{"self":[{"href":"https:\/\/jlggb.net\/jlb\/wp-json\/wp\/v2\/pages\/788","targetHints":{"allow":["GET"]}}],"collection":[{"href":"https:\/\/jlggb.net\/jlb\/wp-json\/wp\/v2\/pages"}],"about":[{"href":"https:\/\/jlggb.net\/jlb\/wp-json\/wp\/v2\/types\/page"}],"author":[{"embeddable":true,"href":"https:\/\/jlggb.net\/jlb\/wp-json\/wp\/v2\/users\/2"}],"replies":[{"embeddable":true,"href":"https:\/\/jlggb.net\/jlb\/wp-json\/wp\/v2\/comments?post=788"}],"version-history":[{"count":0,"href":"https:\/\/jlggb.net\/jlb\/wp-json\/wp\/v2\/pages\/788\/revisions"}],"up":[{"embeddable":true,"href":"https:\/\/jlggb.net\/jlb\/wp-json\/wp\/v2\/pages\/556"}],"wp:attachment":[{"href":"https:\/\/jlggb.net\/jlb\/wp-json\/wp\/v2\/media?parent=788"}],"curies":[{"name":"wp","href":"https:\/\/api.w.org\/{rel}","templated":true}]}}

<p><a href="https://jlggb.net/jlb/wp-content/uploads/2011/07/elle-texte-tapisserie.jpg" data-rel="lightbox-image-0" data-imagelightbox="0" data-rl_title="" data-rl_caption=""><img loading="lazy" decoding="async" class="alignnone size-full wp-image-792" title="" src="https://jlggb.net/jlb/wp-content/uploads/2011/07/elle-texte-tapisserie.jpg" alt="" width="640" height="480" srcset="https://jlggb.net/jlb/wp-content/uploads/2011/07/elle-texte-tapisserie.jpg 1280w, https://jlggb.net/jlb/wp-content/uploads/2011/07/elle-texte-tapisserie-300x225.jpg 300w, https://jlggb.net/jlb/wp-content/uploads/2011/07/elle-texte-tapisserie-1024x768.jpg 1024w" sizes="auto, (max-width: 640px) 100vw, 640px" /></a><br />
<em>C&rsquo;est elle, c&rsquo;est bien elle !</em> Récit, diaporama sous Keynote affiché sur un écran de 24 pouces. Première présentation : exposition <em>Captures</em>, La Tapisserie, Paris, mars 2011.</p>
<p><a href="https://jlggb.net/jlb/wp-content/uploads/2011/07/ELLE-CAPTURES-libre.051.png" data-rel="lightbox-image-1" data-imagelightbox="1" data-rl_title="" data-rl_caption=""><img loading="lazy" decoding="async" class="alignnone size-full wp-image-849" title="" src="https://jlggb.net/jlb/wp-content/uploads/2011/07/ELLE-CAPTURES-libre.051.png" alt="" width="640" height="400" srcset="https://jlggb.net/jlb/wp-content/uploads/2011/07/ELLE-CAPTURES-libre.051.png 1920w, https://jlggb.net/jlb/wp-content/uploads/2011/07/ELLE-CAPTURES-libre.051-300x187.png 300w, https://jlggb.net/jlb/wp-content/uploads/2011/07/ELLE-CAPTURES-libre.051-1024x640.png 1024w, https://jlggb.net/jlb/wp-content/uploads/2011/07/ELLE-CAPTURES-libre.051-150x93.png 150w" sizes="auto, (max-width: 640px) 100vw, 640px" /></a><br />
Détail du Keynote. ©JLB</p>

<p>C&rsquo;est elle, c&rsquo;est bien elle ! Récit, diaporama sous Keynote affiché sur un écran de 24 pouces. Première présentation : exposition Captures, La Tapisserie, Paris, mars 2011. Détail du Keynote. ©JLB</p>
