{"id":645,"date":"2010-07-14T23:38:49","date_gmt":"2010-07-14T22:38:49","guid":{"rendered":"http:\/\/jlggb.net\/jlb\/?page_id=645"},"modified":"2018-12-29T23:36:20","modified_gmt":"2018-12-29T22:36:20","slug":"textes","status":"publish","type":"page","link":"https:\/\/jlggb.net\/jlb\/textes\/","title":{"rendered":"TEXTES (S\u00c9LECTION) \u00e0 compl\u00e9ter"},"content":{"rendered":"<p><em>CHOISIR DANS LA LISTE<\/em><\/p>\n","protected":false},"excerpt":{"rendered":"<p>CHOISIR DANS LA LISTE<\/p>\n","protected":false},"author":2,"featured_media":0,"parent":0,"menu_order":6,"comment_status":"closed","ping_status":"closed","template":"","meta":{"footnotes":""},"class_list":["post-645","page","type-page","status-publish","hentry"],"_links":{"self":[{"href":"https:\/\/jlggb.net\/jlb\/wp-json\/wp\/v2\/pages\/645","targetHints":{"allow":["GET"]}}],"collection":[{"href":"https:\/\/jlggb.net\/jlb\/wp-json\/wp\/v2\/pages"}],"about":[{"href":"https:\/\/jlggb.net\/jlb\/wp-json\/wp\/v2\/types\/page"}],"author":[{"embeddable":true,"href":"https:\/\/jlggb.net\/jlb\/wp-json\/wp\/v2\/users\/2"}],"replies":[{"embeddable":true,"href":"https:\/\/jlggb.net\/jlb\/wp-json\/wp\/v2\/comments?post=645"}],"version-history":[{"count":1,"href":"https:\/\/jlggb.net\/jlb\/wp-json\/wp\/v2\/pages\/645\/revisions"}],"predecessor-version":[{"id":2530,"href":"https:\/\/jlggb.net\/jlb\/wp-json\/wp\/v2\/pages\/645\/revisions\/2530"}],"wp:attachment":[{"href":"https:\/\/jlggb.net\/jlb\/wp-json\/wp\/v2\/media?parent=645"}],"curies":[{"name":"wp","href":"https:\/\/api.w.org\/{rel}","templated":true}]}}