{"id":611,"date":"2010-07-14T23:18:49","date_gmt":"2010-07-14T22:18:49","guid":{"rendered":"http:\/\/jlggb.net\/jlb\/?page_id=611"},"modified":"2017-01-20T21:33:38","modified_gmt":"2017-01-20T20:33:38","slug":"2008-version-beta","status":"publish","type":"page","link":"https:\/\/jlggb.net\/jlb\/commissariat\/2008-version-beta\/","title":{"rendered":"2008 Version B\u00eata"},"content":{"rendered":"<p>Contribution (sc\u00e9nario), Centre pour l&rsquo;image contemporaine, Gen\u00e8ve.<\/p>\n<p>(\u00c0 compl\u00e9ter)<\/p>\n","protected":false},"excerpt":{"rendered":"<p>Contribution (sc\u00e9nario), Centre pour l&rsquo;image contemporaine, Gen\u00e8ve. (\u00c0 compl\u00e9ter)<\/p>\n","protected":false},"author":2,"featured_media":0,"parent":593,"menu_order":21,"comment_status":"closed","ping_status":"closed","template":"","meta":{"footnotes":""},"class_list":["post-611","page","type-page","status-publish","hentry"],"_links":{"self":[{"href":"https:\/\/jlggb.net\/jlb\/wp-json\/wp\/v2\/pages\/611","targetHints":{"allow":["GET"]}}],"collection":[{"href":"https:\/\/jlggb.net\/jlb\/wp-json\/wp\/v2\/pages"}],"about":[{"href":"https:\/\/jlggb.net\/jlb\/wp-json\/wp\/v2\/types\/page"}],"author":[{"embeddable":true,"href":"https:\/\/jlggb.net\/jlb\/wp-json\/wp\/v2\/users\/2"}],"replies":[{"embeddable":true,"href":"https:\/\/jlggb.net\/jlb\/wp-json\/wp\/v2\/comments?post=611"}],"version-history":[{"count":1,"href":"https:\/\/jlggb.net\/jlb\/wp-json\/wp\/v2\/pages\/611\/revisions"}],"predecessor-version":[{"id":2047,"href":"https:\/\/jlggb.net\/jlb\/wp-json\/wp\/v2\/pages\/611\/revisions\/2047"}],"up":[{"embeddable":true,"href":"https:\/\/jlggb.net\/jlb\/wp-json\/wp\/v2\/pages\/593"}],"wp:attachment":[{"href":"https:\/\/jlggb.net\/jlb\/wp-json\/wp\/v2\/media?parent=611"}],"curies":[{"name":"wp","href":"https:\/\/api.w.org\/{rel}","templated":true}]}}