{"id":606,"date":"2010-07-14T23:15:39","date_gmt":"2010-07-14T22:15:39","guid":{"rendered":"http:\/\/jlggb.net\/jlb\/?page_id=606"},"modified":"2026-03-25T11:18:50","modified_gmt":"2026-03-25T10:18:50","slug":"1996-artifices-4","status":"publish","type":"page","link":"https:\/\/jlggb.net\/jlb\/commissariat\/1996-artifices-4\/","title":{"rendered":"1996 Artifices 4"},"content":{"rendered":"<p><a href=\"https:\/\/jlggb.net\/jlb\/wp-content\/uploads\/2021\/01\/artifices-4-plan-scaled.jpg\" data-rel=\"lightbox-image-0\" data-imagelightbox=\"0\" data-rl_title=\"\" data-rl_caption=\"\" title=\"\"><img loading=\"lazy\" decoding=\"async\" class=\"alignnone wp-image-2937\" src=\"https:\/\/jlggb.net\/jlb\/wp-content\/uploads\/2021\/01\/artifices-4-plan-scaled.jpg\" alt=\"\" width=\"640\" height=\"905\" srcset=\"https:\/\/jlggb.net\/jlb\/wp-content\/uploads\/2021\/01\/artifices-4-plan-scaled.jpg 1811w, https:\/\/jlggb.net\/jlb\/wp-content\/uploads\/2021\/01\/artifices-4-plan-212x300.jpg 212w, https:\/\/jlggb.net\/jlb\/wp-content\/uploads\/2021\/01\/artifices-4-plan-724x1024.jpg 724w, https:\/\/jlggb.net\/jlb\/wp-content\/uploads\/2021\/01\/artifices-4-plan-768x1086.jpg 768w, https:\/\/jlggb.net\/jlb\/wp-content\/uploads\/2021\/01\/artifices-4-plan-1087x1536.jpg 1087w, https:\/\/jlggb.net\/jlb\/wp-content\/uploads\/2021\/01\/artifices-4-plan-1449x2048.jpg 1449w, https:\/\/jlggb.net\/jlb\/wp-content\/uploads\/2021\/01\/artifices-4-plan-106x150.jpg 106w\" sizes=\"auto, (max-width: 640px) 100vw, 640px\" \/><\/a><\/p>\n<p>&nbsp;<\/p>\n<p>&nbsp;<\/p>\n<p>SITE DE LA BIENNALE ARTIFICES<\/p>\n<p>?<\/p>\n<p>&nbsp;<\/p>\n<p>G\u00c9N\u00c9RIQUE ARTIFICES 4<\/p>\n<p>Production de la ville de Saint-Denis, direction des affaires culturelles.<\/p>\n<p>Avec le soutien du minist\u00e8re de la Culture, d\u00e9l\u00e9gation aux arts plastiques,<br \/>\net du conseil g\u00e9n\u00e9ral de Seine-Saint-Denis.<\/p>\n<p>Avec le partenariat privil\u00e9gi\u00e9 d&rsquo;\u00c9lectricit\u00e9 de France.<\/p>\n<p>Avec la participation de Siemens, Siemens Nixdorf.<\/p>\n<p>Avec le concours de la Cit\u00e9 des Sciences et de l&rsquo;Industrie, du Centre culturel communal de Saint-Denis, de \u00abLa Cinqui\u00e8me, l&rsquo;Association\u00bb et de RTL 2.<\/p>\n<p>Avec l&rsquo;aide de Spie-Citra et l&rsquo;apport logistique de Tacc.<\/p>\n<p>Le Laboratoire <i>Artifices<\/i> est organis\u00e9 avec le concours de l&rsquo;Universit\u00e9 Paris 8.<\/p>\n<p>Direction artistique de la biennale <i>Artifices<\/i>: Jean-Louis Boissier.<\/p>\n<p>Comit\u00e9 de programmation d&rsquo;Artifices 4:<br \/>\nFran\u00e7oise Agez, Laboratoire hyperm\u00e9dia,<br \/>\nJean-Louis Boissier, commissariat,<br \/>\nJean-Marie Dallet, direction des r\u00e9alisations du Laboratoire,<br \/>\nAnne-Marie Duguet, commissariat,<br \/>\nMaren K\u00f6pp, Laboratoire Internet, Auditorium, Atelier,<br \/>\nLiliane Terrier, Laboratoire th\u00e9orique.<\/p>\n<p>Coordination de la manifestation: Fran\u00e7oise Agez.<br \/>\nCommunication et relations avec la presse: Heymann, Renoult associ\u00e9es.<br \/>\nAction culturelle: Arnaud Decotte, Andrea Urlberger.<br \/>\nPartenariat: V\u00e9ronique Castelain.<\/p>\n<p>Sc\u00e9nographie: B\u00e9atrice Selleron.<br \/>\nCoordination technique: Georges-Albert Kisfaludi<\/p>\n<p>R\u00e9seaux: Harold Barrault<br \/>\nHyperm\u00e9dias: Jean-No\u00ebl Lafargue.<\/p>\n<p>R\u00e9gie technique: Doroth\u00e9e Stern.<br \/>\nConstruction: ateliers municipaux de Saint-Denis.<\/p>\n<p>Conception graphique: Int\u00e9gral Ruedi Baur et associ\u00e9s, F\u00e9lix M\u00fcller.<br \/>\nCatalogue: J\u00e9r\u00f4me Glicenstein, Marjorie Micucci.<\/p>\n<p>&nbsp;<\/p>\n","protected":false},"excerpt":{"rendered":"<p>&nbsp; &nbsp; SITE DE LA BIENNALE ARTIFICES ? &nbsp; G\u00c9N\u00c9RIQUE ARTIFICES 4 Production de la ville de Saint-Denis, direction des affaires culturelles. Avec le soutien du minist\u00e8re de la Culture, d\u00e9l\u00e9gation aux arts plastiques, et du conseil g\u00e9n\u00e9ral de Seine-Saint-Denis. Avec le partenariat privil\u00e9gi\u00e9 d&rsquo;\u00c9lectricit\u00e9 de France. Avec la participation de Siemens, Siemens Nixdorf. Avec &hellip; <a href=\"https:\/\/jlggb.net\/jlb\/commissariat\/1996-artifices-4\/\" class=\"more-link\">Continuer la lecture de <span class=\"screen-reader-text\">1996 Artifices 4<\/span><\/a><\/p>\n","protected":false},"author":2,"featured_media":0,"parent":593,"menu_order":16,"comment_status":"closed","ping_status":"closed","template":"","meta":{"footnotes":""},"class_list":["post-606","page","type-page","status-publish","hentry"],"_links":{"self":[{"href":"https:\/\/jlggb.net\/jlb\/wp-json\/wp\/v2\/pages\/606","targetHints":{"allow":["GET"]}}],"collection":[{"href":"https:\/\/jlggb.net\/jlb\/wp-json\/wp\/v2\/pages"}],"about":[{"href":"https:\/\/jlggb.net\/jlb\/wp-json\/wp\/v2\/types\/page"}],"author":[{"embeddable":true,"href":"https:\/\/jlggb.net\/jlb\/wp-json\/wp\/v2\/users\/2"}],"replies":[{"embeddable":true,"href":"https:\/\/jlggb.net\/jlb\/wp-json\/wp\/v2\/comments?post=606"}],"version-history":[{"count":8,"href":"https:\/\/jlggb.net\/jlb\/wp-json\/wp\/v2\/pages\/606\/revisions"}],"predecessor-version":[{"id":3947,"href":"https:\/\/jlggb.net\/jlb\/wp-json\/wp\/v2\/pages\/606\/revisions\/3947"}],"up":[{"embeddable":true,"href":"https:\/\/jlggb.net\/jlb\/wp-json\/wp\/v2\/pages\/593"}],"wp:attachment":[{"href":"https:\/\/jlggb.net\/jlb\/wp-json\/wp\/v2\/media?parent=606"}],"curies":[{"name":"wp","href":"https:\/\/api.w.org\/{rel}","templated":true}]}}

<p><a href="https://jlggb.net/jlb/wp-content/uploads/2021/01/artifices-4-plan-scaled.jpg" data-rel="lightbox-image-0" data-imagelightbox="0" data-rl_title="" data-rl_caption="" title=""><img loading="lazy" decoding="async" class="alignnone wp-image-2937" src="https://jlggb.net/jlb/wp-content/uploads/2021/01/artifices-4-plan-scaled.jpg" alt="" width="640" height="905" srcset="https://jlggb.net/jlb/wp-content/uploads/2021/01/artifices-4-plan-scaled.jpg 1811w, https://jlggb.net/jlb/wp-content/uploads/2021/01/artifices-4-plan-212x300.jpg 212w, https://jlggb.net/jlb/wp-content/uploads/2021/01/artifices-4-plan-724x1024.jpg 724w, https://jlggb.net/jlb/wp-content/uploads/2021/01/artifices-4-plan-768x1086.jpg 768w, https://jlggb.net/jlb/wp-content/uploads/2021/01/artifices-4-plan-1087x1536.jpg 1087w, https://jlggb.net/jlb/wp-content/uploads/2021/01/artifices-4-plan-1449x2048.jpg 1449w, https://jlggb.net/jlb/wp-content/uploads/2021/01/artifices-4-plan-106x150.jpg 106w" sizes="auto, (max-width: 640px) 100vw, 640px" /></a></p>
<p>&nbsp;</p>
<p>&nbsp;</p>
<p>SITE DE LA BIENNALE ARTIFICES</p>
<p>?</p>
<p>&nbsp;</p>
<p>GÉNÉRIQUE ARTIFICES 4</p>
<p>Production de la ville de Saint-Denis, direction des affaires culturelles.</p>
<p>Avec le soutien du ministère de la Culture, délégation aux arts plastiques,<br />
et du conseil général de Seine-Saint-Denis.</p>
<p>Avec le partenariat privilégié d&rsquo;Électricité de France.</p>
<p>Avec la participation de Siemens, Siemens Nixdorf.</p>
<p>Avec le concours de la Cité des Sciences et de l&rsquo;Industrie, du Centre culturel communal de Saint-Denis, de «La Cinquième, l&rsquo;Association» et de RTL 2.</p>
<p>Avec l&rsquo;aide de Spie-Citra et l&rsquo;apport logistique de Tacc.</p>
<p>Le Laboratoire <i>Artifices</i> est organisé avec le concours de l&rsquo;Université Paris 8.</p>
<p>Direction artistique de la biennale <i>Artifices</i>: Jean-Louis Boissier.</p>
<p>Comité de programmation d&rsquo;Artifices 4:<br />
Françoise Agez, Laboratoire hypermédia,<br />
Jean-Louis Boissier, commissariat,<br />
Jean-Marie Dallet, direction des réalisations du Laboratoire,<br />
Anne-Marie Duguet, commissariat,<br />
Maren Köpp, Laboratoire Internet, Auditorium, Atelier,<br />
Liliane Terrier, Laboratoire théorique.</p>
<p>Coordination de la manifestation: Françoise Agez.<br />
Communication et relations avec la presse: Heymann, Renoult associées.<br />
Action culturelle: Arnaud Decotte, Andrea Urlberger.<br />
Partenariat: Véronique Castelain.</p>
<p>Scénographie: Béatrice Selleron.<br />
Coordination technique: Georges-Albert Kisfaludi</p>
<p>Réseaux: Harold Barrault<br />
Hypermédias: Jean-Noël Lafargue.</p>
<p>Régie technique: Dorothée Stern.<br />
Construction: ateliers municipaux de Saint-Denis.</p>
<p>Conception graphique: Intégral Ruedi Baur et associés, Félix Müller.<br />
Catalogue: Jérôme Glicenstein, Marjorie Micucci.</p>
<p>&nbsp;</p>

<p>&nbsp; &nbsp; SITE DE LA BIENNALE ARTIFICES ? &nbsp; GÉNÉRIQUE ARTIFICES 4 Production de la ville de Saint-Denis, direction des affaires culturelles. Avec le soutien du ministère de la Culture, délégation aux arts plastiques, et du conseil général de Seine-Saint-Denis. Avec le partenariat privilégié d&rsquo;Électricité de France. Avec la participation de Siemens, Siemens Nixdorf. Avec &hellip; <a href="https://jlggb.net/jlb/commissariat/1996-artifices-4/" class="more-link">Continuer la lecture de <span class="screen-reader-text">1996 Artifices 4</span></a></p>
