{"id":595,"date":"2010-07-14T23:08:16","date_gmt":"2010-07-14T22:08:16","guid":{"rendered":"http:\/\/jlggb.net\/jlb\/?page_id=595"},"modified":"2024-02-22T22:17:11","modified_gmt":"2024-02-22T21:17:11","slug":"1975-images-du-peuple-chinois","status":"publish","type":"page","link":"https:\/\/jlggb.net\/jlb\/commissariat\/1975-images-du-peuple-chinois\/","title":{"rendered":"1975 Images du peuple chinois"},"content":{"rendered":"<p>Documentation.<br \/>\nMus\u00e9e d&rsquo;art moderne de la Ville de Paris, ARC. \u00c0 l&rsquo;invitation de Suzanne Pag\u00e9, directrice de l&rsquo;ARC.<br \/>\nUn ensemble d&rsquo;affiches de propagande et de formation, d&rsquo;estampes populaires, de timbres, de jouets.<\/p>\n","protected":false},"excerpt":{"rendered":"<p>Documentation. Mus\u00e9e d&rsquo;art moderne de la Ville de Paris, ARC. \u00c0 l&rsquo;invitation de Suzanne Pag\u00e9, directrice de l&rsquo;ARC. Un ensemble d&rsquo;affiches de propagande et de formation, d&rsquo;estampes populaires, de timbres, de jouets.<\/p>\n","protected":false},"author":2,"featured_media":0,"parent":593,"menu_order":10,"comment_status":"closed","ping_status":"closed","template":"","meta":{"footnotes":""},"class_list":["post-595","page","type-page","status-publish","hentry"],"_links":{"self":[{"href":"https:\/\/jlggb.net\/jlb\/wp-json\/wp\/v2\/pages\/595","targetHints":{"allow":["GET"]}}],"collection":[{"href":"https:\/\/jlggb.net\/jlb\/wp-json\/wp\/v2\/pages"}],"about":[{"href":"https:\/\/jlggb.net\/jlb\/wp-json\/wp\/v2\/types\/page"}],"author":[{"embeddable":true,"href":"https:\/\/jlggb.net\/jlb\/wp-json\/wp\/v2\/users\/2"}],"replies":[{"embeddable":true,"href":"https:\/\/jlggb.net\/jlb\/wp-json\/wp\/v2\/comments?post=595"}],"version-history":[{"count":5,"href":"https:\/\/jlggb.net\/jlb\/wp-json\/wp\/v2\/pages\/595\/revisions"}],"predecessor-version":[{"id":3333,"href":"https:\/\/jlggb.net\/jlb\/wp-json\/wp\/v2\/pages\/595\/revisions\/3333"}],"up":[{"embeddable":true,"href":"https:\/\/jlggb.net\/jlb\/wp-json\/wp\/v2\/pages\/593"}],"wp:attachment":[{"href":"https:\/\/jlggb.net\/jlb\/wp-json\/wp\/v2\/media?parent=595"}],"curies":[{"name":"wp","href":"https:\/\/api.w.org\/{rel}","templated":true}]}}