{"id":3817,"date":"2025-12-16T00:53:08","date_gmt":"2025-12-15T23:53:08","guid":{"rendered":"https:\/\/jlggb.net\/jlb\/?page_id=3817"},"modified":"2026-01-14T20:44:57","modified_gmt":"2026-01-14T19:44:57","slug":"1965-1968-photographe-de-theatre","status":"publish","type":"page","link":"https:\/\/jlggb.net\/jlb\/curiculum-vit%c3%a6\/1965-1968-photographe-de-theatre\/","title":{"rendered":"1965-1968 Photographe de th\u00e9\u00e2tre"},"content":{"rendered":"<p><em>\u00c0 documenter<\/em><\/p>\n<p>Comme photographe attitr\u00e9 de la Com\u00e9die des Alpes, Grenoble (1966-1968), accr\u00e9ditation au Festival d&rsquo;Avignon en 1966, 1967 et 1968.<\/p>\n<p><a href=\"http:\/\/jlggb.net\/blog5\/wp-content\/uploads\/2017\/07\/bejart-mpltp-01-1967-\u00a9jlggb.jpg\" data-rel=\"lightbox-image-0\" data-imagelightbox=\"0\" data-rl_title=\"\" data-rl_caption=\"\" title=\"\"><img loading=\"lazy\" decoding=\"async\" class=\"alignnone size-full wp-image-2278\" src=\"http:\/\/jlggb.net\/blog5\/wp-content\/uploads\/2017\/07\/bejart-mpltp-01-1967-\u00a9jlggb.jpg\" alt=\"\" width=\"640\" height=\"426\" \/><\/a><br \/>\n<a href=\"http:\/\/jlggb.net\/blog5\/wp-content\/uploads\/2017\/07\/bejart-mpltp-pb-03-1967-\u00a9jlggb.jpg\" data-rel=\"lightbox-image-1\" data-imagelightbox=\"1\" data-rl_title=\"\" data-rl_caption=\"\" title=\"\"><img loading=\"lazy\" decoding=\"async\" class=\"alignnone size-full wp-image-2281\" src=\"http:\/\/jlggb.net\/blog5\/wp-content\/uploads\/2017\/07\/bejart-mpltp-pb-03-1967-\u00a9jlggb.jpg\" alt=\"\" width=\"640\" height=\"426\" \/><\/a><br \/>\n<a href=\"http:\/\/jlggb.net\/blog5\/wp-content\/uploads\/2017\/07\/bejart-mpltp-jd-02-1967-\u00a9jlggb.jpg\" data-rel=\"lightbox-image-2\" data-imagelightbox=\"2\" data-rl_title=\"\" data-rl_caption=\"\" title=\"\"><img loading=\"lazy\" decoding=\"async\" class=\"alignnone size-full wp-image-2280\" src=\"http:\/\/jlggb.net\/blog5\/wp-content\/uploads\/2017\/07\/bejart-mpltp-jd-02-1967-\u00a9jlggb.jpg\" alt=\"\" width=\"640\" height=\"426\" \/><\/a><\/p>\n<p>Ballet du XXe Si\u00e8cle, Maurice B\u00e9jart, premi\u00e8re de <em>Messe pour le temps pr\u00e9sent<\/em>, Festival d&rsquo;Avignon, 3 ao\u00fbt 1967. Photos \u00a9JLggB in\u00e9dites. On reconna\u00eet le tableau qui fera la pochette du disque de Pierre Henry. <\/p>\n<p>1968, Th\u00e9\u00e2tre de recherche Les Drapiers, Strasbourg<\/p>\n<p><a href=\"https:\/\/jlggb.net\/jlb\/wp-content\/uploads\/2025\/12\/DNA_LesDrapiers_Essais_1968-scaled.jpg\" data-rel=\"lightbox-image-3\" data-imagelightbox=\"3\" data-rl_title=\"\" data-rl_caption=\"\" title=\"\"><img loading=\"lazy\" decoding=\"async\" class=\"alignnone size-full wp-image-3846\" src=\"https:\/\/jlggb.net\/jlb\/wp-content\/uploads\/2025\/12\/DNA_LesDrapiers_Essais_1968-scaled.jpg\" alt=\"\" width=\"2560\" height=\"1690\" srcset=\"https:\/\/jlggb.net\/jlb\/wp-content\/uploads\/2025\/12\/DNA_LesDrapiers_Essais_1968-scaled.jpg 2560w, https:\/\/jlggb.net\/jlb\/wp-content\/uploads\/2025\/12\/DNA_LesDrapiers_Essais_1968-300x198.jpg 300w, https:\/\/jlggb.net\/jlb\/wp-content\/uploads\/2025\/12\/DNA_LesDrapiers_Essais_1968-1024x676.jpg 1024w, https:\/\/jlggb.net\/jlb\/wp-content\/uploads\/2025\/12\/DNA_LesDrapiers_Essais_1968-768x507.jpg 768w, https:\/\/jlggb.net\/jlb\/wp-content\/uploads\/2025\/12\/DNA_LesDrapiers_Essais_1968-1536x1014.jpg 1536w, https:\/\/jlggb.net\/jlb\/wp-content\/uploads\/2025\/12\/DNA_LesDrapiers_Essais_1968-2048x1352.jpg 2048w\" sizes=\"auto, (max-width: 2560px) 100vw, 2560px\" \/><\/a><\/p>\n<p><em>Les Derni\u00e8res Nouvelles d&rsquo;Alsace<\/em>, 21 octobre 1968. Raymond Cloutier, Jean-Louis Boucher, (Michel Bonillo), Jean Hutin, Gaston Jung, G\u00e9rard Chaillou, Ren\u00e9-Marie F\u00e9ret, Robert Girones. Photo Jean-Louis Boissier.<\/p>\n","protected":false},"excerpt":{"rendered":"<p>\u00c0 documenter Comme photographe attitr\u00e9 de la Com\u00e9die des Alpes, Grenoble (1966-1968), accr\u00e9ditation au Festival d&rsquo;Avignon en 1966, 1967 et 1968. Ballet du XXe Si\u00e8cle, Maurice B\u00e9jart, premi\u00e8re de Messe pour le temps pr\u00e9sent, Festival d&rsquo;Avignon, 3 ao\u00fbt 1967. Photos \u00a9JLggB in\u00e9dites. On reconna\u00eet le tableau qui fera la pochette du disque de Pierre Henry. &hellip; <a href=\"https:\/\/jlggb.net\/jlb\/curiculum-vit%c3%a6\/1965-1968-photographe-de-theatre\/\" class=\"more-link\">Continuer la lecture de <span class=\"screen-reader-text\">1965-1968 Photographe de th\u00e9\u00e2tre<\/span><\/a><\/p>\n","protected":false},"author":2,"featured_media":0,"parent":558,"menu_order":0,"comment_status":"closed","ping_status":"closed","template":"","meta":{"footnotes":""},"class_list":["post-3817","page","type-page","status-publish","hentry"],"_links":{"self":[{"href":"https:\/\/jlggb.net\/jlb\/wp-json\/wp\/v2\/pages\/3817","targetHints":{"allow":["GET"]}}],"collection":[{"href":"https:\/\/jlggb.net\/jlb\/wp-json\/wp\/v2\/pages"}],"about":[{"href":"https:\/\/jlggb.net\/jlb\/wp-json\/wp\/v2\/types\/page"}],"author":[{"embeddable":true,"href":"https:\/\/jlggb.net\/jlb\/wp-json\/wp\/v2\/users\/2"}],"replies":[{"embeddable":true,"href":"https:\/\/jlggb.net\/jlb\/wp-json\/wp\/v2\/comments?post=3817"}],"version-history":[{"count":13,"href":"https:\/\/jlggb.net\/jlb\/wp-json\/wp\/v2\/pages\/3817\/revisions"}],"predecessor-version":[{"id":3866,"href":"https:\/\/jlggb.net\/jlb\/wp-json\/wp\/v2\/pages\/3817\/revisions\/3866"}],"up":[{"embeddable":true,"href":"https:\/\/jlggb.net\/jlb\/wp-json\/wp\/v2\/pages\/558"}],"wp:attachment":[{"href":"https:\/\/jlggb.net\/jlb\/wp-json\/wp\/v2\/media?parent=3817"}],"curies":[{"name":"wp","href":"https:\/\/api.w.org\/{rel}","templated":true}]}}

1965-1968 Photographe de théâtre

<p><em>À documenter</em></p>
<p>Comme photographe attitré de la Comédie des Alpes, Grenoble (1966-1968), accréditation au Festival d&rsquo;Avignon en 1966, 1967 et 1968.</p>
<p><a href="http://jlggb.net/blog5/wp-content/uploads/2017/07/bejart-mpltp-01-1967-©jlggb.jpg" data-rel="lightbox-image-0" data-imagelightbox="0" data-rl_title="" data-rl_caption="" title=""><img loading="lazy" decoding="async" class="alignnone size-full wp-image-2278" src="http://jlggb.net/blog5/wp-content/uploads/2017/07/bejart-mpltp-01-1967-©jlggb.jpg" alt="" width="640" height="426" /></a><br />
<a href="http://jlggb.net/blog5/wp-content/uploads/2017/07/bejart-mpltp-pb-03-1967-©jlggb.jpg" data-rel="lightbox-image-1" data-imagelightbox="1" data-rl_title="" data-rl_caption="" title=""><img loading="lazy" decoding="async" class="alignnone size-full wp-image-2281" src="http://jlggb.net/blog5/wp-content/uploads/2017/07/bejart-mpltp-pb-03-1967-©jlggb.jpg" alt="" width="640" height="426" /></a><br />
<a href="http://jlggb.net/blog5/wp-content/uploads/2017/07/bejart-mpltp-jd-02-1967-©jlggb.jpg" data-rel="lightbox-image-2" data-imagelightbox="2" data-rl_title="" data-rl_caption="" title=""><img loading="lazy" decoding="async" class="alignnone size-full wp-image-2280" src="http://jlggb.net/blog5/wp-content/uploads/2017/07/bejart-mpltp-jd-02-1967-©jlggb.jpg" alt="" width="640" height="426" /></a></p>
<p>Ballet du XXe Siècle, Maurice Béjart, première de <em>Messe pour le temps présent</em>, Festival d&rsquo;Avignon, 3 août 1967. Photos ©JLggB inédites. On reconnaît le tableau qui fera la pochette du disque de Pierre Henry. </p>
<p>1968, Théâtre de recherche Les Drapiers, Strasbourg</p>
<p><a href="https://jlggb.net/jlb/wp-content/uploads/2025/12/DNA_LesDrapiers_Essais_1968-scaled.jpg" data-rel="lightbox-image-3" data-imagelightbox="3" data-rl_title="" data-rl_caption="" title=""><img loading="lazy" decoding="async" class="alignnone size-full wp-image-3846" src="https://jlggb.net/jlb/wp-content/uploads/2025/12/DNA_LesDrapiers_Essais_1968-scaled.jpg" alt="" width="2560" height="1690" srcset="https://jlggb.net/jlb/wp-content/uploads/2025/12/DNA_LesDrapiers_Essais_1968-scaled.jpg 2560w, https://jlggb.net/jlb/wp-content/uploads/2025/12/DNA_LesDrapiers_Essais_1968-300x198.jpg 300w, https://jlggb.net/jlb/wp-content/uploads/2025/12/DNA_LesDrapiers_Essais_1968-1024x676.jpg 1024w, https://jlggb.net/jlb/wp-content/uploads/2025/12/DNA_LesDrapiers_Essais_1968-768x507.jpg 768w, https://jlggb.net/jlb/wp-content/uploads/2025/12/DNA_LesDrapiers_Essais_1968-1536x1014.jpg 1536w, https://jlggb.net/jlb/wp-content/uploads/2025/12/DNA_LesDrapiers_Essais_1968-2048x1352.jpg 2048w" sizes="auto, (max-width: 2560px) 100vw, 2560px" /></a></p>
<p><em>Les Dernières Nouvelles d&rsquo;Alsace</em>, 21 octobre 1968. Raymond Cloutier, Jean-Louis Boucher, (Michel Bonillo), Jean Hutin, Gaston Jung, Gérard Chaillou, René-Marie Féret, Robert Girones. Photo Jean-Louis Boissier.</p>

<p>À documenter Comme photographe attitré de la Comédie des Alpes, Grenoble (1966-1968), accréditation au Festival d&rsquo;Avignon en 1966, 1967 et 1968. Ballet du XXe Siècle, Maurice Béjart, première de Messe pour le temps présent, Festival d&rsquo;Avignon, 3 août 1967. Photos ©JLggB inédites. On reconnaît le tableau qui fera la pochette du disque de Pierre Henry. &hellip; <a href="https://jlggb.net/jlb/curiculum-vit%c3%a6/1965-1968-photographe-de-theatre/" class="more-link">Continuer la lecture de <span class="screen-reader-text">1965-1968 Photographe de théâtre</span></a></p>
