{"id":3768,"date":"2025-10-11T23:24:00","date_gmt":"2025-10-11T21:24:00","guid":{"rendered":"https:\/\/jlggb.net\/jlb\/?page_id=3768"},"modified":"2025-10-11T23:26:57","modified_gmt":"2025-10-11T21:26:57","slug":"2000-le-recit-interactif","status":"publish","type":"page","link":"https:\/\/jlggb.net\/jlb\/communications\/2000-le-recit-interactif\/","title":{"rendered":"2000 Le r\u00e9cit interactif"},"content":{"rendered":"<p>FORUM<br \/>\nLe r\u00e9cit interactif<br \/>\nMercredi 6 d\u00e9cembre 2000, ENSAD, 31, rue d&rsquo;Ulm, 75005 Paris<\/p>\n<p>L&rsquo;interactivit\u00e9 est le trait commun des divers objets du multim\u00e9dia (les<br \/>\nr\u00e9seaux, les CD-ROM, les installations, les jeux&#8230;) d&rsquo;o\u00f9 \u00e9mergent de<br \/>\nnouvelles figures, proc\u00e9dures et \u00e9conomies du r\u00e9cit.<br \/>\nLa question du r\u00e9cit interactif rassemble des disciplines ordinairement<br \/>\ndistinctes, non seulement la litt\u00e9rature, le cin\u00e9ma et les installations<br \/>\nartistiques, mais aussi le graphisme, le design, la sc\u00e9nographie, ou encore<br \/>\nl&rsquo;information et les jeux.<br \/>\nIl s&rsquo;agit alors de cerner ce qui, dans la relation interactive elle-m\u00eame,<br \/>\nfonde une nouvelle forme du r\u00e9cit.<\/p>\n<p>Le texte des interventions et des d\u00e9bats sera publi\u00e9 en ligne ici-m\u00eame.<\/p>\n<p>TABLE RONDE<br \/>\nMercredi 6 d\u00e9cembre,<br \/>\nde 14h30 \u00e0 17h<\/p>\n<p>Le r\u00e9cit interactif: langage et \u00e9critures<\/p>\n<p>Mod\u00e9rateur:<br \/>\nJacques MORIZOT<br \/>\nMa\u00eetre de conf\u00e9rences \u00e0 l&rsquo;Universit\u00e9 Paris 8<br \/>\nDernier ouvrage paru: Sur le probl\u00e8me de Borges, Kim\u00e9, 1999<\/p>\n<p>Jean-Pierre BALPE<br \/>\n\u00c9crivain, professeur \u00e0 l&rsquo;Universit\u00e9 Paris 8<br \/>\nDernier ouvrage paru: Contextes de l&rsquo;art num\u00e9rique, Hermes, 2000<br \/>\n\u00a0\u00bb R\u00e9cit et g\u00e9n\u00e9rativit\u00e9 \u00a0\u00bb<\/p>\n<p>Anne CAUQUELIN<br \/>\nProfesseur des universit\u00e9s<br \/>\nDernier ouvrage paru: L&rsquo;art du Lieu commun, Seuil, 1999<br \/>\n\u00a0\u00bb Notes et bas de pages \u00a0\u00bb<\/p>\n<p>Georges LEGRADY<br \/>\nArtiste, professeur, University<br \/>\nof California, Santa Barbara<br \/>\nProjet en cours: Des souvenirs pleins les poches<br \/>\n\u00a0\u00bb L&rsquo;installation d&rsquo;une collection \u00a0\u00bb<\/p>\n<p>Fran\u00e7ois SOULAGES<br \/>\nProfesseur \u00e0 l&rsquo;Universit\u00e9 Paris 8<br \/>\nDernier ouvrage paru: Esth\u00e9tique de la photographie, Nathan, 1998<br \/>\n\u00a0\u00bb La question du transfert \u00a0\u00bb<\/p>\n<p>Liliane TERRIER<br \/>\nMa\u00eetre de conf\u00e9rences \u00e0 l&rsquo;Universit\u00e9 Paris 8<br \/>\n\u00a0\u00bb Le mod\u00e8le \u00dcbersicht \u00a0\u00bb<\/p>\n<p>TABLE RONDE<br \/>\nMercredi 6 d\u00e9cembre,<br \/>\nde 18h \u00e0 20h30<\/p>\n<p>Le r\u00e9cit interactif: image et dispositifs<\/p>\n<p>Mod\u00e9ratrice:<br \/>\nMaren K\u00d6PP<br \/>\nMa\u00eetre de conf\u00e9rences \u00e0 l&rsquo;Universit\u00e9 Paris 8<\/p>\n<p>Raymond BELLOUR<br \/>\nDirecteur de recherches au CNRS<br \/>\nDernier ouvrage paru: L&rsquo;Entre-Images II, POL, 1999<br \/>\n\u00a0\u00bb Smoking \/ No Smoking \u00a0\u00bb<\/p>\n<p>Jean-Louis BOISSIER<br \/>\nProfesseur \u00e0 l&rsquo;Universit\u00e9 Paris 8 et \u00e0 l&rsquo;ENSAD<br \/>\nAuteur du CD-ROM Moments de Jean-Jacques Rousseau, Gallimard, 2000<br \/>\n\u00a0\u00bb L&rsquo;image-relation \u00a0\u00bb<\/p>\n<p>Anne-Marie DUGUET<br \/>\nProfesseur \u00e0 l&rsquo;Universit\u00e9 de Paris 1<br \/>\nDirectrice de la collection de CD-ROM \u00a0\u00bb Anarchive \u00ab\u00a0, co-auteur du n\u00b01:<br \/>\nMuntadas. Media Architecture Installations, 1999<br \/>\n\u00a0\u00bb Anarchive: raisonner le d\u00e9sordre \u00a0\u00bb<\/p>\n<p>Timothy MURRAY<br \/>\nDirector of Graduate Studies in Film and Video, Cornell University<br \/>\n\u00a0\u00bb R\u00e9cit et m\u00e9moire \u00a0\u00bb<\/p>\n<p>Grahame WEINBREN<br \/>\nCin\u00e9aste, auteur d&rsquo;installations interactives, \u00e9diteur du Millennium Film<br \/>\nJournal, School of Visual Arts, New York<br \/>\n\u00a0\u00bb Frames and Tunnels: Some Grammars for Interactive Narrative \u00a0\u00bb<\/p>\n<p>Organisation:<br \/>\nARi (Atelier de Recherches interactives, \u00c9cole Nationale Sup\u00e9rieure des Arts D\u00e9coratifs)<br \/>\nlabEi (laboratoire Esth\u00e9tique de l&rsquo;interactivit\u00e9, Universit\u00e9 Paris 8 &#8211; UFR<br \/>\nARTS)<br \/>\nAvec le concours du CIREN (Centre Interdisciplinaire de Recherche sur l&rsquo; Esth\u00e9tique Num\u00e9rique, Universit\u00e9 Paris 8, avec le soutien du Minist\u00e8re de la<br \/>\nCulture).<\/p>\n<p>Coordination:<br \/>\nJean-Louis BOISSIER<br \/>\nJean-Fran\u00e7ois DEPELSENAIRE<br \/>\nMaren K\u00d6PP<br \/>\nLiliane TERRIER<\/p>\n","protected":false},"excerpt":{"rendered":"<p>FORUM Le r\u00e9cit interactif Mercredi 6 d\u00e9cembre 2000, ENSAD, 31, rue d&rsquo;Ulm, 75005 Paris L&rsquo;interactivit\u00e9 est le trait commun des divers objets du multim\u00e9dia (les r\u00e9seaux, les CD-ROM, les installations, les jeux&#8230;) d&rsquo;o\u00f9 \u00e9mergent de nouvelles figures, proc\u00e9dures et \u00e9conomies du r\u00e9cit. La question du r\u00e9cit interactif rassemble des disciplines ordinairement distinctes, non seulement la &hellip; <a href=\"https:\/\/jlggb.net\/jlb\/communications\/2000-le-recit-interactif\/\" class=\"more-link\">Continuer la lecture de <span class=\"screen-reader-text\">2000 Le r\u00e9cit interactif<\/span><\/a><\/p>\n","protected":false},"author":2,"featured_media":0,"parent":3268,"menu_order":0,"comment_status":"closed","ping_status":"closed","template":"","meta":{"footnotes":""},"class_list":["post-3768","page","type-page","status-publish","hentry"],"_links":{"self":[{"href":"https:\/\/jlggb.net\/jlb\/wp-json\/wp\/v2\/pages\/3768","targetHints":{"allow":["GET"]}}],"collection":[{"href":"https:\/\/jlggb.net\/jlb\/wp-json\/wp\/v2\/pages"}],"about":[{"href":"https:\/\/jlggb.net\/jlb\/wp-json\/wp\/v2\/types\/page"}],"author":[{"embeddable":true,"href":"https:\/\/jlggb.net\/jlb\/wp-json\/wp\/v2\/users\/2"}],"replies":[{"embeddable":true,"href":"https:\/\/jlggb.net\/jlb\/wp-json\/wp\/v2\/comments?post=3768"}],"version-history":[{"count":2,"href":"https:\/\/jlggb.net\/jlb\/wp-json\/wp\/v2\/pages\/3768\/revisions"}],"predecessor-version":[{"id":3770,"href":"https:\/\/jlggb.net\/jlb\/wp-json\/wp\/v2\/pages\/3768\/revisions\/3770"}],"up":[{"embeddable":true,"href":"https:\/\/jlggb.net\/jlb\/wp-json\/wp\/v2\/pages\/3268"}],"wp:attachment":[{"href":"https:\/\/jlggb.net\/jlb\/wp-json\/wp\/v2\/media?parent=3768"}],"curies":[{"name":"wp","href":"https:\/\/api.w.org\/{rel}","templated":true}]}}