{"id":3616,"date":"2025-06-12T00:36:26","date_gmt":"2025-06-11T22:36:26","guid":{"rendered":"https:\/\/jlggb.net\/jlb\/?page_id=3616"},"modified":"2025-06-12T00:38:17","modified_gmt":"2025-06-11T22:38:17","slug":"2023-2024-le-bus-reconstitution","status":"publish","type":"page","link":"https:\/\/jlggb.net\/jlb\/travaux\/2023-2024-le-bus-reconstitution\/","title":{"rendered":"2023-2024 Le Bus reconstitution"},"content":{"rendered":"<h3>2023<\/h3>\n<p><a href=\"http:\/\/jlggb.net\/blog8\/wp-content\/uploads\/2023\/07\/LeBus_immateriaux_-1985_jlb_full-scaled.jpg\" data-rel=\"lightbox-image-0\" data-imagelightbox=\"0\" data-rl_title=\"\" data-rl_caption=\"\" title=\"\"><img loading=\"lazy\" decoding=\"async\" class=\"alignnone size-full wp-image-2644\" src=\"http:\/\/jlggb.net\/blog8\/wp-content\/uploads\/2023\/07\/LeBus_immateriaux_-1985_jlb_full-scaled.jpg\" alt=\"\" width=\"640\" height=\"480\" \/><\/a><br \/>\n<a href=\"http:\/\/jlggb.net\/blog8\/wp-content\/uploads\/2023\/07\/LeBus_new_20230706_full-scaled.jpg\" data-rel=\"lightbox-image-1\" data-imagelightbox=\"1\" data-rl_title=\"\" data-rl_caption=\"\" title=\"\"><img loading=\"lazy\" decoding=\"async\" class=\"alignnone size-full wp-image-2645\" src=\"http:\/\/jlggb.net\/blog8\/wp-content\/uploads\/2023\/07\/LeBus_new_20230706_full-scaled.jpg\" alt=\"\" width=\"640\" height=\"480\" \/><\/a><br \/>\nMercredi 5 juillet 2023, 18h. Exposition <em>\u00ab Les Immat\u00e9riaux \u00bb Aper\u00e7us d&rsquo;une manifestation postmoderne <\/em>, Espace des Collections film, vid\u00e9o, son et \u0153uvres num\u00e9riques, Mus\u00e9e, niveau 4, Centre Pompidou. Reconstitution de l\u2019installation vid\u00e9o interactive <em>Le Bus ou l\u2019Exercice de la d\u00e9couverte<\/em> de l&rsquo;exposition <em>Les Immat\u00e9riaux<\/em>, 1985, incluant une vitrine de documents, y compris le vid\u00e9odisque (laserdisc) et le floppy disk d&rsquo;origine. Photo de la version de 1985, Centre Pompidou.<\/p>\n<h3>2024<\/h3>\n<p><a href=\"https:\/\/jlggb.net\/blog9\/wp-content\/uploads\/2024\/06\/leBus_installation_pompidou_2024-scaled.jpg\" data-rel=\"lightbox-image-2\" data-imagelightbox=\"2\" data-rl_title=\"\" data-rl_caption=\"\" title=\"\"><img loading=\"lazy\" decoding=\"async\" class=\"alignnone size-full wp-image-1160\" src=\"https:\/\/jlggb.net\/blog9\/wp-content\/uploads\/2024\/06\/leBus_installation_pompidou_2024-scaled.jpg\" alt=\"\" width=\"2560\" height=\"2560\" \/><\/a><br \/>\n<em>Le Bus<\/em> a 40 ans. Le 25 juin 1984, sur un trajet invent\u00e9 qui va de Saint-Denis \u00e0 Stains, en passant par Pierrefitte, un travelling de 10 minutes, aller et retour, est enregistr\u00e9, pour conduire aux portraits photographiques de 120 \u00eatres vivants, selon l&rsquo;\u00ab\u00a0ARR\u00caT DEMAND\u00c9 \u00bb. Cette installation pour l&rsquo;exposition \u00ab\u00a0Les Immat\u00e9riaux\u00a0\u00bb, <em>Le Bus ou l&rsquo;Exercice de la d\u00e9couverte<\/em>, fond\u00e9e sur un vid\u00e9odisque, a aujourd&rsquo;hui, dans une forme reconstitu\u00e9e, rejoint les collections du Mus\u00e9e national d&rsquo;art moderne \u2014 Centre Pompidou.<\/p>\n","protected":false},"excerpt":{"rendered":"<p>2023 Mercredi 5 juillet 2023, 18h. Exposition \u00ab Les Immat\u00e9riaux \u00bb Aper\u00e7us d&rsquo;une manifestation postmoderne , Espace des Collections film, vid\u00e9o, son et \u0153uvres num\u00e9riques, Mus\u00e9e, niveau 4, Centre Pompidou. Reconstitution de l\u2019installation vid\u00e9o interactive Le Bus ou l\u2019Exercice de la d\u00e9couverte de l&rsquo;exposition Les Immat\u00e9riaux, 1985, incluant une vitrine de documents, y compris le &hellip; <a href=\"https:\/\/jlggb.net\/jlb\/travaux\/2023-2024-le-bus-reconstitution\/\" class=\"more-link\">Continuer la lecture de <span class=\"screen-reader-text\">2023-2024 Le Bus reconstitution<\/span><\/a><\/p>\n","protected":false},"author":2,"featured_media":0,"parent":556,"menu_order":0,"comment_status":"closed","ping_status":"closed","template":"","meta":{"footnotes":""},"class_list":["post-3616","page","type-page","status-publish","hentry"],"_links":{"self":[{"href":"https:\/\/jlggb.net\/jlb\/wp-json\/wp\/v2\/pages\/3616","targetHints":{"allow":["GET"]}}],"collection":[{"href":"https:\/\/jlggb.net\/jlb\/wp-json\/wp\/v2\/pages"}],"about":[{"href":"https:\/\/jlggb.net\/jlb\/wp-json\/wp\/v2\/types\/page"}],"author":[{"embeddable":true,"href":"https:\/\/jlggb.net\/jlb\/wp-json\/wp\/v2\/users\/2"}],"replies":[{"embeddable":true,"href":"https:\/\/jlggb.net\/jlb\/wp-json\/wp\/v2\/comments?post=3616"}],"version-history":[{"count":3,"href":"https:\/\/jlggb.net\/jlb\/wp-json\/wp\/v2\/pages\/3616\/revisions"}],"predecessor-version":[{"id":3619,"href":"https:\/\/jlggb.net\/jlb\/wp-json\/wp\/v2\/pages\/3616\/revisions\/3619"}],"up":[{"embeddable":true,"href":"https:\/\/jlggb.net\/jlb\/wp-json\/wp\/v2\/pages\/556"}],"wp:attachment":[{"href":"https:\/\/jlggb.net\/jlb\/wp-json\/wp\/v2\/media?parent=3616"}],"curies":[{"name":"wp","href":"https:\/\/api.w.org\/{rel}","templated":true}]}}

<h3>2023</h3>
<p><a href="http://jlggb.net/blog8/wp-content/uploads/2023/07/LeBus_immateriaux_-1985_jlb_full-scaled.jpg" data-rel="lightbox-image-0" data-imagelightbox="0" data-rl_title="" data-rl_caption="" title=""><img loading="lazy" decoding="async" class="alignnone size-full wp-image-2644" src="http://jlggb.net/blog8/wp-content/uploads/2023/07/LeBus_immateriaux_-1985_jlb_full-scaled.jpg" alt="" width="640" height="480" /></a><br />
<a href="http://jlggb.net/blog8/wp-content/uploads/2023/07/LeBus_new_20230706_full-scaled.jpg" data-rel="lightbox-image-1" data-imagelightbox="1" data-rl_title="" data-rl_caption="" title=""><img loading="lazy" decoding="async" class="alignnone size-full wp-image-2645" src="http://jlggb.net/blog8/wp-content/uploads/2023/07/LeBus_new_20230706_full-scaled.jpg" alt="" width="640" height="480" /></a><br />
Mercredi 5 juillet 2023, 18h. Exposition <em>« Les Immatériaux » Aperçus d&rsquo;une manifestation postmoderne </em>, Espace des Collections film, vidéo, son et œuvres numériques, Musée, niveau 4, Centre Pompidou. Reconstitution de l’installation vidéo interactive <em>Le Bus ou l’Exercice de la découverte</em> de l&rsquo;exposition <em>Les Immatériaux</em>, 1985, incluant une vitrine de documents, y compris le vidéodisque (laserdisc) et le floppy disk d&rsquo;origine. Photo de la version de 1985, Centre Pompidou.</p>
<h3>2024</h3>
<p><a href="https://jlggb.net/blog9/wp-content/uploads/2024/06/leBus_installation_pompidou_2024-scaled.jpg" data-rel="lightbox-image-2" data-imagelightbox="2" data-rl_title="" data-rl_caption="" title=""><img loading="lazy" decoding="async" class="alignnone size-full wp-image-1160" src="https://jlggb.net/blog9/wp-content/uploads/2024/06/leBus_installation_pompidou_2024-scaled.jpg" alt="" width="2560" height="2560" /></a><br />
<em>Le Bus</em> a 40 ans. Le 25 juin 1984, sur un trajet inventé qui va de Saint-Denis à Stains, en passant par Pierrefitte, un travelling de 10 minutes, aller et retour, est enregistré, pour conduire aux portraits photographiques de 120 êtres vivants, selon l&rsquo;« ARRÊT DEMANDÉ ». Cette installation pour l&rsquo;exposition « Les Immatériaux », <em>Le Bus ou l&rsquo;Exercice de la découverte</em>, fondée sur un vidéodisque, a aujourd&rsquo;hui, dans une forme reconstituée, rejoint les collections du Musée national d&rsquo;art moderne — Centre Pompidou.</p>

<p>2023 Mercredi 5 juillet 2023, 18h. Exposition « Les Immatériaux » Aperçus d&rsquo;une manifestation postmoderne , Espace des Collections film, vidéo, son et œuvres numériques, Musée, niveau 4, Centre Pompidou. Reconstitution de l’installation vidéo interactive Le Bus ou l’Exercice de la découverte de l&rsquo;exposition Les Immatériaux, 1985, incluant une vitrine de documents, y compris le &hellip; <a href="https://jlggb.net/jlb/travaux/2023-2024-le-bus-reconstitution/" class="more-link">Continuer la lecture de <span class="screen-reader-text">2023-2024 Le Bus reconstitution</span></a></p>
