{"id":3605,"date":"2025-06-12T00:23:23","date_gmt":"2025-06-11T22:23:23","guid":{"rendered":"https:\/\/jlggb.net\/jlb\/?page_id=3605"},"modified":"2025-06-12T00:24:36","modified_gmt":"2025-06-11T22:24:36","slug":"2025-traversees-du-virtuel","status":"publish","type":"page","link":"https:\/\/jlggb.net\/jlb\/textes\/2025-traversees-du-virtuel\/","title":{"rendered":"2025 Travers\u00e9es du virtuel"},"content":{"rendered":"<p><em>Cahiers du Mus\u00e9e national d\u2019art moderne<\/em>, num\u00e9ro 170, \u00ab Centre de cr\u00e9ation industrielle 1969-1992 \u00bb<br \/>\nMarcella Lista et Philippe Bettinelli, \u00ab Travers\u00e9es du virtuel \u00bb, entretien avec Jean-Louis Boissier<\/p>\n<p>NOTE JLB :<br \/>\nSont \u00e9voqu\u00e9es, pour la p\u00e9riode de 1982 \u00e0 1992, les expositions du CCI et du Mnam-CCI \u00ab Bandes dessin\u00e9es chinoises \u00bb (1982), \u00ab Les Immat\u00e9riaux \u00bb (1985), \u00ab Revue virtuelle \u00bb (1992-1996), en relation avec \u00ab Electra \u00bb (1983-1984) au Mus\u00e9e d\u2019art moderne de la Ville de Paris, \u00ab Image calcul\u00e9e \u00bb (1988) \u00e0 la Cit\u00e9 des sciences et de l\u2019industrie, \u00ab Passages de l\u2019image \u00bb (1990) au Mus\u00e9e national d\u2019art moderne, biennale \u00ab Artifices \u00bb \u00e0 Saint-Denis (1990-1996), ainsi que des recherches conduites dans l\u2019UFR Arts et Philosophie de l\u2019Universit\u00e9 Paris 8-Vincennes \u00e0 Saint-Denis.<\/p>\n<p><a href=\"https:\/\/jlggb.net\/jlb\/wp-content\/uploads\/2025\/06\/cahiers_couverture_20250416-scaled.jpg\" data-rel=\"lightbox-image-0\" data-imagelightbox=\"0\" data-rl_title=\"\" data-rl_caption=\"\" title=\"\"><img loading=\"lazy\" decoding=\"async\" src=\"https:\/\/jlggb.net\/jlb\/wp-content\/uploads\/2025\/06\/cahiers_couverture_20250416-scaled.jpg\" alt=\"\" width=\"2560\" height=\"1920\" class=\"alignnone size-full wp-image-3607\" srcset=\"https:\/\/jlggb.net\/jlb\/wp-content\/uploads\/2025\/06\/cahiers_couverture_20250416-scaled.jpg 2560w, https:\/\/jlggb.net\/jlb\/wp-content\/uploads\/2025\/06\/cahiers_couverture_20250416-300x225.jpg 300w, https:\/\/jlggb.net\/jlb\/wp-content\/uploads\/2025\/06\/cahiers_couverture_20250416-1024x768.jpg 1024w, https:\/\/jlggb.net\/jlb\/wp-content\/uploads\/2025\/06\/cahiers_couverture_20250416-768x576.jpg 768w, https:\/\/jlggb.net\/jlb\/wp-content\/uploads\/2025\/06\/cahiers_couverture_20250416-1536x1152.jpg 1536w, https:\/\/jlggb.net\/jlb\/wp-content\/uploads\/2025\/06\/cahiers_couverture_20250416-2048x1536.jpg 2048w\" sizes=\"auto, (max-width: 2560px) 100vw, 2560px\" \/><\/a><\/p>\n<p><a href=\"https:\/\/jlggb.net\/jlb\/wp-content\/uploads\/2025\/06\/cahiers_interieur_20250416-scaled.jpg\" data-rel=\"lightbox-image-1\" data-imagelightbox=\"1\" data-rl_title=\"\" data-rl_caption=\"\" title=\"\"><img loading=\"lazy\" decoding=\"async\" src=\"https:\/\/jlggb.net\/jlb\/wp-content\/uploads\/2025\/06\/cahiers_interieur_20250416-scaled.jpg\" alt=\"\" width=\"2560\" height=\"1920\" class=\"alignnone size-full wp-image-3608\" srcset=\"https:\/\/jlggb.net\/jlb\/wp-content\/uploads\/2025\/06\/cahiers_interieur_20250416-scaled.jpg 2560w, https:\/\/jlggb.net\/jlb\/wp-content\/uploads\/2025\/06\/cahiers_interieur_20250416-300x225.jpg 300w, https:\/\/jlggb.net\/jlb\/wp-content\/uploads\/2025\/06\/cahiers_interieur_20250416-1024x768.jpg 1024w, https:\/\/jlggb.net\/jlb\/wp-content\/uploads\/2025\/06\/cahiers_interieur_20250416-768x576.jpg 768w, https:\/\/jlggb.net\/jlb\/wp-content\/uploads\/2025\/06\/cahiers_interieur_20250416-1536x1152.jpg 1536w, https:\/\/jlggb.net\/jlb\/wp-content\/uploads\/2025\/06\/cahiers_interieur_20250416-2048x1536.jpg 2048w\" sizes=\"auto, (max-width: 2560px) 100vw, 2560px\" \/><\/a><\/p>\n","protected":false},"excerpt":{"rendered":"<p>Cahiers du Mus\u00e9e national d\u2019art moderne, num\u00e9ro 170, \u00ab Centre de cr\u00e9ation industrielle 1969-1992 \u00bb Marcella Lista et Philippe Bettinelli, \u00ab Travers\u00e9es du virtuel \u00bb, entretien avec Jean-Louis Boissier NOTE JLB : Sont \u00e9voqu\u00e9es, pour la p\u00e9riode de 1982 \u00e0 1992, les expositions du CCI et du Mnam-CCI \u00ab Bandes dessin\u00e9es chinoises \u00bb (1982), \u00ab &hellip; <a href=\"https:\/\/jlggb.net\/jlb\/textes\/2025-traversees-du-virtuel\/\" class=\"more-link\">Continuer la lecture de <span class=\"screen-reader-text\">2025 Travers\u00e9es du virtuel<\/span><\/a><\/p>\n","protected":false},"author":2,"featured_media":0,"parent":645,"menu_order":0,"comment_status":"closed","ping_status":"closed","template":"","meta":{"footnotes":""},"class_list":["post-3605","page","type-page","status-publish","hentry"],"_links":{"self":[{"href":"https:\/\/jlggb.net\/jlb\/wp-json\/wp\/v2\/pages\/3605","targetHints":{"allow":["GET"]}}],"collection":[{"href":"https:\/\/jlggb.net\/jlb\/wp-json\/wp\/v2\/pages"}],"about":[{"href":"https:\/\/jlggb.net\/jlb\/wp-json\/wp\/v2\/types\/page"}],"author":[{"embeddable":true,"href":"https:\/\/jlggb.net\/jlb\/wp-json\/wp\/v2\/users\/2"}],"replies":[{"embeddable":true,"href":"https:\/\/jlggb.net\/jlb\/wp-json\/wp\/v2\/comments?post=3605"}],"version-history":[{"count":3,"href":"https:\/\/jlggb.net\/jlb\/wp-json\/wp\/v2\/pages\/3605\/revisions"}],"predecessor-version":[{"id":3611,"href":"https:\/\/jlggb.net\/jlb\/wp-json\/wp\/v2\/pages\/3605\/revisions\/3611"}],"up":[{"embeddable":true,"href":"https:\/\/jlggb.net\/jlb\/wp-json\/wp\/v2\/pages\/645"}],"wp:attachment":[{"href":"https:\/\/jlggb.net\/jlb\/wp-json\/wp\/v2\/media?parent=3605"}],"curies":[{"name":"wp","href":"https:\/\/api.w.org\/{rel}","templated":true}]}}

2025 Traversées du virtuel

<p><em>Cahiers du Musée national d’art moderne</em>, numéro 170, « Centre de création industrielle 1969-1992 »<br />
Marcella Lista et Philippe Bettinelli, « Traversées du virtuel », entretien avec Jean-Louis Boissier</p>
<p>NOTE JLB :<br />
Sont évoquées, pour la période de 1982 à 1992, les expositions du CCI et du Mnam-CCI « Bandes dessinées chinoises » (1982), « Les Immatériaux » (1985), « Revue virtuelle » (1992-1996), en relation avec « Electra » (1983-1984) au Musée d’art moderne de la Ville de Paris, « Image calculée » (1988) à la Cité des sciences et de l’industrie, « Passages de l’image » (1990) au Musée national d’art moderne, biennale « Artifices » à Saint-Denis (1990-1996), ainsi que des recherches conduites dans l’UFR Arts et Philosophie de l’Université Paris 8-Vincennes à Saint-Denis.</p>
<p><a href="https://jlggb.net/jlb/wp-content/uploads/2025/06/cahiers_couverture_20250416-scaled.jpg" data-rel="lightbox-image-0" data-imagelightbox="0" data-rl_title="" data-rl_caption="" title=""><img loading="lazy" decoding="async" src="https://jlggb.net/jlb/wp-content/uploads/2025/06/cahiers_couverture_20250416-scaled.jpg" alt="" width="2560" height="1920" class="alignnone size-full wp-image-3607" srcset="https://jlggb.net/jlb/wp-content/uploads/2025/06/cahiers_couverture_20250416-scaled.jpg 2560w, https://jlggb.net/jlb/wp-content/uploads/2025/06/cahiers_couverture_20250416-300x225.jpg 300w, https://jlggb.net/jlb/wp-content/uploads/2025/06/cahiers_couverture_20250416-1024x768.jpg 1024w, https://jlggb.net/jlb/wp-content/uploads/2025/06/cahiers_couverture_20250416-768x576.jpg 768w, https://jlggb.net/jlb/wp-content/uploads/2025/06/cahiers_couverture_20250416-1536x1152.jpg 1536w, https://jlggb.net/jlb/wp-content/uploads/2025/06/cahiers_couverture_20250416-2048x1536.jpg 2048w" sizes="auto, (max-width: 2560px) 100vw, 2560px" /></a></p>
<p><a href="https://jlggb.net/jlb/wp-content/uploads/2025/06/cahiers_interieur_20250416-scaled.jpg" data-rel="lightbox-image-1" data-imagelightbox="1" data-rl_title="" data-rl_caption="" title=""><img loading="lazy" decoding="async" src="https://jlggb.net/jlb/wp-content/uploads/2025/06/cahiers_interieur_20250416-scaled.jpg" alt="" width="2560" height="1920" class="alignnone size-full wp-image-3608" srcset="https://jlggb.net/jlb/wp-content/uploads/2025/06/cahiers_interieur_20250416-scaled.jpg 2560w, https://jlggb.net/jlb/wp-content/uploads/2025/06/cahiers_interieur_20250416-300x225.jpg 300w, https://jlggb.net/jlb/wp-content/uploads/2025/06/cahiers_interieur_20250416-1024x768.jpg 1024w, https://jlggb.net/jlb/wp-content/uploads/2025/06/cahiers_interieur_20250416-768x576.jpg 768w, https://jlggb.net/jlb/wp-content/uploads/2025/06/cahiers_interieur_20250416-1536x1152.jpg 1536w, https://jlggb.net/jlb/wp-content/uploads/2025/06/cahiers_interieur_20250416-2048x1536.jpg 2048w" sizes="auto, (max-width: 2560px) 100vw, 2560px" /></a></p>

<p>Cahiers du Musée national d’art moderne, numéro 170, « Centre de création industrielle 1969-1992 » Marcella Lista et Philippe Bettinelli, « Traversées du virtuel », entretien avec Jean-Louis Boissier NOTE JLB : Sont évoquées, pour la période de 1982 à 1992, les expositions du CCI et du Mnam-CCI « Bandes dessinées chinoises » (1982), « &hellip; <a href="https://jlggb.net/jlb/textes/2025-traversees-du-virtuel/" class="more-link">Continuer la lecture de <span class="screen-reader-text">2025 Traversées du virtuel</span></a></p>
