{"id":3183,"date":"2023-01-19T16:27:46","date_gmt":"2023-01-19T15:27:46","guid":{"rendered":"http:\/\/jlggb.net\/jlb\/?page_id=3183"},"modified":"2026-02-25T17:55:19","modified_gmt":"2026-02-25T16:55:19","slug":"2024-la-biennale-internationale-des-jeunes-artistes-paris-1959-1985","status":"publish","type":"page","link":"https:\/\/jlggb.net\/jlb\/textes\/2024-la-biennale-internationale-des-jeunes-artistes-paris-1959-1985\/","title":{"rendered":"2024 La Biennale internationale des jeunes artistes \u2013 Paris (1959-1985)"},"content":{"rendered":"<p>2024<br \/>\n\u00e9dition fran\u00e7aise<br \/>\nLes presses du r\u00e9el \u2013 <i>Histoire de l&rsquo;art \u2013 Hors-s\u00e9rie<\/i><\/p>\n<p><a href=\"https:\/\/jlggb.net\/jlb\/wp-content\/uploads\/2024\/05\/biennal_inha_livre_2023-scaled.jpg\" data-rel=\"lightbox-image-0\" data-imagelightbox=\"0\" data-rl_title=\"\" data-rl_caption=\"\" title=\"\"><img loading=\"lazy\" decoding=\"async\" class=\"alignnone size-full wp-image-3383\" src=\"https:\/\/jlggb.net\/jlb\/wp-content\/uploads\/2024\/05\/biennal_inha_livre_2023-scaled.jpg\" alt=\"\" width=\"2560\" height=\"1605\" srcset=\"https:\/\/jlggb.net\/jlb\/wp-content\/uploads\/2024\/05\/biennal_inha_livre_2023-scaled.jpg 2560w, https:\/\/jlggb.net\/jlb\/wp-content\/uploads\/2024\/05\/biennal_inha_livre_2023-300x188.jpg 300w, https:\/\/jlggb.net\/jlb\/wp-content\/uploads\/2024\/05\/biennal_inha_livre_2023-1024x642.jpg 1024w, https:\/\/jlggb.net\/jlb\/wp-content\/uploads\/2024\/05\/biennal_inha_livre_2023-768x482.jpg 768w, https:\/\/jlggb.net\/jlb\/wp-content\/uploads\/2024\/05\/biennal_inha_livre_2023-1536x963.jpg 1536w, https:\/\/jlggb.net\/jlb\/wp-content\/uploads\/2024\/05\/biennal_inha_livre_2023-2048x1284.jpg 2048w, https:\/\/jlggb.net\/jlb\/wp-content\/uploads\/2024\/05\/biennal_inha_livre_2023-150x94.jpg 150w\" sizes=\"auto, (max-width: 2560px) 100vw, 2560px\" \/><\/a><\/p>\n<p>Le premier ouvrage d&rsquo;envergure sur l&rsquo;histoire et l&rsquo;actualit\u00e9 aujourd&rsquo;hui de la Biennale des jeunes artistes, dite \u00ab\u00a0Biennale de Paris\u00a0\u00bb, qui eut lieu entre 1959 et 1985, r\u00e9unissant trente-cinq textes d&rsquo;auteurs internationaux, parmi lesquels quelques t\u00e9moignages d&rsquo;acteurs d&rsquo;\u00e9poque ayant pris part \u00e0 la Biennale.<\/p>\n<p>Le premier ouvrage d&rsquo;envergure sur l&rsquo;histoire et l&rsquo;actualit\u00e9 aujourd&rsquo;hui de la Biennale des jeunes artistes, dite \u00ab\u00a0Biennale de Paris\u00a0\u00bb, qui eut lieu entre 1959 et 1985\u00a0: une r\u00e9flexion historique sur les enjeux de sa cr\u00e9ation, la vari\u00e9t\u00e9 d&rsquo;arts qu&rsquo;elle accueillit, les nombreuses transformations qu&rsquo;elle a subie au fil des ann\u00e9es, les r\u00e9sistances et critiques qu&rsquo;elle a pu provoquer, ses principes de s\u00e9lection et de repr\u00e9sentation nationale et internationale, et sa place dans la vie culturelle en France et \u00e0 Paris dans les ann\u00e9es 1960-1980. L&rsquo;ouvrage r\u00e9unit trente-cinq textes d&rsquo;auteurs internationaux, parmi lesquels quelques t\u00e9moignages d&rsquo;acteurs d&rsquo;\u00e9poque ayant pris part \u00e0 la Biennale.<\/p>\n<p>En 1959, la premi\u00e8re Biennale internationale des jeunes artistes ouvre ses portes au mus\u00e9e national d&rsquo;Art moderne de la ville, \u00e0 Paris, rejoignant ainsi le cercle alors tr\u00e8s restreint des grandes manifestations internationales sp\u00e9cialis\u00e9es en art contemporain, avec l&rsquo;ambition de renforcer ainsi la place de la capitale fran\u00e7aise sur la sc\u00e8ne artistique mondiale. Confront\u00e9e \u00e0 maintes difficult\u00e9s d\u00e8s sa fondation, cette institution dont l&rsquo;organisation et le fonctionnement ne cess\u00e8rent de se transformer en vingt-six ann\u00e9es d&rsquo;existence avait pour ambition de donner \u00e0 voir l&rsquo;art en train de se faire, \u00e0 une \u00e9poque o\u00f9 la guerre froide et de nombreux r\u00e9gimes dictatoriaux limitaient la circulation des gens, des \u0153uvres et des id\u00e9es. Fruit d&rsquo;un programme de recherche initi\u00e9 \u00e0 l&rsquo;INHA en 2017 ayant r\u00e9uni une trentenaire de chercheurs, cette somme in\u00e9dite propose pour la premi\u00e8re fois une r\u00e9flexion globale et historique internationale et transversale sur la Biennale de Paris, ses espaces, ses engagements, ses paradoxes et ses impasses.<\/p>\n<p>Publi\u00e9 dans le cadre du programme de recherche \u00ab\u00a01959-1985, au prisme de la Biennale de Paris\u00a0\u00bb, initi\u00e9 \u00e0 l&rsquo;INHA en 2017 en partenariat avec les Archives de la critique d&rsquo;art, la Biblioth\u00e8que Kandinsky du Centre Pompidou et l&rsquo;Institut national de l&rsquo;audiovisuel, et suite au s\u00e9minaire mensuel de recherche international d&rsquo;octobre 2017 \u00e0 juin 2019.<\/p>\n<p>Edit\u00e9 par <a href=\"https:\/\/www.lespressesdureel.com\/auteur.php?id=669\">Elitza Dulguerova<\/a>.<\/p>\n<p>Textes de Mathilde Arnoux, <a href=\"https:\/\/www.lespressesdureel.com\/auteur.php?id=1513\">J\u00e9r\u00f4me Bazin<\/a>, Clelia Barbut, Paula Barreiro-L\u00f3pez, Marion B\u00e9louard, Caroline Bissi\u00e8re, Caroline Bodolec, <a href=\"https:\/\/www.lespressesdureel.com\/auteur.php?id=237\">Jean-Louis Boissier<\/a>, Estelle Bories, Georges Boudaille, Aurore Buffetault, <a href=\"https:\/\/www.lespressesdureel.com\/auteur.php?id=1415\">Pauline Chevalier<\/a>, Juliane Debeusscher, <a href=\"https:\/\/www.lespressesdureel.com\/auteur.php?id=669\">Elitza Dulguerova<\/a>, <a href=\"https:\/\/www.lespressesdureel.com\/auteur.php?id=5105\">Lilian Froger<\/a> , Irina Genova, Mica Gherghescu, Catherine Gonnard, Alanna Heiss, H\u00e9l\u00e8ne Janni\u00e8re, Justine Jean, Klara Kemp-Welch, Jean-Hubert Martin, Federica Milano, Catherine Millet, <a href=\"https:\/\/www.lespressesdureel.com\/auteur.php?id=549\">Maureen Murphy<\/a>, Fran\u00e7oise Nicol, Alfred Pacquement, Agata Pietrasik, <a href=\"https:\/\/www.lespressesdureel.com\/auteur.php?id=150\">Jean-Marc Poinsot<\/a>, Magda Predescu, Julia Raymond, Julie Sissia, Piotr S\u0142odkowski, Guillaume Soulez, Annabela Tournon, Anne Zeitz.<\/p>\n<p>Publi\u00e9 avec l&rsquo;INHA.<br \/>\n2024<br \/>\nISBN\u00a0:\u00a0978-2-37896-392-7<br \/>\nEAN\u00a0:\u00a09782378963927<\/p>\n<p><a href=\"https:\/\/www.lespressesdureel.com\/ouvrage.php?id=10134&amp;menu=0\">https:\/\/www.lespressesdureel.com\/ouvrage.php?id=10134&amp;menu=0<\/a><\/p>\n","protected":false},"excerpt":{"rendered":"<p>2024 \u00e9dition fran\u00e7aise Les presses du r\u00e9el \u2013 Histoire de l&rsquo;art \u2013 Hors-s\u00e9rie Le premier ouvrage d&rsquo;envergure sur l&rsquo;histoire et l&rsquo;actualit\u00e9 aujourd&rsquo;hui de la Biennale des jeunes artistes, dite \u00ab\u00a0Biennale de Paris\u00a0\u00bb, qui eut lieu entre 1959 et 1985, r\u00e9unissant trente-cinq textes d&rsquo;auteurs internationaux, parmi lesquels quelques t\u00e9moignages d&rsquo;acteurs d&rsquo;\u00e9poque ayant pris part \u00e0 la &hellip; <a href=\"https:\/\/jlggb.net\/jlb\/textes\/2024-la-biennale-internationale-des-jeunes-artistes-paris-1959-1985\/\" class=\"more-link\">Continuer la lecture de <span class=\"screen-reader-text\">2024 La Biennale internationale des jeunes artistes \u2013 Paris (1959-1985)<\/span><\/a><\/p>\n","protected":false},"author":2,"featured_media":0,"parent":645,"menu_order":0,"comment_status":"closed","ping_status":"closed","template":"","meta":{"footnotes":""},"class_list":["post-3183","page","type-page","status-publish","hentry"],"_links":{"self":[{"href":"https:\/\/jlggb.net\/jlb\/wp-json\/wp\/v2\/pages\/3183","targetHints":{"allow":["GET"]}}],"collection":[{"href":"https:\/\/jlggb.net\/jlb\/wp-json\/wp\/v2\/pages"}],"about":[{"href":"https:\/\/jlggb.net\/jlb\/wp-json\/wp\/v2\/types\/page"}],"author":[{"embeddable":true,"href":"https:\/\/jlggb.net\/jlb\/wp-json\/wp\/v2\/users\/2"}],"replies":[{"embeddable":true,"href":"https:\/\/jlggb.net\/jlb\/wp-json\/wp\/v2\/comments?post=3183"}],"version-history":[{"count":11,"href":"https:\/\/jlggb.net\/jlb\/wp-json\/wp\/v2\/pages\/3183\/revisions"}],"predecessor-version":[{"id":3806,"href":"https:\/\/jlggb.net\/jlb\/wp-json\/wp\/v2\/pages\/3183\/revisions\/3806"}],"up":[{"embeddable":true,"href":"https:\/\/jlggb.net\/jlb\/wp-json\/wp\/v2\/pages\/645"}],"wp:attachment":[{"href":"https:\/\/jlggb.net\/jlb\/wp-json\/wp\/v2\/media?parent=3183"}],"curies":[{"name":"wp","href":"https:\/\/api.w.org\/{rel}","templated":true}]}}

<p>2024<br />
édition française<br />
Les presses du réel – <i>Histoire de l&rsquo;art – Hors-série</i></p>
<p><a href="https://jlggb.net/jlb/wp-content/uploads/2024/05/biennal_inha_livre_2023-scaled.jpg" data-rel="lightbox-image-0" data-imagelightbox="0" data-rl_title="" data-rl_caption="" title=""><img loading="lazy" decoding="async" class="alignnone size-full wp-image-3383" src="https://jlggb.net/jlb/wp-content/uploads/2024/05/biennal_inha_livre_2023-scaled.jpg" alt="" width="2560" height="1605" srcset="https://jlggb.net/jlb/wp-content/uploads/2024/05/biennal_inha_livre_2023-scaled.jpg 2560w, https://jlggb.net/jlb/wp-content/uploads/2024/05/biennal_inha_livre_2023-300x188.jpg 300w, https://jlggb.net/jlb/wp-content/uploads/2024/05/biennal_inha_livre_2023-1024x642.jpg 1024w, https://jlggb.net/jlb/wp-content/uploads/2024/05/biennal_inha_livre_2023-768x482.jpg 768w, https://jlggb.net/jlb/wp-content/uploads/2024/05/biennal_inha_livre_2023-1536x963.jpg 1536w, https://jlggb.net/jlb/wp-content/uploads/2024/05/biennal_inha_livre_2023-2048x1284.jpg 2048w, https://jlggb.net/jlb/wp-content/uploads/2024/05/biennal_inha_livre_2023-150x94.jpg 150w" sizes="auto, (max-width: 2560px) 100vw, 2560px" /></a></p>
<p>Le premier ouvrage d&rsquo;envergure sur l&rsquo;histoire et l&rsquo;actualité aujourd&rsquo;hui de la Biennale des jeunes artistes, dite « Biennale de Paris », qui eut lieu entre 1959 et 1985, réunissant trente-cinq textes d&rsquo;auteurs internationaux, parmi lesquels quelques témoignages d&rsquo;acteurs d&rsquo;époque ayant pris part à la Biennale.</p>
<p>Le premier ouvrage d&rsquo;envergure sur l&rsquo;histoire et l&rsquo;actualité aujourd&rsquo;hui de la Biennale des jeunes artistes, dite « Biennale de Paris », qui eut lieu entre 1959 et 1985 : une réflexion historique sur les enjeux de sa création, la variété d&rsquo;arts qu&rsquo;elle accueillit, les nombreuses transformations qu&rsquo;elle a subie au fil des années, les résistances et critiques qu&rsquo;elle a pu provoquer, ses principes de sélection et de représentation nationale et internationale, et sa place dans la vie culturelle en France et à Paris dans les années 1960-1980. L&rsquo;ouvrage réunit trente-cinq textes d&rsquo;auteurs internationaux, parmi lesquels quelques témoignages d&rsquo;acteurs d&rsquo;époque ayant pris part à la Biennale.</p>
<p>En 1959, la première Biennale internationale des jeunes artistes ouvre ses portes au musée national d&rsquo;Art moderne de la ville, à Paris, rejoignant ainsi le cercle alors très restreint des grandes manifestations internationales spécialisées en art contemporain, avec l&rsquo;ambition de renforcer ainsi la place de la capitale française sur la scène artistique mondiale. Confrontée à maintes difficultés dès sa fondation, cette institution dont l&rsquo;organisation et le fonctionnement ne cessèrent de se transformer en vingt-six années d&rsquo;existence avait pour ambition de donner à voir l&rsquo;art en train de se faire, à une époque où la guerre froide et de nombreux régimes dictatoriaux limitaient la circulation des gens, des œuvres et des idées. Fruit d&rsquo;un programme de recherche initié à l&rsquo;INHA en 2017 ayant réuni une trentenaire de chercheurs, cette somme inédite propose pour la première fois une réflexion globale et historique internationale et transversale sur la Biennale de Paris, ses espaces, ses engagements, ses paradoxes et ses impasses.</p>
<p>Publié dans le cadre du programme de recherche « 1959-1985, au prisme de la Biennale de Paris », initié à l&rsquo;INHA en 2017 en partenariat avec les Archives de la critique d&rsquo;art, la Bibliothèque Kandinsky du Centre Pompidou et l&rsquo;Institut national de l&rsquo;audiovisuel, et suite au séminaire mensuel de recherche international d&rsquo;octobre 2017 à juin 2019.</p>
<p>Edité par <a href="https://www.lespressesdureel.com/auteur.php?id=669">Elitza Dulguerova</a>.</p>
<p>Textes de Mathilde Arnoux, <a href="https://www.lespressesdureel.com/auteur.php?id=1513">Jérôme Bazin</a>, Clelia Barbut, Paula Barreiro-López, Marion Bélouard, Caroline Bissière, Caroline Bodolec, <a href="https://www.lespressesdureel.com/auteur.php?id=237">Jean-Louis Boissier</a>, Estelle Bories, Georges Boudaille, Aurore Buffetault, <a href="https://www.lespressesdureel.com/auteur.php?id=1415">Pauline Chevalier</a>, Juliane Debeusscher, <a href="https://www.lespressesdureel.com/auteur.php?id=669">Elitza Dulguerova</a>, <a href="https://www.lespressesdureel.com/auteur.php?id=5105">Lilian Froger</a> , Irina Genova, Mica Gherghescu, Catherine Gonnard, Alanna Heiss, Hélène Jannière, Justine Jean, Klara Kemp-Welch, Jean-Hubert Martin, Federica Milano, Catherine Millet, <a href="https://www.lespressesdureel.com/auteur.php?id=549">Maureen Murphy</a>, Françoise Nicol, Alfred Pacquement, Agata Pietrasik, <a href="https://www.lespressesdureel.com/auteur.php?id=150">Jean-Marc Poinsot</a>, Magda Predescu, Julia Raymond, Julie Sissia, Piotr Słodkowski, Guillaume Soulez, Annabela Tournon, Anne Zeitz.</p>
<p>Publié avec l&rsquo;INHA.<br />
2024<br />
ISBN : 978-2-37896-392-7<br />
EAN : 9782378963927</p>
<p><a href="https://www.lespressesdureel.com/ouvrage.php?id=10134&amp;menu=0">https://www.lespressesdureel.com/ouvrage.php?id=10134&amp;menu=0</a></p>

<p>2024 édition française Les presses du réel – Histoire de l&rsquo;art – Hors-série Le premier ouvrage d&rsquo;envergure sur l&rsquo;histoire et l&rsquo;actualité aujourd&rsquo;hui de la Biennale des jeunes artistes, dite « Biennale de Paris », qui eut lieu entre 1959 et 1985, réunissant trente-cinq textes d&rsquo;auteurs internationaux, parmi lesquels quelques témoignages d&rsquo;acteurs d&rsquo;époque ayant pris part à la &hellip; <a href="https://jlggb.net/jlb/textes/2024-la-biennale-internationale-des-jeunes-artistes-paris-1959-1985/" class="more-link">Continuer la lecture de <span class="screen-reader-text">2024 La Biennale internationale des jeunes artistes – Paris (1959-1985)</span></a></p>
