{"id":3016,"date":"2021-03-01T12:08:12","date_gmt":"2021-03-01T11:08:12","guid":{"rendered":"http:\/\/jlggb.net\/jlb\/?page_id=3016"},"modified":"2021-03-01T12:09:15","modified_gmt":"2021-03-01T11:09:15","slug":"1983-1985-vestiges-et-installations","status":"publish","type":"page","link":"https:\/\/jlggb.net\/jlb\/travaux\/1983-1985-vestiges-et-installations\/","title":{"rendered":"1983-1985 Vestiges et installations"},"content":{"rendered":"<p>S\u00e9rie de photographies en noir et blanc et en couleurs, format carr\u00e9 Rolleiflex, \u00e0 P\u00e9kin.<br \/>\nSera expos\u00e9 notamment aux Rencontre de la photographie d&rsquo;Arles, 1988 et au Mus\u00e9e de l&rsquo;\u00c9lys\u00e9e, Lausanne, 1989.<\/p>\n<p><a href=\"https:\/\/jlggb.net\/jlb\/wp-content\/uploads\/2021\/03\/jlb-rollei-pekin-1985-jlggb-scaled.jpg\" data-rel=\"lightbox-image-0\" data-imagelightbox=\"0\" data-rl_title=\"\" data-rl_caption=\"\" title=\"\"><img loading=\"lazy\" decoding=\"async\" class=\"alignnone wp-image-3017\" src=\"https:\/\/jlggb.net\/jlb\/wp-content\/uploads\/2021\/03\/jlb-rollei-pekin-1985-jlggb-scaled.jpg\" alt=\"\" width=\"480\" height=\"640\" srcset=\"https:\/\/jlggb.net\/jlb\/wp-content\/uploads\/2021\/03\/jlb-rollei-pekin-1985-jlggb-scaled.jpg 1920w, https:\/\/jlggb.net\/jlb\/wp-content\/uploads\/2021\/03\/jlb-rollei-pekin-1985-jlggb-225x300.jpg 225w, https:\/\/jlggb.net\/jlb\/wp-content\/uploads\/2021\/03\/jlb-rollei-pekin-1985-jlggb-768x1024.jpg 768w, https:\/\/jlggb.net\/jlb\/wp-content\/uploads\/2021\/03\/jlb-rollei-pekin-1985-jlggb-1152x1536.jpg 1152w, https:\/\/jlggb.net\/jlb\/wp-content\/uploads\/2021\/03\/jlb-rollei-pekin-1985-jlggb-1536x2048.jpg 1536w, https:\/\/jlggb.net\/jlb\/wp-content\/uploads\/2021\/03\/jlb-rollei-pekin-1985-jlggb-113x150.jpg 113w\" sizes=\"auto, (max-width: 480px) 100vw, 480px\" \/><\/a><br \/>\nPrises de vues, P\u00e9kin, octobre 1985. Photo Ye Xin.<\/p>\n","protected":false},"excerpt":{"rendered":"<p>S\u00e9rie de photographies en noir et blanc et en couleurs, format carr\u00e9 Rolleiflex, \u00e0 P\u00e9kin. Sera expos\u00e9 notamment aux Rencontre de la photographie d&rsquo;Arles, 1988 et au Mus\u00e9e de l&rsquo;\u00c9lys\u00e9e, Lausanne, 1989. Prises de vues, P\u00e9kin, octobre 1985. Photo Ye Xin.<\/p>\n","protected":false},"author":2,"featured_media":0,"parent":556,"menu_order":0,"comment_status":"closed","ping_status":"closed","template":"","meta":{"footnotes":""},"class_list":["post-3016","page","type-page","status-publish","hentry"],"_links":{"self":[{"href":"https:\/\/jlggb.net\/jlb\/wp-json\/wp\/v2\/pages\/3016","targetHints":{"allow":["GET"]}}],"collection":[{"href":"https:\/\/jlggb.net\/jlb\/wp-json\/wp\/v2\/pages"}],"about":[{"href":"https:\/\/jlggb.net\/jlb\/wp-json\/wp\/v2\/types\/page"}],"author":[{"embeddable":true,"href":"https:\/\/jlggb.net\/jlb\/wp-json\/wp\/v2\/users\/2"}],"replies":[{"embeddable":true,"href":"https:\/\/jlggb.net\/jlb\/wp-json\/wp\/v2\/comments?post=3016"}],"version-history":[{"count":2,"href":"https:\/\/jlggb.net\/jlb\/wp-json\/wp\/v2\/pages\/3016\/revisions"}],"predecessor-version":[{"id":3019,"href":"https:\/\/jlggb.net\/jlb\/wp-json\/wp\/v2\/pages\/3016\/revisions\/3019"}],"up":[{"embeddable":true,"href":"https:\/\/jlggb.net\/jlb\/wp-json\/wp\/v2\/pages\/556"}],"wp:attachment":[{"href":"https:\/\/jlggb.net\/jlb\/wp-json\/wp\/v2\/media?parent=3016"}],"curies":[{"name":"wp","href":"https:\/\/api.w.org\/{rel}","templated":true}]}}

<p>Série de photographies en noir et blanc et en couleurs, format carré Rolleiflex, à Pékin.<br />
Sera exposé notamment aux Rencontre de la photographie d&rsquo;Arles, 1988 et au Musée de l&rsquo;Élysée, Lausanne, 1989.</p>
<p><a href="https://jlggb.net/jlb/wp-content/uploads/2021/03/jlb-rollei-pekin-1985-jlggb-scaled.jpg" data-rel="lightbox-image-0" data-imagelightbox="0" data-rl_title="" data-rl_caption="" title=""><img loading="lazy" decoding="async" class="alignnone wp-image-3017" src="https://jlggb.net/jlb/wp-content/uploads/2021/03/jlb-rollei-pekin-1985-jlggb-scaled.jpg" alt="" width="480" height="640" srcset="https://jlggb.net/jlb/wp-content/uploads/2021/03/jlb-rollei-pekin-1985-jlggb-scaled.jpg 1920w, https://jlggb.net/jlb/wp-content/uploads/2021/03/jlb-rollei-pekin-1985-jlggb-225x300.jpg 225w, https://jlggb.net/jlb/wp-content/uploads/2021/03/jlb-rollei-pekin-1985-jlggb-768x1024.jpg 768w, https://jlggb.net/jlb/wp-content/uploads/2021/03/jlb-rollei-pekin-1985-jlggb-1152x1536.jpg 1152w, https://jlggb.net/jlb/wp-content/uploads/2021/03/jlb-rollei-pekin-1985-jlggb-1536x2048.jpg 1536w, https://jlggb.net/jlb/wp-content/uploads/2021/03/jlb-rollei-pekin-1985-jlggb-113x150.jpg 113w" sizes="auto, (max-width: 480px) 100vw, 480px" /></a><br />
Prises de vues, Pékin, octobre 1985. Photo Ye Xin.</p>

<p>Série de photographies en noir et blanc et en couleurs, format carré Rolleiflex, à Pékin. Sera exposé notamment aux Rencontre de la photographie d&rsquo;Arles, 1988 et au Musée de l&rsquo;Élysée, Lausanne, 1989. Prises de vues, Pékin, octobre 1985. Photo Ye Xin.</p>
