{"id":2700,"date":"2019-12-11T16:29:01","date_gmt":"2019-12-11T15:29:01","guid":{"rendered":"http:\/\/jlggb.net\/jlb\/?page_id=2700"},"modified":"2025-07-22T15:00:00","modified_gmt":"2025-07-22T13:00:00","slug":"2019-digital-soba-choko-experimentation-artistique","status":"publish","type":"page","link":"https:\/\/jlggb.net\/jlb\/travaux\/2019-digital-soba-choko-experimentation-artistique\/","title":{"rendered":"2015-2025 (digital) Soba Choko exp\u00e9rimentation artistique"},"content":{"rendered":"<p><a href=\"https:\/\/jlggb.net\/jlb\/wp-content\/uploads\/2019\/12\/soba-choko-modele-collection.jpg\" data-rel=\"lightbox-image-0\" data-imagelightbox=\"0\" data-rl_title=\"\" data-rl_caption=\"\" title=\"\"><img loading=\"lazy\" decoding=\"async\" class=\"alignnone wp-image-2703\" src=\"https:\/\/jlggb.net\/jlb\/wp-content\/uploads\/2019\/12\/soba-choko-modele-collection.jpg\" alt=\"\" width=\"320\" height=\"320\" srcset=\"https:\/\/jlggb.net\/jlb\/wp-content\/uploads\/2019\/12\/soba-choko-modele-collection.jpg 2400w, https:\/\/jlggb.net\/jlb\/wp-content\/uploads\/2019\/12\/soba-choko-modele-collection-150x150.jpg 150w, https:\/\/jlggb.net\/jlb\/wp-content\/uploads\/2019\/12\/soba-choko-modele-collection-300x300.jpg 300w, https:\/\/jlggb.net\/jlb\/wp-content\/uploads\/2019\/12\/soba-choko-modele-collection-768x768.jpg 768w, https:\/\/jlggb.net\/jlb\/wp-content\/uploads\/2019\/12\/soba-choko-modele-collection-1024x1024.jpg 1024w\" sizes=\"auto, (max-width: 320px) 100vw, 320px\" \/><\/a><\/p>\n<h3>Ce projet fait l&rsquo;objet d&rsquo;un site sp\u00e9cifique :\u00a0<span style=\"color: #3366ff;\"><a style=\"color: #3366ff;\" href=\"http:\/\/jlggb.net\/collection\/\">http:\/\/jlggb.net\/collection\/<\/a><\/span><\/h3>\n<p>&nbsp;<\/p>\n<p>R\u00c9SUM\u00c9<\/p>\n<p>(digital) Soba Choko<br \/>\n\u30c7\u30b8\u30bf\u30eb\u30fb\u305d\u3070\u732a\u53e3<br \/>\n2015 \u2013 2025<\/p>\n<p>(digital) Soba Choko est un sc\u00e9nario ouvert \u00e0 des op\u00e9rations originales et distinctes, r\u00e9sultant de diverses initiatives inventives, dont la conjugaison peut elle-m\u00eame constituer une proposition artistique.<\/p>\n<p>(digital) Soba Choko est un projet artistique exp\u00e9rimental ayant trait \u00e0 la collection et \u00e0 la fabrication de gobelets de porcelaine ou, plus g\u00e9n\u00e9ralement, de c\u00e9ramique, assimil\u00e9s aux <i>soba choko<\/i> de tradition japonaise, \u00e0 la jonction de techniques traditionnelles et de techniques num\u00e9riques.<br \/>\nLe <i>digital<\/i> \u2014\u00a0le num\u00e9rique\u00a0\u2014 d\u00e9signe trois ensembles m\u00e9thodologiques\u00a0: la mod\u00e9lisation et la reconnaissance de formes\u00a0; les modalit\u00e9s d\u2019exploration et d\u2019inventaire\u00a0; les dispositifs de fabrication computationnels.<br \/>\nLe <i>digital<\/i> \u2014\u00a0les doigts de la main\u00a0\u2014\u00a0indique aussi la dimension tactile de la fabrication et d\u2019usage d\u2019un objet de c\u00e9ramique ancr\u00e9 dans l\u2019histoire et une n\u00e9cessaire approche comparatiste.<\/p>\n<p>(digital) Soba Choko est une \u00e9tude de cas, centr\u00e9e sur un objet sp\u00e9cifique, apte \u00e0 instaurer une approche multidisciplinaire, comparatiste, transversale. Le projet se d\u00e9veloppe selon un ensemble de chapitres ayant une certaine ind\u00e9pendance de mise en \u0153uvre, reli\u00e9s entre eux selon une approche comparatiste et dans la perspective de publications, d\u2019un film et d\u2019une exposition.<\/p>\n<p>&nbsp;<\/p>\n","protected":false},"excerpt":{"rendered":"<p>Ce projet fait l&rsquo;objet d&rsquo;un site sp\u00e9cifique :\u00a0http:\/\/jlggb.net\/collection\/ &nbsp; R\u00c9SUM\u00c9 (digital) Soba Choko \u30c7\u30b8\u30bf\u30eb\u30fb\u305d\u3070\u732a\u53e3 2015 \u2013 2025 (digital) Soba Choko est un sc\u00e9nario ouvert \u00e0 des op\u00e9rations originales et distinctes, r\u00e9sultant de diverses initiatives inventives, dont la conjugaison peut elle-m\u00eame constituer une proposition artistique. (digital) Soba Choko est un projet artistique exp\u00e9rimental ayant trait \u00e0 &hellip; <a href=\"https:\/\/jlggb.net\/jlb\/travaux\/2019-digital-soba-choko-experimentation-artistique\/\" class=\"more-link\">Continuer la lecture de <span class=\"screen-reader-text\">2015-2025 (digital) Soba Choko exp\u00e9rimentation artistique<\/span><\/a><\/p>\n","protected":false},"author":2,"featured_media":0,"parent":556,"menu_order":0,"comment_status":"closed","ping_status":"closed","template":"","meta":{"footnotes":""},"class_list":["post-2700","page","type-page","status-publish","hentry"],"_links":{"self":[{"href":"https:\/\/jlggb.net\/jlb\/wp-json\/wp\/v2\/pages\/2700","targetHints":{"allow":["GET"]}}],"collection":[{"href":"https:\/\/jlggb.net\/jlb\/wp-json\/wp\/v2\/pages"}],"about":[{"href":"https:\/\/jlggb.net\/jlb\/wp-json\/wp\/v2\/types\/page"}],"author":[{"embeddable":true,"href":"https:\/\/jlggb.net\/jlb\/wp-json\/wp\/v2\/users\/2"}],"replies":[{"embeddable":true,"href":"https:\/\/jlggb.net\/jlb\/wp-json\/wp\/v2\/comments?post=2700"}],"version-history":[{"count":17,"href":"https:\/\/jlggb.net\/jlb\/wp-json\/wp\/v2\/pages\/2700\/revisions"}],"predecessor-version":[{"id":3679,"href":"https:\/\/jlggb.net\/jlb\/wp-json\/wp\/v2\/pages\/2700\/revisions\/3679"}],"up":[{"embeddable":true,"href":"https:\/\/jlggb.net\/jlb\/wp-json\/wp\/v2\/pages\/556"}],"wp:attachment":[{"href":"https:\/\/jlggb.net\/jlb\/wp-json\/wp\/v2\/media?parent=2700"}],"curies":[{"name":"wp","href":"https:\/\/api.w.org\/{rel}","templated":true}]}}