{"id":253,"date":"2009-10-03T18:58:16","date_gmt":"2009-10-03T17:58:16","guid":{"rendered":"http:\/\/jlggb.net\/jlb\/?page_id=253"},"modified":"2010-07-14T23:01:51","modified_gmt":"2010-07-14T22:01:51","slug":"1966-1-rue-de-la-liberte","status":"publish","type":"page","link":"https:\/\/jlggb.net\/jlb\/films\/1966-1-rue-de-la-liberte\/","title":{"rendered":"1966 1, rue de la libert\u00e9"},"content":{"rendered":"<p>R\u00e9alisation :<br \/>\n<em>1, rue de la libert\u00e9<\/em>, fil 16mm, noir et blanc, sonore, 7 mn, 1966. DVD, 2006.<\/p>\n<p>G\u00c9N\u00c9RIQUE<\/p>\n<p>Sc\u00e9nario, mise en sc\u00e8ne et photographie : Jean-Louis Boissier<br \/>\nMod\u00e8les : Liliane Terrier, Philippe Marichy<br \/>\nPellicule Kodak TriX inversible<br \/>\nTournage et montage en 1966 \u00e0 Grenoble<br \/>\nProduction : Cin\u00e9-club universitaire de Grenoble<br \/>\nVersion 1966 : original son magn\u00e9tique<br \/>\nVersion 2006 : DVD<\/p>\n<p><a href=\"https:\/\/jlggb.net\/jlb\/wp-content\/uploads\/2009\/10\/lib-1.jpg\" data-rel=\"lightbox-image-0\" data-imagelightbox=\"0\" data-rl_title=\"\" data-rl_caption=\"\"><img loading=\"lazy\" decoding=\"async\" class=\"alignnone size-full wp-image-432\" title=\"\" src=\"https:\/\/jlggb.net\/jlb\/wp-content\/uploads\/2009\/10\/lib-1.jpg\" alt=\"lib-1\" width=\"240\" height=\"180\" srcset=\"https:\/\/jlggb.net\/jlb\/wp-content\/uploads\/2009\/10\/lib-1.jpg 768w, https:\/\/jlggb.net\/jlb\/wp-content\/uploads\/2009\/10\/lib-1-300x225.jpg 300w\" sizes=\"auto, (max-width: 240px) 100vw, 240px\" \/><\/a><br \/>\n<a href=\"https:\/\/jlggb.net\/jlb\/wp-content\/uploads\/2009\/10\/lib-2.jpg\" data-rel=\"lightbox-image-1\" data-imagelightbox=\"1\" data-rl_title=\"\" data-rl_caption=\"\"><img loading=\"lazy\" decoding=\"async\" class=\"alignnone size-full wp-image-433\" title=\"\" src=\"https:\/\/jlggb.net\/jlb\/wp-content\/uploads\/2009\/10\/lib-2.jpg\" alt=\"lib-2\" width=\"240\" height=\"180\" srcset=\"https:\/\/jlggb.net\/jlb\/wp-content\/uploads\/2009\/10\/lib-2.jpg 768w, https:\/\/jlggb.net\/jlb\/wp-content\/uploads\/2009\/10\/lib-2-300x225.jpg 300w\" sizes=\"auto, (max-width: 240px) 100vw, 240px\" \/><\/a><br \/>\n<a href=\"https:\/\/jlggb.net\/jlb\/wp-content\/uploads\/2009\/10\/lib-3.jpg\" data-rel=\"lightbox-image-2\" data-imagelightbox=\"2\" data-rl_title=\"\" data-rl_caption=\"\"><img loading=\"lazy\" decoding=\"async\" class=\"alignnone size-full wp-image-434\" title=\"\" src=\"https:\/\/jlggb.net\/jlb\/wp-content\/uploads\/2009\/10\/lib-3.jpg\" alt=\"lib-3\" width=\"240\" height=\"180\" srcset=\"https:\/\/jlggb.net\/jlb\/wp-content\/uploads\/2009\/10\/lib-3.jpg 768w, https:\/\/jlggb.net\/jlb\/wp-content\/uploads\/2009\/10\/lib-3-300x225.jpg 300w\" sizes=\"auto, (max-width: 240px) 100vw, 240px\" \/><\/a><br \/>\n<a href=\"https:\/\/jlggb.net\/jlb\/wp-content\/uploads\/2009\/10\/lib-4.jpg\" data-rel=\"lightbox-image-3\" data-imagelightbox=\"3\" data-rl_title=\"\" data-rl_caption=\"\"><img loading=\"lazy\" decoding=\"async\" class=\"alignnone size-full wp-image-435\" title=\"\" src=\"https:\/\/jlggb.net\/jlb\/wp-content\/uploads\/2009\/10\/lib-4.jpg\" alt=\"lib-4\" width=\"240\" height=\"180\" srcset=\"https:\/\/jlggb.net\/jlb\/wp-content\/uploads\/2009\/10\/lib-4.jpg 768w, https:\/\/jlggb.net\/jlb\/wp-content\/uploads\/2009\/10\/lib-4-300x225.jpg 300w\" sizes=\"auto, (max-width: 240px) 100vw, 240px\" \/><\/a><\/p>\n","protected":false},"excerpt":{"rendered":"<p>R\u00e9alisation : 1, rue de la libert\u00e9, fil 16mm, noir et blanc, sonore, 7 mn, 1966. DVD, 2006. G\u00c9N\u00c9RIQUE Sc\u00e9nario, mise en sc\u00e8ne et photographie : Jean-Louis Boissier Mod\u00e8les : Liliane Terrier, Philippe Marichy Pellicule Kodak TriX inversible Tournage et montage en 1966 \u00e0 Grenoble Production : Cin\u00e9-club universitaire de Grenoble Version 1966 : original &hellip; <a href=\"https:\/\/jlggb.net\/jlb\/films\/1966-1-rue-de-la-liberte\/\" class=\"more-link\">Continuer la lecture de <span class=\"screen-reader-text\">1966 1, rue de la libert\u00e9<\/span><\/a><\/p>\n","protected":false},"author":2,"featured_media":0,"parent":587,"menu_order":2,"comment_status":"closed","ping_status":"closed","template":"","meta":{"footnotes":""},"class_list":["post-253","page","type-page","status-publish","hentry"],"_links":{"self":[{"href":"https:\/\/jlggb.net\/jlb\/wp-json\/wp\/v2\/pages\/253","targetHints":{"allow":["GET"]}}],"collection":[{"href":"https:\/\/jlggb.net\/jlb\/wp-json\/wp\/v2\/pages"}],"about":[{"href":"https:\/\/jlggb.net\/jlb\/wp-json\/wp\/v2\/types\/page"}],"author":[{"embeddable":true,"href":"https:\/\/jlggb.net\/jlb\/wp-json\/wp\/v2\/users\/2"}],"replies":[{"embeddable":true,"href":"https:\/\/jlggb.net\/jlb\/wp-json\/wp\/v2\/comments?post=253"}],"version-history":[{"count":0,"href":"https:\/\/jlggb.net\/jlb\/wp-json\/wp\/v2\/pages\/253\/revisions"}],"up":[{"embeddable":true,"href":"https:\/\/jlggb.net\/jlb\/wp-json\/wp\/v2\/pages\/587"}],"wp:attachment":[{"href":"https:\/\/jlggb.net\/jlb\/wp-json\/wp\/v2\/media?parent=253"}],"curies":[{"name":"wp","href":"https:\/\/api.w.org\/{rel}","templated":true}]}}