{"id":2406,"date":"2018-09-24T00:01:12","date_gmt":"2018-09-23T22:01:12","guid":{"rendered":"http:\/\/jlggb.net\/jlb\/?page_id=2406"},"modified":"2023-01-19T16:51:40","modified_gmt":"2023-01-19T15:51:40","slug":"2406-2","status":"publish","type":"page","link":"https:\/\/jlggb.net\/jlb\/livres\/2406-2\/","title":{"rendered":"2016 Ubiquit\u00e9"},"content":{"rendered":"<p><a href=\"https:\/\/jlggb.net\/jlb\/wp-content\/uploads\/2016\/11\/Ubiquite_Semaine_2016_10-1.jpg\" data-rel=\"lightbox-image-0\" data-imagelightbox=\"0\" data-rl_title=\"\" data-rl_caption=\"\" title=\"\"><img loading=\"lazy\" decoding=\"async\" class=\"alignnone wp-image-1692\" src=\"https:\/\/jlggb.net\/jlb\/wp-content\/uploads\/2016\/11\/Ubiquite_Semaine_2016_10-1.jpg\" alt=\"\" width=\"320\" height=\"452\" srcset=\"https:\/\/jlggb.net\/jlb\/wp-content\/uploads\/2016\/11\/Ubiquite_Semaine_2016_10-1.jpg 1700w, https:\/\/jlggb.net\/jlb\/wp-content\/uploads\/2016\/11\/Ubiquite_Semaine_2016_10-1-213x300.jpg 213w, https:\/\/jlggb.net\/jlb\/wp-content\/uploads\/2016\/11\/Ubiquite_Semaine_2016_10-1-768x1084.jpg 768w, https:\/\/jlggb.net\/jlb\/wp-content\/uploads\/2016\/11\/Ubiquite_Semaine_2016_10-1-725x1024.jpg 725w, https:\/\/jlggb.net\/jlb\/wp-content\/uploads\/2016\/11\/Ubiquite_Semaine_2016_10-1-106x150.jpg 106w\" sizes=\"auto, (max-width: 320px) 100vw, 320px\" \/><\/a><br \/>\nEssai \u2014\u00a0<i>Ubiquit\u00e9. Reconnaissance des formes<\/i>, Caroline Bernard, Jean-Louis Boissier (ed.), Analogues, Arles, 24 pages, 2016<\/p>\n<h1 class=\"post-title\">SEMAINE 40.16<\/h1>\n<div class=\"entry-normal\">\n<div class=\"entry\">\n<p><em>Ubiquit\u00e9 <\/em><br \/>\n<em>Reconnaissance des formes<\/em><br \/>\nLaboratoire Prospectives de l\u2019image,<br \/>\n\u00c9cole nationale sup\u00e9rieure de la photographie<\/p>\n<p>Dans le cadre d\u2019Octobre num\u00e9rique 2016, sur une proposition de Jean-Louis Boissier, le laboratoire Prospectives de l\u2019image de l\u2019\u00c9cole nationale sup\u00e9rieure de la photographie lance l\u2019op\u00e9ration \u00ab Ubiquit\u00e9\u00a0\u00bb. Le laboratoire, d\u00e9di\u00e9 \u00e0 la recherche sur les nouvelles pratiques de l\u2019image dans leurs dimensions num\u00e9riques, d\u00e9veloppe \u00e0 cette occasion, et gr\u00e2ce au designer Matthieu Cherubini, une application de reconnaissance de formes destin\u00e9e aux smartphones. Ainsi, la cam\u00e9ra du t\u00e9l\u00e9phone augment\u00e9e de cette application est guid\u00e9e par la recherche de signes sp\u00e9cifiques qui d\u00e9pendent du sc\u00e9nario adopt\u00e9 par chaque artiste : des codes de lisibilit\u00e9 du v\u00e9g\u00e9tal pour Jean-Louis Boissier, des p\u00e9rim\u00e8tres de villes en conflit pour Caroline Bernard, des arch\u00e9types formels pour Fanny\u00a0Terno, ou encore des figures g\u00e9om\u00e9triques collect\u00e9es dans l\u2019espace urbain pour Barnab\u00e9 Moinard. D\u2019autres pistes se dessinent lors de diff\u00e9rents workshops. La pr\u00e9sente publication retrace l\u2019ensemble du processus de recherche depuis l\u2019ubiquit\u00e9 jusqu\u2019\u00e0 la diversit\u00e9 des exp\u00e9rimentations artistiques men\u00e9es.<\/p>\n<p>11.10.2016 : Conf\u00e9rence de Jean-Louis Boissier, \u00ab Ubiquit\u00e9 des immobiles \u00bb, auditorium de l\u2019ENSP, Arles, 18h.<br \/>\n13.10 \u2013 10.11.2016 : Jean-Louis Boissier, Crassula ubiquiste, galerie Espace pour l\u2019art, Arles.<br \/>\n13.10 \u2013 29.10.2016 : Exposition de l\u2019ensemble de l\u2019op\u00e9ration \u00ab\u00a0Ubiquit\u00e9\u00a0\u00bb, galerie Arena, ENSP, 16 rue des Ar\u00e8nes, 13200 Arles.<\/p>\n<p>Semaine n\u00b0406, revue hebdomadaire pour l\u2019art contemporain<br \/>\nAuteur : Collectif<br \/>\nParution vendredi 07.10.2016<\/p>\n<\/div>\n<\/div>\n<p>Voir :<br \/>\nhttp:\/\/www.analogues.fr\/?p=8605<\/p>\n","protected":false},"excerpt":{"rendered":"<p>Essai \u2014\u00a0Ubiquit\u00e9. Reconnaissance des formes, Caroline Bernard, Jean-Louis Boissier (ed.), Analogues, Arles, 24 pages, 2016 SEMAINE 40.16 Ubiquit\u00e9 Reconnaissance des formes Laboratoire Prospectives de l\u2019image, \u00c9cole nationale sup\u00e9rieure de la photographie Dans le cadre d\u2019Octobre num\u00e9rique 2016, sur une proposition de Jean-Louis Boissier, le laboratoire Prospectives de l\u2019image de l\u2019\u00c9cole nationale sup\u00e9rieure de la photographie &hellip; <a href=\"https:\/\/jlggb.net\/jlb\/livres\/2406-2\/\" class=\"more-link\">Continuer la lecture de <span class=\"screen-reader-text\">2016 Ubiquit\u00e9<\/span><\/a><\/p>\n","protected":false},"author":2,"featured_media":0,"parent":637,"menu_order":0,"comment_status":"closed","ping_status":"closed","template":"","meta":{"footnotes":""},"class_list":["post-2406","page","type-page","status-publish","hentry"],"_links":{"self":[{"href":"https:\/\/jlggb.net\/jlb\/wp-json\/wp\/v2\/pages\/2406","targetHints":{"allow":["GET"]}}],"collection":[{"href":"https:\/\/jlggb.net\/jlb\/wp-json\/wp\/v2\/pages"}],"about":[{"href":"https:\/\/jlggb.net\/jlb\/wp-json\/wp\/v2\/types\/page"}],"author":[{"embeddable":true,"href":"https:\/\/jlggb.net\/jlb\/wp-json\/wp\/v2\/users\/2"}],"replies":[{"embeddable":true,"href":"https:\/\/jlggb.net\/jlb\/wp-json\/wp\/v2\/comments?post=2406"}],"version-history":[{"count":6,"href":"https:\/\/jlggb.net\/jlb\/wp-json\/wp\/v2\/pages\/2406\/revisions"}],"predecessor-version":[{"id":3193,"href":"https:\/\/jlggb.net\/jlb\/wp-json\/wp\/v2\/pages\/2406\/revisions\/3193"}],"up":[{"embeddable":true,"href":"https:\/\/jlggb.net\/jlb\/wp-json\/wp\/v2\/pages\/637"}],"wp:attachment":[{"href":"https:\/\/jlggb.net\/jlb\/wp-json\/wp\/v2\/media?parent=2406"}],"curies":[{"name":"wp","href":"https:\/\/api.w.org\/{rel}","templated":true}]}}

2016 Ubiquité

<p><a href="https://jlggb.net/jlb/wp-content/uploads/2016/11/Ubiquite_Semaine_2016_10-1.jpg" data-rel="lightbox-image-0" data-imagelightbox="0" data-rl_title="" data-rl_caption="" title=""><img loading="lazy" decoding="async" class="alignnone wp-image-1692" src="https://jlggb.net/jlb/wp-content/uploads/2016/11/Ubiquite_Semaine_2016_10-1.jpg" alt="" width="320" height="452" srcset="https://jlggb.net/jlb/wp-content/uploads/2016/11/Ubiquite_Semaine_2016_10-1.jpg 1700w, https://jlggb.net/jlb/wp-content/uploads/2016/11/Ubiquite_Semaine_2016_10-1-213x300.jpg 213w, https://jlggb.net/jlb/wp-content/uploads/2016/11/Ubiquite_Semaine_2016_10-1-768x1084.jpg 768w, https://jlggb.net/jlb/wp-content/uploads/2016/11/Ubiquite_Semaine_2016_10-1-725x1024.jpg 725w, https://jlggb.net/jlb/wp-content/uploads/2016/11/Ubiquite_Semaine_2016_10-1-106x150.jpg 106w" sizes="auto, (max-width: 320px) 100vw, 320px" /></a><br />
Essai — <i>Ubiquité. Reconnaissance des formes</i>, Caroline Bernard, Jean-Louis Boissier (ed.), Analogues, Arles, 24 pages, 2016</p>
<h1 class="post-title">SEMAINE 40.16</h1>
<div class="entry-normal">
<div class="entry">
<p><em>Ubiquité </em><br />
<em>Reconnaissance des formes</em><br />
Laboratoire Prospectives de l’image,<br />
École nationale supérieure de la photographie</p>
<p>Dans le cadre d’Octobre numérique 2016, sur une proposition de Jean-Louis Boissier, le laboratoire Prospectives de l’image de l’École nationale supérieure de la photographie lance l’opération « Ubiquité ». Le laboratoire, dédié à la recherche sur les nouvelles pratiques de l’image dans leurs dimensions numériques, développe à cette occasion, et grâce au designer Matthieu Cherubini, une application de reconnaissance de formes destinée aux smartphones. Ainsi, la caméra du téléphone augmentée de cette application est guidée par la recherche de signes spécifiques qui dépendent du scénario adopté par chaque artiste : des codes de lisibilité du végétal pour Jean-Louis Boissier, des périmètres de villes en conflit pour Caroline Bernard, des archétypes formels pour Fanny Terno, ou encore des figures géométriques collectées dans l’espace urbain pour Barnabé Moinard. D’autres pistes se dessinent lors de différents workshops. La présente publication retrace l’ensemble du processus de recherche depuis l’ubiquité jusqu’à la diversité des expérimentations artistiques menées.</p>
<p>11.10.2016 : Conférence de Jean-Louis Boissier, « Ubiquité des immobiles », auditorium de l’ENSP, Arles, 18h.<br />
13.10 – 10.11.2016 : Jean-Louis Boissier, Crassula ubiquiste, galerie Espace pour l’art, Arles.<br />
13.10 – 29.10.2016 : Exposition de l’ensemble de l’opération « Ubiquité », galerie Arena, ENSP, 16 rue des Arènes, 13200 Arles.</p>
<p>Semaine n°406, revue hebdomadaire pour l’art contemporain<br />
Auteur : Collectif<br />
Parution vendredi 07.10.2016</p>
</div>
</div>
<p>Voir :<br />
http://www.analogues.fr/?p=8605</p>

<p>Essai — Ubiquité. Reconnaissance des formes, Caroline Bernard, Jean-Louis Boissier (ed.), Analogues, Arles, 24 pages, 2016 SEMAINE 40.16 Ubiquité Reconnaissance des formes Laboratoire Prospectives de l’image, École nationale supérieure de la photographie Dans le cadre d’Octobre numérique 2016, sur une proposition de Jean-Louis Boissier, le laboratoire Prospectives de l’image de l’École nationale supérieure de la photographie &hellip; <a href="https://jlggb.net/jlb/livres/2406-2/" class="more-link">Continuer la lecture de <span class="screen-reader-text">2016 Ubiquité</span></a></p>
