{"id":199,"date":"2009-10-03T15:02:04","date_gmt":"2009-10-03T14:02:04","guid":{"rendered":"http:\/\/jlggb.net\/jlb\/?page_id=199"},"modified":"2021-01-23T16:35:10","modified_gmt":"2021-01-23T15:35:10","slug":"1991-1996-la-revue-virtuelle","status":"publish","type":"page","link":"https:\/\/jlggb.net\/jlb\/commissariat\/1991-1996-la-revue-virtuelle\/","title":{"rendered":"1991-1996 La Revue virtuelle"},"content":{"rendered":"<p>1991-1996 : co-commissariat (avec Christine van Assche et Martine Moinot, MNAM\/CCI) de La Revue virtuelle, Mus\u00e9e national d&rsquo;art moderne, Centre Pompidou.<\/p>\n<p>\u00c0 raison de 3 \u00ab num\u00e9ros \u00bb par an, la Revue virtuelle propose une exposition documentaire et artistique, un carnet, une conf\u00e9rence ayant trait au domaine du virtuel technologique envisag\u00e9 dans ses perspectives artistiques.<\/p>\n<p>Le lancement de la Revue virtuelle fait partie de Manifeste, 1992. Il est annonc\u00e9 ainsi :<\/p>\n<blockquote><p>La Revue virtuelle, c&rsquo;est un rendez-vous r\u00e9gulier trimestriel qui abordera la production, au statut encore mal cern\u00e9, des images de synth\u00e8se et des environnements virtuels : l&rsquo;occasion d&rsquo;une r\u00e9flexion sur les diff\u00e9rents modes de pr\u00e9sentation et sur le nouveau tye de relation oeuvre\/spectateur qu&rsquo;impliquent ces nouvelles productions.<br \/>\nChaue num\u00e9ro de la Revue virtuelle, \u00e0 raison de 3 par an, sera compos\u00e9 d&rsquo;une exposition temporaire, d&rsquo;une publication, et donnera carte blanche \u00e0 un \u00ab\u00a0auteur\u00a0\u00bb (artiste, th\u00e9oricien, organisme).<\/p><\/blockquote>\n<h1>Publications<\/h1>\n<p>&nbsp;<\/p>\n<blockquote><p><a href=\"http:\/\/www.centrepompidou.fr\/Pompidou\/Edition.nsf\/Docs\/ID005D77736F23898AC125689B0031B4CE?OpenDocument&amp;sessionM=6.3.1&amp;L=1\" target=\"_blank\" rel=\"noopener\"><img loading=\"lazy\" decoding=\"async\" class=\"alignnone size-full wp-image-207\" title=\"actualite_du_virtuel\" src=\"https:\/\/jlggb.net\/jlb\/wp-content\/uploads\/2009\/10\/actualite_du_virtuel.jpg\" alt=\"actualite_du_virtuel\" width=\"240\" height=\"369\" srcset=\"https:\/\/jlggb.net\/jlb\/wp-content\/uploads\/2009\/10\/actualite_du_virtuel.jpg 240w, https:\/\/jlggb.net\/jlb\/wp-content\/uploads\/2009\/10\/actualite_du_virtuel-195x300.jpg 195w\" sizes=\"auto, (max-width: 240px) 100vw, 240px\" \/><\/a><\/p><\/blockquote>\n<blockquote><p><em>Actualit\u00e9 du virtuel\/Actualizing the Virtual<br \/>\n<\/em>Sous la direction de Jean-Louis Boissier<br \/>\nProduction: Centre Pompidou en collaboration avec l\u2019Universit\u00e9 Paris 8<br \/>\nBilingue fran\u00e7ais\/anglais<br \/>\nCD-Rom Mac\/PC, ISBN 2-85850-923-9<br \/>\nDiffusion Re:Voir<\/p><\/blockquote>\n<blockquote><p>Ce CD-Rom est toujours disponible (bien qu\u2019il ne fonctionne pas sur les Macintosh r\u00e9cents).<\/p><\/blockquote>\n<p>Con\u00e7u par la <em>Revue virtuelle<\/em>, dont il rend compte des conf\u00e9rences et des expositions au Centre Pompidou (Mus\u00e9e national d\u2019art moderne) de 1992 \u00e0 1996, ce CD-ROM est un ouvrage de r\u00e9f\u00e9rence, un instrument de documentation et de r\u00e9flexion. Il comprend 25 conf\u00e9rences, 155 s\u00e9quences vid\u00e9os interactives, 80 extrais d\u2019entretiens, un index, un glossaire, des biographies. Les technologies du virtuel (images de synth\u00e8se, r\u00e9alit\u00e9 virtuelle, hyperm\u00e9dias et r\u00e9seaux) y sont envisag\u00e9es dans leurs divers usages, leurs implications th\u00e9oriques et esth\u00e9tiques, et leurs perspectives artistiques. Il est \u00e0 la fois un support des \u0153uvres, un objet mus\u00e9ographique et un catalogue.<\/p>\n<h1>Expositions<\/h1>\n<p>&nbsp;<\/p>\n<p>Modules de consultation de la <em>Revue virtuelle<\/em>, Centre Pompidou, 1992. Conception : Jean-Louis Boissier. Architectes : Philippe D\u00e9lis et B\u00e9atrice Selleron.<\/p>\n<p><a href=\"https:\/\/jlggb.net\/jlb\/wp-content\/uploads\/2009\/10\/rv-1.jpg\" data-rel=\"lightbox-image-0\" data-imagelightbox=\"0\" data-rl_title=\"\" data-rl_caption=\"\"><img loading=\"lazy\" decoding=\"async\" class=\"alignnone size-full wp-image-200\" title=\"\" src=\"https:\/\/jlggb.net\/jlb\/wp-content\/uploads\/2009\/10\/rv-1.jpg\" alt=\"rv-1\" width=\"639\" height=\"426\" srcset=\"https:\/\/jlggb.net\/jlb\/wp-content\/uploads\/2009\/10\/rv-1.jpg 1024w, https:\/\/jlggb.net\/jlb\/wp-content\/uploads\/2009\/10\/rv-1-300x200.jpg 300w\" sizes=\"auto, (max-width: 639px) 100vw, 639px\" \/><br \/>\n<\/a><em>Revue virtuelle<\/em>, Centre Pompidou, Galeries contemporaines, 1992. Vue ext\u00e9rieur de l&rsquo;un des deux modules. [Photo JLB]<\/p>\n<p><a href=\"https:\/\/jlggb.net\/jlb\/wp-content\/uploads\/2009\/10\/rv-2.jpg\" data-rel=\"lightbox-image-1\" data-imagelightbox=\"1\" data-rl_title=\"\" data-rl_caption=\"\"><img loading=\"lazy\" decoding=\"async\" class=\"alignnone size-full wp-image-201\" title=\"\" src=\"https:\/\/jlggb.net\/jlb\/wp-content\/uploads\/2009\/10\/rv-2.jpg\" alt=\"rv-2\" width=\"640\" height=\"427\" srcset=\"https:\/\/jlggb.net\/jlb\/wp-content\/uploads\/2009\/10\/rv-2.jpg 1024w, https:\/\/jlggb.net\/jlb\/wp-content\/uploads\/2009\/10\/rv-2-300x200.jpg 300w\" sizes=\"auto, (max-width: 640px) 100vw, 640px\" \/><\/a><br \/>\n<em>Revue virtuelle<\/em>, Centre Pompidou, Galeries contemporaines, 1992. Vue int\u00e9rieure de l&rsquo;un des deux modules. [Photo JLB]<\/p>\n<p>Les deux modules de consultation mettent en espace trois niveaux d\u2019approche inh\u00e9rents au dispositif vid\u00e9o-interactif. Le choix des s\u00e9quences ainsi que les textes s\u2019affichent sur un \u00e9cran informatique tandis que les images sont r\u00e9p\u00e9t\u00e9es sur un grand moniteur vid\u00e9o. Il y a donc une position de lecteur pour celui qui a l\u2019initiative de piloter la lecture, \u00e0 l\u2019aide de la souris de l\u2019ordinateur, mais cette lecture vaut aussi pour deux, trois ou quatre visiteurs qui lui sont proches. Le module ayant un mur de verre, d\u2019autres regardeurs peuvent saisir la globalit\u00e9 de cette sc\u00e8ne de consultation.<\/p>\n<p>&nbsp;<\/p>\n<p><a href=\"https:\/\/jlggb.net\/jlb\/wp-content\/uploads\/2021\/01\/rv-1992-plan-scaled.jpg\" data-rel=\"lightbox-image-2\" data-imagelightbox=\"2\" data-rl_title=\"\" data-rl_caption=\"\" title=\"\"><img loading=\"lazy\" decoding=\"async\" class=\"alignnone wp-image-2951\" src=\"https:\/\/jlggb.net\/jlb\/wp-content\/uploads\/2021\/01\/rv-1992-plan-scaled.jpg\" alt=\"\" width=\"640\" height=\"905\" srcset=\"https:\/\/jlggb.net\/jlb\/wp-content\/uploads\/2021\/01\/rv-1992-plan-scaled.jpg 1811w, https:\/\/jlggb.net\/jlb\/wp-content\/uploads\/2021\/01\/rv-1992-plan-212x300.jpg 212w, https:\/\/jlggb.net\/jlb\/wp-content\/uploads\/2021\/01\/rv-1992-plan-724x1024.jpg 724w, https:\/\/jlggb.net\/jlb\/wp-content\/uploads\/2021\/01\/rv-1992-plan-768x1086.jpg 768w, https:\/\/jlggb.net\/jlb\/wp-content\/uploads\/2021\/01\/rv-1992-plan-1087x1536.jpg 1087w, https:\/\/jlggb.net\/jlb\/wp-content\/uploads\/2021\/01\/rv-1992-plan-1449x2048.jpg 1449w, https:\/\/jlggb.net\/jlb\/wp-content\/uploads\/2021\/01\/rv-1992-plan-106x150.jpg 106w\" sizes=\"auto, (max-width: 640px) 100vw, 640px\" \/><\/a><\/p>\n","protected":false},"excerpt":{"rendered":"<p>1991-1996 : co-commissariat (avec Christine van Assche et Martine Moinot, MNAM\/CCI) de La Revue virtuelle, Mus\u00e9e national d&rsquo;art moderne, Centre Pompidou. \u00c0 raison de 3 \u00ab num\u00e9ros \u00bb par an, la Revue virtuelle propose une exposition documentaire et artistique, un carnet, une conf\u00e9rence ayant trait au domaine du virtuel technologique envisag\u00e9 dans ses perspectives artistiques. &hellip; <a href=\"https:\/\/jlggb.net\/jlb\/commissariat\/1991-1996-la-revue-virtuelle\/\" class=\"more-link\">Continuer la lecture de <span class=\"screen-reader-text\">1991-1996 La Revue virtuelle<\/span><\/a><\/p>\n","protected":false},"author":2,"featured_media":0,"parent":593,"menu_order":15,"comment_status":"closed","ping_status":"closed","template":"","meta":{"footnotes":""},"class_list":["post-199","page","type-page","status-publish","hentry"],"_links":{"self":[{"href":"https:\/\/jlggb.net\/jlb\/wp-json\/wp\/v2\/pages\/199","targetHints":{"allow":["GET"]}}],"collection":[{"href":"https:\/\/jlggb.net\/jlb\/wp-json\/wp\/v2\/pages"}],"about":[{"href":"https:\/\/jlggb.net\/jlb\/wp-json\/wp\/v2\/types\/page"}],"author":[{"embeddable":true,"href":"https:\/\/jlggb.net\/jlb\/wp-json\/wp\/v2\/users\/2"}],"replies":[{"embeddable":true,"href":"https:\/\/jlggb.net\/jlb\/wp-json\/wp\/v2\/comments?post=199"}],"version-history":[{"count":5,"href":"https:\/\/jlggb.net\/jlb\/wp-json\/wp\/v2\/pages\/199\/revisions"}],"predecessor-version":[{"id":2952,"href":"https:\/\/jlggb.net\/jlb\/wp-json\/wp\/v2\/pages\/199\/revisions\/2952"}],"up":[{"embeddable":true,"href":"https:\/\/jlggb.net\/jlb\/wp-json\/wp\/v2\/pages\/593"}],"wp:attachment":[{"href":"https:\/\/jlggb.net\/jlb\/wp-json\/wp\/v2\/media?parent=199"}],"curies":[{"name":"wp","href":"https:\/\/api.w.org\/{rel}","templated":true}]}}

<p>1991-1996 : co-commissariat (avec Christine van Assche et Martine Moinot, MNAM/CCI) de La Revue virtuelle, Musée national d&rsquo;art moderne, Centre Pompidou.</p>
<p>À raison de 3 « numéros » par an, la Revue virtuelle propose une exposition documentaire et artistique, un carnet, une conférence ayant trait au domaine du virtuel technologique envisagé dans ses perspectives artistiques.</p>
<p>Le lancement de la Revue virtuelle fait partie de Manifeste, 1992. Il est annoncé ainsi :</p>
<blockquote><p>La Revue virtuelle, c&rsquo;est un rendez-vous régulier trimestriel qui abordera la production, au statut encore mal cerné, des images de synthèse et des environnements virtuels : l&rsquo;occasion d&rsquo;une réflexion sur les différents modes de présentation et sur le nouveau tye de relation oeuvre/spectateur qu&rsquo;impliquent ces nouvelles productions.<br />
Chaue numéro de la Revue virtuelle, à raison de 3 par an, sera composé d&rsquo;une exposition temporaire, d&rsquo;une publication, et donnera carte blanche à un « auteur » (artiste, théoricien, organisme).</p></blockquote>
<h1>Publications</h1>
<p>&nbsp;</p>
<blockquote><p><a href="http://www.centrepompidou.fr/Pompidou/Edition.nsf/Docs/ID005D77736F23898AC125689B0031B4CE?OpenDocument&amp;sessionM=6.3.1&amp;L=1" target="_blank" rel="noopener"><img loading="lazy" decoding="async" class="alignnone size-full wp-image-207" title="actualite_du_virtuel" src="https://jlggb.net/jlb/wp-content/uploads/2009/10/actualite_du_virtuel.jpg" alt="actualite_du_virtuel" width="240" height="369" srcset="https://jlggb.net/jlb/wp-content/uploads/2009/10/actualite_du_virtuel.jpg 240w, https://jlggb.net/jlb/wp-content/uploads/2009/10/actualite_du_virtuel-195x300.jpg 195w" sizes="auto, (max-width: 240px) 100vw, 240px" /></a></p></blockquote>
<blockquote><p><em>Actualité du virtuel/Actualizing the Virtual<br />
</em>Sous la direction de Jean-Louis Boissier<br />
Production: Centre Pompidou en collaboration avec l’Université Paris 8<br />
Bilingue français/anglais<br />
CD-Rom Mac/PC, ISBN 2-85850-923-9<br />
Diffusion Re:Voir</p></blockquote>
<blockquote><p>Ce CD-Rom est toujours disponible (bien qu’il ne fonctionne pas sur les Macintosh récents).</p></blockquote>
<p>Conçu par la <em>Revue virtuelle</em>, dont il rend compte des conférences et des expositions au Centre Pompidou (Musée national d’art moderne) de 1992 à 1996, ce CD-ROM est un ouvrage de référence, un instrument de documentation et de réflexion. Il comprend 25 conférences, 155 séquences vidéos interactives, 80 extrais d’entretiens, un index, un glossaire, des biographies. Les technologies du virtuel (images de synthèse, réalité virtuelle, hypermédias et réseaux) y sont envisagées dans leurs divers usages, leurs implications théoriques et esthétiques, et leurs perspectives artistiques. Il est à la fois un support des œuvres, un objet muséographique et un catalogue.</p>
<h1>Expositions</h1>
<p>&nbsp;</p>
<p>Modules de consultation de la <em>Revue virtuelle</em>, Centre Pompidou, 1992. Conception : Jean-Louis Boissier. Architectes : Philippe Délis et Béatrice Selleron.</p>
<p><a href="https://jlggb.net/jlb/wp-content/uploads/2009/10/rv-1.jpg" data-rel="lightbox-image-0" data-imagelightbox="0" data-rl_title="" data-rl_caption=""><img loading="lazy" decoding="async" class="alignnone size-full wp-image-200" title="" src="https://jlggb.net/jlb/wp-content/uploads/2009/10/rv-1.jpg" alt="rv-1" width="639" height="426" srcset="https://jlggb.net/jlb/wp-content/uploads/2009/10/rv-1.jpg 1024w, https://jlggb.net/jlb/wp-content/uploads/2009/10/rv-1-300x200.jpg 300w" sizes="auto, (max-width: 639px) 100vw, 639px" /><br />
</a><em>Revue virtuelle</em>, Centre Pompidou, Galeries contemporaines, 1992. Vue extérieur de l&rsquo;un des deux modules. [Photo JLB]</p>
<p><a href="https://jlggb.net/jlb/wp-content/uploads/2009/10/rv-2.jpg" data-rel="lightbox-image-1" data-imagelightbox="1" data-rl_title="" data-rl_caption=""><img loading="lazy" decoding="async" class="alignnone size-full wp-image-201" title="" src="https://jlggb.net/jlb/wp-content/uploads/2009/10/rv-2.jpg" alt="rv-2" width="640" height="427" srcset="https://jlggb.net/jlb/wp-content/uploads/2009/10/rv-2.jpg 1024w, https://jlggb.net/jlb/wp-content/uploads/2009/10/rv-2-300x200.jpg 300w" sizes="auto, (max-width: 640px) 100vw, 640px" /></a><br />
<em>Revue virtuelle</em>, Centre Pompidou, Galeries contemporaines, 1992. Vue intérieure de l&rsquo;un des deux modules. [Photo JLB]</p>
<p>Les deux modules de consultation mettent en espace trois niveaux d’approche inhérents au dispositif vidéo-interactif. Le choix des séquences ainsi que les textes s’affichent sur un écran informatique tandis que les images sont répétées sur un grand moniteur vidéo. Il y a donc une position de lecteur pour celui qui a l’initiative de piloter la lecture, à l’aide de la souris de l’ordinateur, mais cette lecture vaut aussi pour deux, trois ou quatre visiteurs qui lui sont proches. Le module ayant un mur de verre, d’autres regardeurs peuvent saisir la globalité de cette scène de consultation.</p>
<p>&nbsp;</p>
<p><a href="https://jlggb.net/jlb/wp-content/uploads/2021/01/rv-1992-plan-scaled.jpg" data-rel="lightbox-image-2" data-imagelightbox="2" data-rl_title="" data-rl_caption="" title=""><img loading="lazy" decoding="async" class="alignnone wp-image-2951" src="https://jlggb.net/jlb/wp-content/uploads/2021/01/rv-1992-plan-scaled.jpg" alt="" width="640" height="905" srcset="https://jlggb.net/jlb/wp-content/uploads/2021/01/rv-1992-plan-scaled.jpg 1811w, https://jlggb.net/jlb/wp-content/uploads/2021/01/rv-1992-plan-212x300.jpg 212w, https://jlggb.net/jlb/wp-content/uploads/2021/01/rv-1992-plan-724x1024.jpg 724w, https://jlggb.net/jlb/wp-content/uploads/2021/01/rv-1992-plan-768x1086.jpg 768w, https://jlggb.net/jlb/wp-content/uploads/2021/01/rv-1992-plan-1087x1536.jpg 1087w, https://jlggb.net/jlb/wp-content/uploads/2021/01/rv-1992-plan-1449x2048.jpg 1449w, https://jlggb.net/jlb/wp-content/uploads/2021/01/rv-1992-plan-106x150.jpg 106w" sizes="auto, (max-width: 640px) 100vw, 640px" /></a></p>

<p>1991-1996 : co-commissariat (avec Christine van Assche et Martine Moinot, MNAM/CCI) de La Revue virtuelle, Musée national d&rsquo;art moderne, Centre Pompidou. À raison de 3 « numéros » par an, la Revue virtuelle propose une exposition documentaire et artistique, un carnet, une conférence ayant trait au domaine du virtuel technologique envisagé dans ses perspectives artistiques. &hellip; <a href="https://jlggb.net/jlb/commissariat/1991-1996-la-revue-virtuelle/" class="more-link">Continuer la lecture de <span class="screen-reader-text">1991-1996 La Revue virtuelle</span></a></p>
