{"id":1969,"date":"2016-12-06T01:58:10","date_gmt":"2016-12-06T00:58:10","guid":{"rendered":"http:\/\/jlggb.net\/jlb\/?page_id=1969"},"modified":"2023-01-19T16:58:03","modified_gmt":"2023-01-19T15:58:03","slug":"2012-leurs-lumieres","status":"publish","type":"page","link":"https:\/\/jlggb.net\/jlb\/expositions-personnelles-et-collectives\/2012-leurs-lumieres\/","title":{"rendered":"2012 \u00ab leurs lumi\u00e8res \u00bb Abbaye de Saint-Riquier"},"content":{"rendered":"<p>Installation performance <em>Les Vigilambules \u2014\u00a0Lumi\u00e8res de Rousseau<\/em>, avec Dominique Cunin.<\/p>\n<p><a href=\"https:\/\/jlggb.net\/jlb\/wp-content\/uploads\/2021\/02\/emeri-miki-emile-blog.jpg\" data-rel=\"lightbox-image-0\" data-imagelightbox=\"0\" data-rl_title=\"\" data-rl_caption=\"\" title=\"\"><img loading=\"lazy\" decoding=\"async\" class=\"alignnone wp-image-3000\" src=\"https:\/\/jlggb.net\/jlb\/wp-content\/uploads\/2021\/02\/emeri-miki-emile-blog.jpg\" alt=\"\" width=\"640\" height=\"480\" srcset=\"https:\/\/jlggb.net\/jlb\/wp-content\/uploads\/2021\/02\/emeri-miki-emile-blog.jpg 1600w, https:\/\/jlggb.net\/jlb\/wp-content\/uploads\/2021\/02\/emeri-miki-emile-blog-300x225.jpg 300w, https:\/\/jlggb.net\/jlb\/wp-content\/uploads\/2021\/02\/emeri-miki-emile-blog-1024x768.jpg 1024w, https:\/\/jlggb.net\/jlb\/wp-content\/uploads\/2021\/02\/emeri-miki-emile-blog-768x576.jpg 768w, https:\/\/jlggb.net\/jlb\/wp-content\/uploads\/2021\/02\/emeri-miki-emile-blog-1536x1152.jpg 1536w, https:\/\/jlggb.net\/jlb\/wp-content\/uploads\/2021\/02\/emeri-miki-emile-blog-150x113.jpg 150w\" sizes=\"auto, (max-width: 640px) 100vw, 640px\" \/><\/a><br \/>\nPremi\u00e8re pr\u00e9sentation dans l\u2019exposition \u00ab leurs lumi\u00e8res \u00bb, Centre Culturel de Rencontre de l\u2019Abbaye de Saint-Riquier \u2013 Baie de Somme, du 13 octobre au 16 d\u00e9cembre 2012.<\/p>\n<p>Voir :<br \/>\n<a href=\"https:\/\/jlggb.net\/jlb\/?page_id=2997\">https:\/\/jlggb.net\/jlb\/?page_id=2997<\/a><\/p>\n","protected":false},"excerpt":{"rendered":"<p>Installation performance Les Vigilambules \u2014\u00a0Lumi\u00e8res de Rousseau, avec Dominique Cunin. Premi\u00e8re pr\u00e9sentation dans l\u2019exposition \u00ab leurs lumi\u00e8res \u00bb, Centre Culturel de Rencontre de l\u2019Abbaye de Saint-Riquier \u2013 Baie de Somme, du 13 octobre au 16 d\u00e9cembre 2012. Voir : https:\/\/jlggb.net\/jlb\/?page_id=2997<\/p>\n","protected":false},"author":2,"featured_media":0,"parent":650,"menu_order":0,"comment_status":"closed","ping_status":"closed","template":"","meta":{"footnotes":""},"class_list":["post-1969","page","type-page","status-publish","hentry"],"_links":{"self":[{"href":"https:\/\/jlggb.net\/jlb\/wp-json\/wp\/v2\/pages\/1969","targetHints":{"allow":["GET"]}}],"collection":[{"href":"https:\/\/jlggb.net\/jlb\/wp-json\/wp\/v2\/pages"}],"about":[{"href":"https:\/\/jlggb.net\/jlb\/wp-json\/wp\/v2\/types\/page"}],"author":[{"embeddable":true,"href":"https:\/\/jlggb.net\/jlb\/wp-json\/wp\/v2\/users\/2"}],"replies":[{"embeddable":true,"href":"https:\/\/jlggb.net\/jlb\/wp-json\/wp\/v2\/comments?post=1969"}],"version-history":[{"count":6,"href":"https:\/\/jlggb.net\/jlb\/wp-json\/wp\/v2\/pages\/1969\/revisions"}],"predecessor-version":[{"id":3197,"href":"https:\/\/jlggb.net\/jlb\/wp-json\/wp\/v2\/pages\/1969\/revisions\/3197"}],"up":[{"embeddable":true,"href":"https:\/\/jlggb.net\/jlb\/wp-json\/wp\/v2\/pages\/650"}],"wp:attachment":[{"href":"https:\/\/jlggb.net\/jlb\/wp-json\/wp\/v2\/media?parent=1969"}],"curies":[{"name":"wp","href":"https:\/\/api.w.org\/{rel}","templated":true}]}}

2012 « leurs lumières » Abbaye de Saint-Riquier

<p>Installation performance <em>Les Vigilambules — Lumières de Rousseau</em>, avec Dominique Cunin.</p>
<p><a href="https://jlggb.net/jlb/wp-content/uploads/2021/02/emeri-miki-emile-blog.jpg" data-rel="lightbox-image-0" data-imagelightbox="0" data-rl_title="" data-rl_caption="" title=""><img loading="lazy" decoding="async" class="alignnone wp-image-3000" src="https://jlggb.net/jlb/wp-content/uploads/2021/02/emeri-miki-emile-blog.jpg" alt="" width="640" height="480" srcset="https://jlggb.net/jlb/wp-content/uploads/2021/02/emeri-miki-emile-blog.jpg 1600w, https://jlggb.net/jlb/wp-content/uploads/2021/02/emeri-miki-emile-blog-300x225.jpg 300w, https://jlggb.net/jlb/wp-content/uploads/2021/02/emeri-miki-emile-blog-1024x768.jpg 1024w, https://jlggb.net/jlb/wp-content/uploads/2021/02/emeri-miki-emile-blog-768x576.jpg 768w, https://jlggb.net/jlb/wp-content/uploads/2021/02/emeri-miki-emile-blog-1536x1152.jpg 1536w, https://jlggb.net/jlb/wp-content/uploads/2021/02/emeri-miki-emile-blog-150x113.jpg 150w" sizes="auto, (max-width: 640px) 100vw, 640px" /></a><br />
Première présentation dans l’exposition « leurs lumières », Centre Culturel de Rencontre de l’Abbaye de Saint-Riquier – Baie de Somme, du 13 octobre au 16 décembre 2012.</p>
<p>Voir :<br />
<a href="https://jlggb.net/jlb/?page_id=2997">https://jlggb.net/jlb/?page_id=2997</a></p>

<p>Installation performance Les Vigilambules — Lumières de Rousseau, avec Dominique Cunin. Première présentation dans l’exposition « leurs lumières », Centre Culturel de Rencontre de l’Abbaye de Saint-Riquier – Baie de Somme, du 13 octobre au 16 décembre 2012. Voir : https://jlggb.net/jlb/?page_id=2997</p>
