{"id":1890,"date":"2016-12-06T00:10:39","date_gmt":"2016-12-05T23:10:39","guid":{"rendered":"http:\/\/jlggb.net\/jlb\/?page_id=1890"},"modified":"2016-12-06T00:23:16","modified_gmt":"2016-12-05T23:23:16","slug":"1993-multimediale-3-zkm","status":"publish","type":"page","link":"https:\/\/jlggb.net\/jlb\/expositions-personnelles-et-collectives\/1993-multimediale-3-zkm\/","title":{"rendered":"1993 Multimediale 3 ZKM"},"content":{"rendered":"<p>(\u00e0 compl\u00e9ter)<\/p>\n<p>R\u00e9sidence au ZKM, Karlsruhe, mai-octobre 1993<\/p>\n<p>Exposition du 6 au 13 novembre 1993<\/p>\n<p>Cr\u00e9ation de l&rsquo;installation <em>Flora petrinsularis<\/em>, 1993<\/p>\n<p>Catalogue : <em>Multimediale 3, Das Medienkunstfestival des ZKM Karlsruhe<\/em>, 160 pages<\/p>\n<p>cf pages 43-44<\/p>\n<p><a href=\"https:\/\/jlggb.net\/jlb\/wp-content\/uploads\/2016\/12\/0024_1993_MultiMediale-3.jpg\" data-rel=\"lightbox-image-0\" data-imagelightbox=\"0\" data-rl_title=\"\" data-rl_caption=\"\" title=\"\"><img loading=\"lazy\" decoding=\"async\" class=\"alignnone wp-image-1899\" src=\"https:\/\/jlggb.net\/jlb\/wp-content\/uploads\/2016\/12\/0024_1993_MultiMediale-3.jpg\" alt=\"0024_1993_multimediale-3\" width=\"320\" height=\"457\" srcset=\"https:\/\/jlggb.net\/jlb\/wp-content\/uploads\/2016\/12\/0024_1993_MultiMediale-3.jpg 900w, https:\/\/jlggb.net\/jlb\/wp-content\/uploads\/2016\/12\/0024_1993_MultiMediale-3-210x300.jpg 210w, https:\/\/jlggb.net\/jlb\/wp-content\/uploads\/2016\/12\/0024_1993_MultiMediale-3-768x1097.jpg 768w, https:\/\/jlggb.net\/jlb\/wp-content\/uploads\/2016\/12\/0024_1993_MultiMediale-3-717x1024.jpg 717w, https:\/\/jlggb.net\/jlb\/wp-content\/uploads\/2016\/12\/0024_1993_MultiMediale-3-105x150.jpg 105w\" sizes=\"auto, (max-width: 320px) 100vw, 320px\" \/><\/a><\/p>\n","protected":false},"excerpt":{"rendered":"<p>(\u00e0 compl\u00e9ter) R\u00e9sidence au ZKM, Karlsruhe, mai-octobre 1993 Exposition du 6 au 13 novembre 1993 Cr\u00e9ation de l&rsquo;installation Flora petrinsularis, 1993 Catalogue : Multimediale 3, Das Medienkunstfestival des ZKM Karlsruhe, 160 pages cf pages 43-44<\/p>\n","protected":false},"author":2,"featured_media":0,"parent":650,"menu_order":0,"comment_status":"closed","ping_status":"closed","template":"","meta":{"footnotes":""},"class_list":["post-1890","page","type-page","status-publish","hentry"],"_links":{"self":[{"href":"https:\/\/jlggb.net\/jlb\/wp-json\/wp\/v2\/pages\/1890","targetHints":{"allow":["GET"]}}],"collection":[{"href":"https:\/\/jlggb.net\/jlb\/wp-json\/wp\/v2\/pages"}],"about":[{"href":"https:\/\/jlggb.net\/jlb\/wp-json\/wp\/v2\/types\/page"}],"author":[{"embeddable":true,"href":"https:\/\/jlggb.net\/jlb\/wp-json\/wp\/v2\/users\/2"}],"replies":[{"embeddable":true,"href":"https:\/\/jlggb.net\/jlb\/wp-json\/wp\/v2\/comments?post=1890"}],"version-history":[{"count":4,"href":"https:\/\/jlggb.net\/jlb\/wp-json\/wp\/v2\/pages\/1890\/revisions"}],"predecessor-version":[{"id":1902,"href":"https:\/\/jlggb.net\/jlb\/wp-json\/wp\/v2\/pages\/1890\/revisions\/1902"}],"up":[{"embeddable":true,"href":"https:\/\/jlggb.net\/jlb\/wp-json\/wp\/v2\/pages\/650"}],"wp:attachment":[{"href":"https:\/\/jlggb.net\/jlb\/wp-json\/wp\/v2\/media?parent=1890"}],"curies":[{"name":"wp","href":"https:\/\/api.w.org\/{rel}","templated":true}]}}

<p>(à compléter)</p>
<p>Résidence au ZKM, Karlsruhe, mai-octobre 1993</p>
<p>Exposition du 6 au 13 novembre 1993</p>
<p>Création de l&rsquo;installation <em>Flora petrinsularis</em>, 1993</p>
<p>Catalogue : <em>Multimediale 3, Das Medienkunstfestival des ZKM Karlsruhe</em>, 160 pages</p>
<p>cf pages 43-44</p>
<p><a href="https://jlggb.net/jlb/wp-content/uploads/2016/12/0024_1993_MultiMediale-3.jpg" data-rel="lightbox-image-0" data-imagelightbox="0" data-rl_title="" data-rl_caption="" title=""><img loading="lazy" decoding="async" class="alignnone wp-image-1899" src="https://jlggb.net/jlb/wp-content/uploads/2016/12/0024_1993_MultiMediale-3.jpg" alt="0024_1993_multimediale-3" width="320" height="457" srcset="https://jlggb.net/jlb/wp-content/uploads/2016/12/0024_1993_MultiMediale-3.jpg 900w, https://jlggb.net/jlb/wp-content/uploads/2016/12/0024_1993_MultiMediale-3-210x300.jpg 210w, https://jlggb.net/jlb/wp-content/uploads/2016/12/0024_1993_MultiMediale-3-768x1097.jpg 768w, https://jlggb.net/jlb/wp-content/uploads/2016/12/0024_1993_MultiMediale-3-717x1024.jpg 717w, https://jlggb.net/jlb/wp-content/uploads/2016/12/0024_1993_MultiMediale-3-105x150.jpg 105w" sizes="auto, (max-width: 320px) 100vw, 320px" /></a></p>

<p>(à compléter) Résidence au ZKM, Karlsruhe, mai-octobre 1993 Exposition du 6 au 13 novembre 1993 Création de l&rsquo;installation Flora petrinsularis, 1993 Catalogue : Multimediale 3, Das Medienkunstfestival des ZKM Karlsruhe, 160 pages cf pages 43-44</p>
