{"id":1640,"date":"2016-10-25T14:10:15","date_gmt":"2016-10-25T12:10:15","guid":{"rendered":"http:\/\/jlggb.net\/jlb\/?page_id=1640"},"modified":"2022-01-23T18:08:30","modified_gmt":"2022-01-23T17:08:30","slug":"2016-bambou-ubiquiste","status":"publish","type":"page","link":"https:\/\/jlggb.net\/jlb\/travaux\/2016-bambou-ubiquiste\/","title":{"rendered":"2016 Bambou ubiquiste"},"content":{"rendered":"<p><em>Bambou ubiquiste<\/em><br \/>\nAutorisation d\u2019une lisibilit\u00e9 du monde<br \/>\nPerformances, prises de vues et installation \u00e0 Kyoto, mai-septembre 2016<br \/>\n8 tirages photographiques, 8 s\u00e9quences vid\u00e9o de 30 s en r\u00e9alit\u00e9 augment\u00e9e<\/p>\n<p>Argument<br \/>\nLa capacit\u00e9 d\u2019un mod\u00e8le num\u00e9rique \u00e0 rendre compte de l\u2019architecture et du processus de croissance d\u2019une plante est remarquable chez le bambou. Ceci n\u2019est pas \u00e9tranger aux m\u00e9thodes que la peinture classique de lettr\u00e9s chinoise et japonaise a instaur\u00e9es \u00e0 partir de caract\u00e8res pour \u00ab \u00e9crire l\u2019id\u00e9e \u00bb du bambou\u00a0: \u4e2a <em>unit\u00e9<\/em>, \u4ecb <em>entre<\/em>, \u5206\u00a0 <em>diviser<\/em>, \u7af9 (<em>zhu<\/em> en chinois, <em>take<\/em> en japonais) le bambou lui-m\u00eame, marque de l\u2019entre-n\u0153uds qui g\u00e9n\u00e8re sa croissance (1). \u4eba pour <em>humain<\/em> (<em>ren<\/em>, <em>hito<\/em>) entre aussi en ligne de compte.<br \/>\nLors d\u2019une marche de quatre journ\u00e9es dans Kyoto, des bambous sont trouv\u00e9s devant des maisons et explor\u00e9s avec l\u2019application de reconnaissance des signes #Ubiquit\u00e9 (2). Une photographie ne peut en \u00eatre prise que si un kanji de l\u2019\u00ab \u00e9criture bambou \u00bb est reconnu. Une photographie est alors plus qu\u2019une inscription, elle devient une autorisation.<br \/>\nUne exp\u00e9rience semblable est effectu\u00e9e par dix participants d\u2019un workshop \u00e0 la Nagoya University of the Arts. Associant sur un clipboard la calligraphie d\u2019un kanji de leur choix et un smartphone, ils op\u00e8rent quant \u00e0 eux une recherche et une reconnaissance perceptives et mentales. La r\u00e9alit\u00e9 augment\u00e9e est l\u00e0 pour restituer et faire partager ces performances (3).<\/p>\n<p>1. Jean-Louis Boissier, \u00ab\u00a0Pour que poussent les images \u00bb, \u00ab\u00a0Les chemins du virtuel \u00bb, num\u00e9ro sp\u00e9cial, Jean-Louis Weissberg et Martine Moinot (dir), <em>Cahiers du CCI<\/em>, Centre Pompidou, 1989. Repris dans <em>La Relation comme forme<\/em>, Mamco, Gen\u00e8ve, 2009, pp. 31-44.<br \/>\n2. Application #Ubiquit\u00e9 con\u00e7ue par Matthieu Cherubini pour l\u2019op\u00e9ration \u00ab\u00a0Ubiquit\u00e9 Reconnaissance des formes\u00a0\u00bb, exp\u00e9rimentations, expositions, workshops, Laboratoire Prospectives de l\u2019image, Caroline Bernard, \u00c9cole nationale sup\u00e9rieure de la photographie, Arles.<br \/>\n3. Responsable du workshop \u00e0 la Nagoya University of the Arts : Hajime Takeuchi. D\u00e9veloppement de l\u2019application #Kanji Clipboard\u00a0: Takehisa Mashimo.<\/p>\n<p><a href=\"https:\/\/jlggb.net\/jlb\/wp-content\/uploads\/2016\/10\/bambou-ubiquiste-bambou-take-01-2016.jpg\" data-rel=\"lightbox-image-0\" data-imagelightbox=\"0\" data-rl_title=\"\" data-rl_caption=\"\" title=\"\"><img loading=\"lazy\" decoding=\"async\" class=\"alignnone wp-image-1698\" src=\"https:\/\/jlggb.net\/jlb\/wp-content\/uploads\/2016\/10\/bambou-ubiquiste-bambou-take-01-2016.jpg\" alt=\"bambou-ubiquiste-bambou-take-01-2016\" width=\"480\" height=\"720\" srcset=\"https:\/\/jlggb.net\/jlb\/wp-content\/uploads\/2016\/10\/bambou-ubiquiste-bambou-take-01-2016.jpg 2000w, https:\/\/jlggb.net\/jlb\/wp-content\/uploads\/2016\/10\/bambou-ubiquiste-bambou-take-01-2016-200x300.jpg 200w, https:\/\/jlggb.net\/jlb\/wp-content\/uploads\/2016\/10\/bambou-ubiquiste-bambou-take-01-2016-768x1152.jpg 768w, https:\/\/jlggb.net\/jlb\/wp-content\/uploads\/2016\/10\/bambou-ubiquiste-bambou-take-01-2016-683x1024.jpg 683w, https:\/\/jlggb.net\/jlb\/wp-content\/uploads\/2016\/10\/bambou-ubiquiste-bambou-take-01-2016-100x150.jpg 100w\" sizes=\"auto, (max-width: 480px) 100vw, 480px\" \/><\/a><br \/>\nJean-Louis Boissier, <em>Bambou ubiquiste<\/em>, diptyque N\u00b01, kanji <em>take<\/em> (bambou), Kyoto, 2016<\/p>\n<p><a href=\"https:\/\/jlggb.net\/jlb\/wp-content\/uploads\/2016\/10\/bambou-ubiquiste-metro-hito-01-2016.jpg\" data-rel=\"lightbox-image-1\" data-imagelightbox=\"1\" data-rl_title=\"\" data-rl_caption=\"\" title=\"\"><img loading=\"lazy\" decoding=\"async\" class=\"alignnone wp-image-1697\" src=\"https:\/\/jlggb.net\/jlb\/wp-content\/uploads\/2016\/10\/bambou-ubiquiste-metro-hito-01-2016.jpg\" alt=\"bambou-ubiquiste-metro-hito-01-2016\" width=\"480\" height=\"720\" srcset=\"https:\/\/jlggb.net\/jlb\/wp-content\/uploads\/2016\/10\/bambou-ubiquiste-metro-hito-01-2016.jpg 2000w, https:\/\/jlggb.net\/jlb\/wp-content\/uploads\/2016\/10\/bambou-ubiquiste-metro-hito-01-2016-200x300.jpg 200w, https:\/\/jlggb.net\/jlb\/wp-content\/uploads\/2016\/10\/bambou-ubiquiste-metro-hito-01-2016-768x1152.jpg 768w, https:\/\/jlggb.net\/jlb\/wp-content\/uploads\/2016\/10\/bambou-ubiquiste-metro-hito-01-2016-683x1024.jpg 683w, https:\/\/jlggb.net\/jlb\/wp-content\/uploads\/2016\/10\/bambou-ubiquiste-metro-hito-01-2016-100x150.jpg 100w\" sizes=\"auto, (max-width: 480px) 100vw, 480px\" \/><br \/>\n<\/a>Jean-Louis Boissier, <em>Bambou ubiquiste<\/em>, diptyque N\u00b08, kanji<em> hito<\/em> (humain), Kyoto, 2016<\/p>\n<p><a href=\"https:\/\/jlggb.net\/jlb\/wp-content\/uploads\/2016\/10\/bambou-ub-ddd-2016.jpg\" data-rel=\"lightbox-image-2\" data-imagelightbox=\"2\" data-rl_title=\"\" data-rl_caption=\"\" title=\"\"><img loading=\"lazy\" decoding=\"async\" class=\"alignnone wp-image-1702\" src=\"https:\/\/jlggb.net\/jlb\/wp-content\/uploads\/2016\/10\/bambou-ub-ddd-2016.jpg\" alt=\"bambou-ub-ddd-2016\" width=\"640\" height=\"480\" srcset=\"https:\/\/jlggb.net\/jlb\/wp-content\/uploads\/2016\/10\/bambou-ub-ddd-2016.jpg 2000w, https:\/\/jlggb.net\/jlb\/wp-content\/uploads\/2016\/10\/bambou-ub-ddd-2016-300x225.jpg 300w, https:\/\/jlggb.net\/jlb\/wp-content\/uploads\/2016\/10\/bambou-ub-ddd-2016-768x576.jpg 768w, https:\/\/jlggb.net\/jlb\/wp-content\/uploads\/2016\/10\/bambou-ub-ddd-2016-1024x768.jpg 1024w, https:\/\/jlggb.net\/jlb\/wp-content\/uploads\/2016\/10\/bambou-ub-ddd-2016-150x113.jpg 150w\" sizes=\"auto, (max-width: 640px) 100vw, 640px\" \/><br \/>\n<\/a><em>Bambou ubiquiste<\/em>, installation en r\u00e9alit\u00e9 augment\u00e9e, exposition <em>Materiality-Immateriality<\/em>, galerie ddd, Kyoto, 8 septembre \u2013 29 octobre 2016.<\/p>\n<p><a href=\"https:\/\/jlggb.net\/jlb\/wp-content\/uploads\/2016\/10\/bambou-ub-arena-2016.jpg\" data-rel=\"lightbox-image-3\" data-imagelightbox=\"3\" data-rl_title=\"\" data-rl_caption=\"\" title=\"\"><img loading=\"lazy\" decoding=\"async\" class=\"alignnone wp-image-1703\" src=\"https:\/\/jlggb.net\/jlb\/wp-content\/uploads\/2016\/10\/bambou-ub-arena-2016.jpg\" alt=\"bambou-ub-arena-2016\" width=\"640\" height=\"480\" srcset=\"https:\/\/jlggb.net\/jlb\/wp-content\/uploads\/2016\/10\/bambou-ub-arena-2016.jpg 2000w, https:\/\/jlggb.net\/jlb\/wp-content\/uploads\/2016\/10\/bambou-ub-arena-2016-300x225.jpg 300w, https:\/\/jlggb.net\/jlb\/wp-content\/uploads\/2016\/10\/bambou-ub-arena-2016-768x576.jpg 768w, https:\/\/jlggb.net\/jlb\/wp-content\/uploads\/2016\/10\/bambou-ub-arena-2016-1024x768.jpg 1024w, https:\/\/jlggb.net\/jlb\/wp-content\/uploads\/2016\/10\/bambou-ub-arena-2016-150x113.jpg 150w\" sizes=\"auto, (max-width: 640px) 100vw, 640px\" \/><br \/>\n<\/a><em>Bambou ubiquiste<\/em>, installation en r\u00e9alit\u00e9 augment\u00e9e, exposition <em>Ubiquit\u00e9<\/em>, galerie Arena de l&rsquo;ENSP, Arles, 11 octobre &#8211; 2 novembre 2016.<\/p>\n<p><iframe loading=\"lazy\" src=\"http:\/\/player.vimeo.com\/video\/190628151?byline=0&amp;portrait=0&amp;color=ffffff\" width=\"640\" height=\"360\" frameborder=\"0\"><\/iframe><br \/>\nJean-Louis Boissier, vid\u00e9o de la performance et de l&rsquo;installation en r\u00e9alit\u00e9 augment\u00e9e <em>Bambou ubiquiste<\/em>, 2016, Vimeo, 2mn 40s.<\/p>\n<p>Voir : <a href=\"https:\/\/jlggb.net\/jlb\/?page_id=1619\" rel=\"noopener\" target=\"_blank\">https:\/\/jlggb.net\/jlb\/?page_id=1619<\/a><\/p>\n","protected":false},"excerpt":{"rendered":"<p>Bambou ubiquiste Autorisation d\u2019une lisibilit\u00e9 du monde Performances, prises de vues et installation \u00e0 Kyoto, mai-septembre 2016 8 tirages photographiques, 8 s\u00e9quences vid\u00e9o de 30 s en r\u00e9alit\u00e9 augment\u00e9e Argument La capacit\u00e9 d\u2019un mod\u00e8le num\u00e9rique \u00e0 rendre compte de l\u2019architecture et du processus de croissance d\u2019une plante est remarquable chez le bambou. Ceci n\u2019est pas &hellip; <a href=\"https:\/\/jlggb.net\/jlb\/travaux\/2016-bambou-ubiquiste\/\" class=\"more-link\">Continuer la lecture de <span class=\"screen-reader-text\">2016 Bambou ubiquiste<\/span><\/a><\/p>\n","protected":false},"author":2,"featured_media":0,"parent":556,"menu_order":0,"comment_status":"closed","ping_status":"closed","template":"","meta":{"footnotes":""},"class_list":["post-1640","page","type-page","status-publish","hentry"],"_links":{"self":[{"href":"https:\/\/jlggb.net\/jlb\/wp-json\/wp\/v2\/pages\/1640","targetHints":{"allow":["GET"]}}],"collection":[{"href":"https:\/\/jlggb.net\/jlb\/wp-json\/wp\/v2\/pages"}],"about":[{"href":"https:\/\/jlggb.net\/jlb\/wp-json\/wp\/v2\/types\/page"}],"author":[{"embeddable":true,"href":"https:\/\/jlggb.net\/jlb\/wp-json\/wp\/v2\/users\/2"}],"replies":[{"embeddable":true,"href":"https:\/\/jlggb.net\/jlb\/wp-json\/wp\/v2\/comments?post=1640"}],"version-history":[{"count":14,"href":"https:\/\/jlggb.net\/jlb\/wp-json\/wp\/v2\/pages\/1640\/revisions"}],"predecessor-version":[{"id":3088,"href":"https:\/\/jlggb.net\/jlb\/wp-json\/wp\/v2\/pages\/1640\/revisions\/3088"}],"up":[{"embeddable":true,"href":"https:\/\/jlggb.net\/jlb\/wp-json\/wp\/v2\/pages\/556"}],"wp:attachment":[{"href":"https:\/\/jlggb.net\/jlb\/wp-json\/wp\/v2\/media?parent=1640"}],"curies":[{"name":"wp","href":"https:\/\/api.w.org\/{rel}","templated":true}]}}