{"id":163,"date":"2009-09-09T07:49:38","date_gmt":"2009-09-09T06:49:38","guid":{"rendered":"http:\/\/jlggb.net\/jlb\/?page_id=163"},"modified":"2016-10-29T00:41:51","modified_gmt":"2016-10-28T22:41:51","slug":"2003-modus-operandi","status":"publish","type":"page","link":"https:\/\/jlggb.net\/jlb\/travaux\/2003-modus-operandi\/","title":{"rendered":"2003 Modus operandi"},"content":{"rendered":"<p><a href=\"https:\/\/jlggb.net\/jlb\/wp-content\/uploads\/2009\/09\/modus-operandi-deux-\u00e9crans.jpg\" data-rel=\"lightbox-image-0\" data-imagelightbox=\"0\" data-rl_title=\"\" data-rl_caption=\"\"><img loading=\"lazy\" decoding=\"async\" class=\"alignnone size-full wp-image-483\" title=\"\" src=\"https:\/\/jlggb.net\/jlb\/wp-content\/uploads\/2009\/09\/modus-operandi-deux-\u00e9crans.jpg\" alt=\"\" width=\"640\" height=\"240\" srcset=\"https:\/\/jlggb.net\/jlb\/wp-content\/uploads\/2009\/09\/modus-operandi-deux-\u00e9crans.jpg 1024w, https:\/\/jlggb.net\/jlb\/wp-content\/uploads\/2009\/09\/modus-operandi-deux-\u00e9crans-300x112.jpg 300w\" sizes=\"auto, (max-width: 640px) 100vw, 640px\" \/><\/a><br \/>\nCopies d&rsquo;\u00e9crans de deux films interactifs juxtapos\u00e9s dans l&rsquo;installation <em>Modus operandi<\/em>, 2003.<\/p>\n<p><img loading=\"lazy\" decoding=\"async\" class=\"alignnone size-full wp-image-479\" title=\"modus operandi dessin\" src=\"https:\/\/jlggb.net\/jlb\/wp-content\/uploads\/2009\/09\/modus-operandi-dessin1.jpg\" alt=\"\" width=\"640\" height=\"480\" srcset=\"https:\/\/jlggb.net\/jlb\/wp-content\/uploads\/2009\/09\/modus-operandi-dessin1.jpg 640w, https:\/\/jlggb.net\/jlb\/wp-content\/uploads\/2009\/09\/modus-operandi-dessin1-300x225.jpg 300w\" sizes=\"auto, (max-width: 640px) 100vw, 640px\" \/><br \/>\n<em>Modus operandi<\/em>, installation vid\u00e9o-interactive, 2003. Dessin du dispositif.<\/p>\n<p>FICHE G\u00c9N\u00c9RIQUE<em><br \/>\nModus operandi<\/em>, installation vid\u00e9o-interactive, 2003<br \/>\nConception et r\u00e9alisation : Jean-Louis Boissier.<br \/>\nProduction : laboratoire Esth\u00e9tique de l\u2019interactivit\u00e9, Universit\u00e9 Paris 8, Association Transports.<\/p>\n<p><a href=\"https:\/\/jlggb.net\/jlb\/wp-content\/uploads\/2009\/09\/labo-modus-operandi.jpg\" data-rel=\"lightbox-image-1\" data-imagelightbox=\"1\" data-rl_title=\"\" data-rl_caption=\"\"><img loading=\"lazy\" decoding=\"async\" class=\"alignnone size-full wp-image-358\" title=\"\" src=\"https:\/\/jlggb.net\/jlb\/wp-content\/uploads\/2009\/09\/labo-modus-operandi.jpg\" alt=\"labo-modus-operandi\" width=\"640\" height=\"480\" srcset=\"https:\/\/jlggb.net\/jlb\/wp-content\/uploads\/2009\/09\/labo-modus-operandi.jpg 1280w, https:\/\/jlggb.net\/jlb\/wp-content\/uploads\/2009\/09\/labo-modus-operandi-300x225.jpg 300w, https:\/\/jlggb.net\/jlb\/wp-content\/uploads\/2009\/09\/labo-modus-operandi-1024x768.jpg 1024w\" sizes=\"auto, (max-width: 640px) 100vw, 640px\" \/><\/a><br \/>\nLaboratoire Esth\u00e9tique de l\u2019interactivit\u00e9, Universit\u00e9 Paris 8, avril 2003 : les deux \u00e9crans du dispositif de <em>Modus operandi.<\/em><\/p>\n<p style=\"text-align: center;\"><em><br \/>\n<a href=\"https:\/\/jlggb.net\/jlb\/wp-content\/uploads\/2009\/09\/Powermate_01.jpg\" data-rel=\"lightbox-image-2\" data-imagelightbox=\"2\" data-rl_title=\"\" data-rl_caption=\"\"><img loading=\"lazy\" decoding=\"async\" class=\"size-full wp-image-362 aligncenter\" title=\"\" src=\"https:\/\/jlggb.net\/jlb\/wp-content\/uploads\/2009\/09\/Powermate_01.jpg\" alt=\"Powermate_01\" width=\"240\" height=\"128\" srcset=\"https:\/\/jlggb.net\/jlb\/wp-content\/uploads\/2009\/09\/Powermate_01.jpg 375w, https:\/\/jlggb.net\/jlb\/wp-content\/uploads\/2009\/09\/Powermate_01-300x160.jpg 300w\" sizes=\"auto, (max-width: 240px) 100vw, 240px\" \/><br \/>\n<\/a><\/em>Contr\u00f4leur PowerMate<em><br \/>\n<\/em><\/p>\n<p style=\"text-align: left;\">ARGUMENT<\/p>\n<blockquote>\n<p style=\"text-align: left;\">Le mouvement que conna\u00eet le film dans le projecteur lui restitue un temps dont il a \u00e9t\u00e9 ass\u00e9ch\u00e9. La mise en action que conna\u00eet l\u2019image interactive dans son interface lui restitue une relation dont elle a \u00e9t\u00e9 r\u00e9duite. \u00c0 l\u2019appui de cette proposition, je peux citer l\u2019exp\u00e9rience r\u00e9cente con\u00e7ue autour de gestes simples pour l\u2019installation <em>Modus operandi<\/em> (2003) : couper un citron, lancer une balle, tendre un \u00e9lastique, essuyer des lunettes, toutes ces images peuvent \u00eatre jou\u00e9es par un m\u00eame geste, celui de tourner un bouton \u00e0 gauche ou \u00e0 droite, en insistant ou pas. Notons que l\u2019installation pr\u00e9sente simultan\u00e9ment deux s\u00e9quences ind\u00e9pendantes l\u2019une de l\u2019autre mais actionn\u00e9es par le m\u00eame bouton. Ainsi est mise en \u00e9vidence l\u2019unicit\u00e9 de la commande, autrement dit le caract\u00e8re unique de cette relation qui provient du joueur, tandis que la v\u00e9ritable interface, ce sont les images elles-m\u00eames, dans leurs variations et dans leurs diff\u00e9rences. Une remarque \u00e0 propos de ce bouton. Il s\u2019agit d\u2019un contr\u00f4leur comparable \u00e0 celui dont dispose une table de montage vid\u00e9o, de la m\u00eame famille que la manivelle de la visionneuse cin\u00e9matographique. L\u2019instrument capable de r\u00e9injecter le temps s\u2019identifie, dans notre exp\u00e9rience, \u00e0 celui qui permettrait de r\u00e9injecter de la relation. Tourner la manivelle de la cam\u00e9ra ou de la visionneuse sont des op\u00e9rations sans significations propres, mais aptes pr\u00e9cis\u00e9ment \u00e0 produire un contenu s\u00e9miotique r\u00e9f\u00e9renc\u00e9 aux objets qu\u2019elles traitent. L\u2019op\u00e9ration inverse fait sens \u00e0 son tour. Abstraire la relation, pour la donner \u00e0 r\u00e9activer ensuite, participe \u00e0 la signification, sous un r\u00e9gime d\u2019embrayeurs et d\u2019une mani\u00e8re d\u2019actes de langage.<\/p>\n<p>L\u2019aspect rudimentaire de ce bouton de contr\u00f4le oblige \u00e0 donner toute son importance \u00e0 la dimension temporelle de l\u2019interaction. Cette dimension, qui appartient \u00e0 la relation, existe toujours mais on l\u2019oublie, elle est en quelque sorte masqu\u00e9e par les interfaces que l\u2019on doit actionner, par le temps r\u00e9el qui n\u2019est autre que celui de l\u2019op\u00e9rateur. Tourner \u00e0 gauche ou \u00e0 droite, mais \u00e0 quel moment, dans quel tempo, dans quel accord avec la s\u00e9quence d\u2019images ? Cette situation binaire inscrite dans le temps permet notamment au joueur d\u2019insister, de maintenir sa demande, son action, et, sym\u00e9triquement, d\u2019abandonner, de laisser \u00e0 la machine la possibilit\u00e9 et le temps d\u2019agir. Dans la typologie de quatre couleurs con\u00e7ue pour <em>Le Petit Manuel interactif<\/em>, cit\u00e9e plus haut, deux couleurs interm\u00e9diaires doivent s\u2019ajouter : entre le bleu du suspens et le vert de l\u2019instabilit\u00e9, le bleu-vert doit signifier que le joueur, ou bien le programme, d\u00e9cideront de la sortie d\u2019un \u00e9tat en suspens ; entre le rouge de l\u2019irr\u00e9versibilit\u00e9 et le jaune de la r\u00e9versibilit\u00e9, l\u2019orange doit signifier que si le joueur cesse d\u2019actionner une transition, la machine l\u2019actionnera dans le sens inverse.<\/p>\n<p>Extrait de Jean-Louis Boissier, \u00ab L&rsquo;image relation \u00bb, <em>La Relation comme forme<\/em>, Mamco, Gen\u00e8ve, Presses du r\u00e9el, 2009, pp. 292-294<\/p><\/blockquote>\n<p><a href=\"https:\/\/jlggb.net\/jlb\/wp-content\/uploads\/2009\/09\/modus-operandi.jpg\" data-rel=\"lightbox-image-3\" data-imagelightbox=\"3\" data-rl_title=\"\" data-rl_caption=\"\"><img loading=\"lazy\" decoding=\"async\" class=\"alignnone size-full wp-image-481\" title=\"\" src=\"https:\/\/jlggb.net\/jlb\/wp-content\/uploads\/2009\/09\/modus-operandi.jpg\" alt=\"\" width=\"640\" height=\"480\" srcset=\"https:\/\/jlggb.net\/jlb\/wp-content\/uploads\/2009\/09\/modus-operandi.jpg 1280w, https:\/\/jlggb.net\/jlb\/wp-content\/uploads\/2009\/09\/modus-operandi-300x225.jpg 300w, https:\/\/jlggb.net\/jlb\/wp-content\/uploads\/2009\/09\/modus-operandi-1024x768.jpg 1024w\" sizes=\"auto, (max-width: 640px) 100vw, 640px\" \/><\/a><br \/>\nDispositif tel qu&rsquo;il doit \u00eatre transport\u00e9 pour une exposition, 2009.<\/p>\n","protected":false},"excerpt":{"rendered":"<p>Copies d&rsquo;\u00e9crans de deux films interactifs juxtapos\u00e9s dans l&rsquo;installation Modus operandi, 2003. Modus operandi, installation vid\u00e9o-interactive, 2003. Dessin du dispositif. FICHE G\u00c9N\u00c9RIQUE Modus operandi, installation vid\u00e9o-interactive, 2003 Conception et r\u00e9alisation : Jean-Louis Boissier. Production : laboratoire Esth\u00e9tique de l\u2019interactivit\u00e9, Universit\u00e9 Paris 8, Association Transports. Laboratoire Esth\u00e9tique de l\u2019interactivit\u00e9, Universit\u00e9 Paris 8, avril 2003 : les &hellip; <a href=\"https:\/\/jlggb.net\/jlb\/travaux\/2003-modus-operandi\/\" class=\"more-link\">Continuer la lecture de <span class=\"screen-reader-text\">2003 Modus operandi<\/span><\/a><\/p>\n","protected":false},"author":2,"featured_media":0,"parent":556,"menu_order":23,"comment_status":"closed","ping_status":"closed","template":"","meta":{"footnotes":""},"class_list":["post-163","page","type-page","status-publish","hentry"],"_links":{"self":[{"href":"https:\/\/jlggb.net\/jlb\/wp-json\/wp\/v2\/pages\/163","targetHints":{"allow":["GET"]}}],"collection":[{"href":"https:\/\/jlggb.net\/jlb\/wp-json\/wp\/v2\/pages"}],"about":[{"href":"https:\/\/jlggb.net\/jlb\/wp-json\/wp\/v2\/types\/page"}],"author":[{"embeddable":true,"href":"https:\/\/jlggb.net\/jlb\/wp-json\/wp\/v2\/users\/2"}],"replies":[{"embeddable":true,"href":"https:\/\/jlggb.net\/jlb\/wp-json\/wp\/v2\/comments?post=163"}],"version-history":[{"count":3,"href":"https:\/\/jlggb.net\/jlb\/wp-json\/wp\/v2\/pages\/163\/revisions"}],"predecessor-version":[{"id":1690,"href":"https:\/\/jlggb.net\/jlb\/wp-json\/wp\/v2\/pages\/163\/revisions\/1690"}],"up":[{"embeddable":true,"href":"https:\/\/jlggb.net\/jlb\/wp-json\/wp\/v2\/pages\/556"}],"wp:attachment":[{"href":"https:\/\/jlggb.net\/jlb\/wp-json\/wp\/v2\/media?parent=163"}],"curies":[{"name":"wp","href":"https:\/\/api.w.org\/{rel}","templated":true}]}}