{"id":1560,"date":"2016-07-18T00:17:56","date_gmt":"2016-07-17T22:17:56","guid":{"rendered":"http:\/\/jlggb.net\/jlb\/?page_id=1560"},"modified":"2017-11-18T23:29:12","modified_gmt":"2017-11-18T22:29:12","slug":"2015-ars-electronica","status":"publish","type":"page","link":"https:\/\/jlggb.net\/jlb\/expositions-personnelles-et-collectives\/2015-ars-electronica\/","title":{"rendered":"2015 Ars Electronica Linz"},"content":{"rendered":"<p><a href=\"https:\/\/jlggb.net\/jlb\/wp-content\/uploads\/2015\/08\/boissier-ppm-linz-2015-projection.jpg\" data-rel=\"lightbox-image-0\" data-imagelightbox=\"0\" data-rl_title=\"\" data-rl_caption=\"\" title=\"\"><img loading=\"lazy\" decoding=\"async\" class=\"alignnone wp-image-1461\" src=\"https:\/\/jlggb.net\/jlb\/wp-content\/uploads\/2015\/08\/boissier-ppm-linz-2015-projection.jpg\" alt=\"OLYMPUS DIGITAL CAMERA\" width=\"640\" height=\"480\" srcset=\"https:\/\/jlggb.net\/jlb\/wp-content\/uploads\/2015\/08\/boissier-ppm-linz-2015-projection.jpg 4400w, https:\/\/jlggb.net\/jlb\/wp-content\/uploads\/2015\/08\/boissier-ppm-linz-2015-projection-300x225.jpg 300w, https:\/\/jlggb.net\/jlb\/wp-content\/uploads\/2015\/08\/boissier-ppm-linz-2015-projection-1024x768.jpg 1024w, https:\/\/jlggb.net\/jlb\/wp-content\/uploads\/2015\/08\/boissier-ppm-linz-2015-projection-150x113.jpg 150w\" sizes=\"auto, (max-width: 640px) 100vw, 640px\" \/><\/a><br \/>\nArs Electronica, Linz, septembre 2015,\u00a0<a href=\"https:\/\/www.aec.at\/postcity\/en\/campus-paris\/\"><em>Campus Exhibition: Universit\u00e9 Paris 8<\/em><\/a>.<br \/>\nVersion 2015 de l&rsquo;installation vid\u00e9o interactive <em>P\u00e9kin pour m\u00e9moire<\/em> (1985-2015) avec images num\u00e9ris\u00e9es et projection.<br \/>\nInstallation, vid\u00e9odisque interactif (version avec ordinateur et vid\u00e9o-projecteur).<br \/>\nVoir : <a href=\"https:\/\/jlggb.net\/jlb\/?page_id=113\">https:\/\/jlggb.net\/jlb\/?page_id=113<br \/>\n<\/a><\/p>\n<p><a href=\"https:\/\/jlggb.net\/jlb\/wp-content\/uploads\/2009\/10\/linz-ars-electronica-paris-8-2015.jpg\" data-rel=\"lightbox-image-1\" data-imagelightbox=\"1\" data-rl_title=\"\" data-rl_caption=\"\" title=\"\"><img loading=\"lazy\" decoding=\"async\" class=\"alignnone wp-image-1990\" src=\"https:\/\/jlggb.net\/jlb\/wp-content\/uploads\/2009\/10\/linz-ars-electronica-paris-8-2015.jpg\" width=\"640\" height=\"427\" srcset=\"https:\/\/jlggb.net\/jlb\/wp-content\/uploads\/2009\/10\/linz-ars-electronica-paris-8-2015.jpg 2400w, https:\/\/jlggb.net\/jlb\/wp-content\/uploads\/2009\/10\/linz-ars-electronica-paris-8-2015-300x200.jpg 300w, https:\/\/jlggb.net\/jlb\/wp-content\/uploads\/2009\/10\/linz-ars-electronica-paris-8-2015-768x512.jpg 768w, https:\/\/jlggb.net\/jlb\/wp-content\/uploads\/2009\/10\/linz-ars-electronica-paris-8-2015-1024x683.jpg 1024w, https:\/\/jlggb.net\/jlb\/wp-content\/uploads\/2009\/10\/linz-ars-electronica-paris-8-2015-150x100.jpg 150w\" sizes=\"auto, (max-width: 640px) 100vw, 640px\" \/><br \/>\n<\/a>Les participants associ\u00e9s \u00e0 l&rsquo;Universit\u00e9 Paris 8.<\/p>\n","protected":false},"excerpt":{"rendered":"<p>Ars Electronica, Linz, septembre 2015,\u00a0Campus Exhibition: Universit\u00e9 Paris 8. Version 2015 de l&rsquo;installation vid\u00e9o interactive P\u00e9kin pour m\u00e9moire (1985-2015) avec images num\u00e9ris\u00e9es et projection. Installation, vid\u00e9odisque interactif (version avec ordinateur et vid\u00e9o-projecteur). Voir : https:\/\/jlggb.net\/jlb\/?page_id=113 Les participants associ\u00e9s \u00e0 l&rsquo;Universit\u00e9 Paris 8.<\/p>\n","protected":false},"author":2,"featured_media":0,"parent":650,"menu_order":0,"comment_status":"closed","ping_status":"closed","template":"","meta":{"footnotes":""},"class_list":["post-1560","page","type-page","status-publish","hentry"],"_links":{"self":[{"href":"https:\/\/jlggb.net\/jlb\/wp-json\/wp\/v2\/pages\/1560","targetHints":{"allow":["GET"]}}],"collection":[{"href":"https:\/\/jlggb.net\/jlb\/wp-json\/wp\/v2\/pages"}],"about":[{"href":"https:\/\/jlggb.net\/jlb\/wp-json\/wp\/v2\/types\/page"}],"author":[{"embeddable":true,"href":"https:\/\/jlggb.net\/jlb\/wp-json\/wp\/v2\/users\/2"}],"replies":[{"embeddable":true,"href":"https:\/\/jlggb.net\/jlb\/wp-json\/wp\/v2\/comments?post=1560"}],"version-history":[{"count":14,"href":"https:\/\/jlggb.net\/jlb\/wp-json\/wp\/v2\/pages\/1560\/revisions"}],"predecessor-version":[{"id":2197,"href":"https:\/\/jlggb.net\/jlb\/wp-json\/wp\/v2\/pages\/1560\/revisions\/2197"}],"up":[{"embeddable":true,"href":"https:\/\/jlggb.net\/jlb\/wp-json\/wp\/v2\/pages\/650"}],"wp:attachment":[{"href":"https:\/\/jlggb.net\/jlb\/wp-json\/wp\/v2\/media?parent=1560"}],"curies":[{"name":"wp","href":"https:\/\/api.w.org\/{rel}","templated":true}]}}

<p><a href="https://jlggb.net/jlb/wp-content/uploads/2015/08/boissier-ppm-linz-2015-projection.jpg" data-rel="lightbox-image-0" data-imagelightbox="0" data-rl_title="" data-rl_caption="" title=""><img loading="lazy" decoding="async" class="alignnone wp-image-1461" src="https://jlggb.net/jlb/wp-content/uploads/2015/08/boissier-ppm-linz-2015-projection.jpg" alt="OLYMPUS DIGITAL CAMERA" width="640" height="480" srcset="https://jlggb.net/jlb/wp-content/uploads/2015/08/boissier-ppm-linz-2015-projection.jpg 4400w, https://jlggb.net/jlb/wp-content/uploads/2015/08/boissier-ppm-linz-2015-projection-300x225.jpg 300w, https://jlggb.net/jlb/wp-content/uploads/2015/08/boissier-ppm-linz-2015-projection-1024x768.jpg 1024w, https://jlggb.net/jlb/wp-content/uploads/2015/08/boissier-ppm-linz-2015-projection-150x113.jpg 150w" sizes="auto, (max-width: 640px) 100vw, 640px" /></a><br />
Ars Electronica, Linz, septembre 2015, <a href="https://www.aec.at/postcity/en/campus-paris/"><em>Campus Exhibition: Université Paris 8</em></a>.<br />
Version 2015 de l&rsquo;installation vidéo interactive <em>Pékin pour mémoire</em> (1985-2015) avec images numérisées et projection.<br />
Installation, vidéodisque interactif (version avec ordinateur et vidéo-projecteur).<br />
Voir : <a href="https://jlggb.net/jlb/?page_id=113">https://jlggb.net/jlb/?page_id=113<br />
</a></p>
<p><a href="https://jlggb.net/jlb/wp-content/uploads/2009/10/linz-ars-electronica-paris-8-2015.jpg" data-rel="lightbox-image-1" data-imagelightbox="1" data-rl_title="" data-rl_caption="" title=""><img loading="lazy" decoding="async" class="alignnone wp-image-1990" src="https://jlggb.net/jlb/wp-content/uploads/2009/10/linz-ars-electronica-paris-8-2015.jpg" width="640" height="427" srcset="https://jlggb.net/jlb/wp-content/uploads/2009/10/linz-ars-electronica-paris-8-2015.jpg 2400w, https://jlggb.net/jlb/wp-content/uploads/2009/10/linz-ars-electronica-paris-8-2015-300x200.jpg 300w, https://jlggb.net/jlb/wp-content/uploads/2009/10/linz-ars-electronica-paris-8-2015-768x512.jpg 768w, https://jlggb.net/jlb/wp-content/uploads/2009/10/linz-ars-electronica-paris-8-2015-1024x683.jpg 1024w, https://jlggb.net/jlb/wp-content/uploads/2009/10/linz-ars-electronica-paris-8-2015-150x100.jpg 150w" sizes="auto, (max-width: 640px) 100vw, 640px" /><br />
</a>Les participants associés à l&rsquo;Université Paris 8.</p>

<p>Ars Electronica, Linz, septembre 2015, Campus Exhibition: Université Paris 8. Version 2015 de l&rsquo;installation vidéo interactive Pékin pour mémoire (1985-2015) avec images numérisées et projection. Installation, vidéodisque interactif (version avec ordinateur et vidéo-projecteur). Voir : https://jlggb.net/jlb/?page_id=113 Les participants associés à l&rsquo;Université Paris 8.</p>
