{"id":1300,"date":"2015-04-22T13:54:31","date_gmt":"2015-04-22T11:54:31","guid":{"rendered":"http:\/\/jlggb.net\/jlb\/?page_id=1300"},"modified":"2021-01-17T22:44:54","modified_gmt":"2021-01-17T21:44:54","slug":"2015-short-cuts","status":"publish","type":"page","link":"https:\/\/jlggb.net\/jlb\/commissariat\/2015-short-cuts\/","title":{"rendered":"2015 Short Cuts"},"content":{"rendered":"<p>Commissaire artistique : Daniel Sciboz<br \/>\nCommissaire scientifique : Jean-Louis Boissier<br \/>\nExposition au Centre PasquArt, Bienne, Suisse, 18 avril \u2014 14 juin 2015<\/p>\n<p>\u00ab\u00a0Dans un monde o\u00f9 le num\u00e9rique est omnipr\u00e9sent, l\u2019exposition collective \u201cShort Cuts\u201d propose un dialogue entre la jeune g\u00e9n\u00e9ration d\u2019artistes sp\u00e9cialis\u00e9s dans les nouveaux m\u00e9dias et le travail de leurs pr\u00e9curseurs des ann\u00e9es 1955 \u00e0 1975. Les \u0153uvres associent des r\u00e9f\u00e9rences \u00e0 la fois \u00e0 l\u2019art, \u00e0 la science ainsi qu\u2019\u00e0 la soci\u00e9t\u00e9.\u00a0\u00bb<\/p>\n<p>Liste des artistes\u00a0:<br \/>\nYacoov Agam | Giovanni Anceschi \/ Serena Cangiano \/ Davide Fornari | Samuel Bianchini \/ Sylvie Tissot | Davide Boriani | Marie-Julie Bourgeois | Thibault Brevet | Gianni Colombo | Cod.Act | Carlos Cruz-Diez | Angel Duarte | Jean Dupuy | Matthew Epler \/ The ReCode Project | Free Art and Technology (F.A.T.) Lab &amp; Synaptic Lab | Antonin Fourneau \/ Douglas Edric Stanley | Martin Fr\u00f6hlich | Karl Gerstner | Piero Gilardi | Gruppo T | Gramazio &amp; Kohler and Raffaello D\u2019Andrea in Cooperation with ETH Zurich | Gysin &amp; Vanetti | Leander Herzog | Herv\u00e9 Huitric \/ Monique Nahas | Esther Hunziker | Piotr Kowalski | J\u00fcrg Lehni | Julio Le Parc | LIA | Manfred Mohr | V\u00e9ra Molnar | Fran\u00e7ois Morellet | Yugo Nakamura \/ William Lai | NORM | Giorgio Olivero \/ Fabio Franchino \u2013 ToDo | Julien Pr\u00e9vieux | Casey Reas | Rafa\u00ebl Rozendaal | Selena Savic \/ Philipp Lammer \/ Gordan Savicic | Jes\u00fas Rafael Soto | Takis | Atsuko Tanaka | Troika | Ensemble Vortex | Yvonne Weber<\/p>\n<p>&nbsp;<\/p>\n<p><a href=\"https:\/\/www.pasquart.ch\/fr\/event\/short-cuts\/\"><img loading=\"lazy\" decoding=\"async\" class=\"alignnone wp-image-2886\" src=\"https:\/\/jlggb.net\/jlb\/wp-content\/uploads\/2021\/01\/gff_shortcuts6-1.jpg\" alt=\"\" width=\"640\" height=\"960\" srcset=\"https:\/\/jlggb.net\/jlb\/wp-content\/uploads\/2021\/01\/gff_shortcuts6-1.jpg 1365w, https:\/\/jlggb.net\/jlb\/wp-content\/uploads\/2021\/01\/gff_shortcuts6-1-200x300.jpg 200w, https:\/\/jlggb.net\/jlb\/wp-content\/uploads\/2021\/01\/gff_shortcuts6-1-683x1024.jpg 683w, https:\/\/jlggb.net\/jlb\/wp-content\/uploads\/2021\/01\/gff_shortcuts6-1-768x1152.jpg 768w, https:\/\/jlggb.net\/jlb\/wp-content\/uploads\/2021\/01\/gff_shortcuts6-1-1024x1536.jpg 1024w, https:\/\/jlggb.net\/jlb\/wp-content\/uploads\/2021\/01\/gff_shortcuts6-1-100x150.jpg 100w\" sizes=\"auto, (max-width: 640px) 100vw, 640px\" \/><\/a><\/p>\n<p>Consulter la page du Centre d&rsquo;art PASQUART, Bienne, SHORTCUTS : <a href=\"https:\/\/www.pasquart.ch\/fr\/event\/short-cuts\/\" rel=\"noopener\" target=\"_blank\">https:\/\/www.pasquart.ch\/fr\/event\/short-cuts\/<\/a><\/p>\n<p><a href=\"https:\/\/www.pasquart.ch\/fr\/event\/short-cuts\/\"><img loading=\"lazy\" decoding=\"async\" class=\"alignnone wp-image-2890\" src=\"https:\/\/jlggb.net\/jlb\/wp-content\/uploads\/2021\/01\/logo.png\" alt=\"\" width=\"128\" height=\"60\" srcset=\"https:\/\/jlggb.net\/jlb\/wp-content\/uploads\/2021\/01\/logo.png 266w, https:\/\/jlggb.net\/jlb\/wp-content\/uploads\/2021\/01\/logo-150x70.png 150w\" sizes=\"auto, (max-width: 128px) 100vw, 128px\" \/><\/a><\/p>\n<p>NOTES \u00c0 COMPL\u00c9TER<\/p>\n<p><a href=\"https:\/\/jlggb.net\/jlb\/wp-content\/uploads\/2018\/08\/kowalski-1968-cone-2015-instagram.jpg\" data-rel=\"lightbox-image-0\" data-imagelightbox=\"0\" data-rl_title=\"\" data-rl_caption=\"\" title=\"\"><img loading=\"lazy\" decoding=\"async\" class=\"alignnone size-full wp-image-2391\" src=\"https:\/\/jlggb.net\/jlb\/wp-content\/uploads\/2018\/08\/kowalski-1968-cone-2015-instagram.jpg\" alt=\"\" width=\"640\" height=\"640\" srcset=\"https:\/\/jlggb.net\/jlb\/wp-content\/uploads\/2018\/08\/kowalski-1968-cone-2015-instagram.jpg 3000w, https:\/\/jlggb.net\/jlb\/wp-content\/uploads\/2018\/08\/kowalski-1968-cone-2015-instagram-150x150.jpg 150w, https:\/\/jlggb.net\/jlb\/wp-content\/uploads\/2018\/08\/kowalski-1968-cone-2015-instagram-300x300.jpg 300w, https:\/\/jlggb.net\/jlb\/wp-content\/uploads\/2018\/08\/kowalski-1968-cone-2015-instagram-768x768.jpg 768w, https:\/\/jlggb.net\/jlb\/wp-content\/uploads\/2018\/08\/kowalski-1968-cone-2015-instagram-1024x1024.jpg 1024w\" sizes=\"auto, (max-width: 640px) 100vw, 640px\" \/><\/a><br \/>\n<a href=\"https:\/\/jlggb.net\/jlb\/wp-content\/uploads\/2018\/08\/kowalski-1968-sphere-2015-instagram.jpg\" data-rel=\"lightbox-image-1\" data-imagelightbox=\"1\" data-rl_title=\"\" data-rl_caption=\"\" title=\"\"><img loading=\"lazy\" decoding=\"async\" class=\"alignnone size-full wp-image-2392\" src=\"https:\/\/jlggb.net\/jlb\/wp-content\/uploads\/2018\/08\/kowalski-1968-sphere-2015-instagram.jpg\" alt=\"\" width=\"640\" height=\"640\" srcset=\"https:\/\/jlggb.net\/jlb\/wp-content\/uploads\/2018\/08\/kowalski-1968-sphere-2015-instagram.jpg 3000w, https:\/\/jlggb.net\/jlb\/wp-content\/uploads\/2018\/08\/kowalski-1968-sphere-2015-instagram-150x150.jpg 150w, https:\/\/jlggb.net\/jlb\/wp-content\/uploads\/2018\/08\/kowalski-1968-sphere-2015-instagram-300x300.jpg 300w, https:\/\/jlggb.net\/jlb\/wp-content\/uploads\/2018\/08\/kowalski-1968-sphere-2015-instagram-768x768.jpg 768w, https:\/\/jlggb.net\/jlb\/wp-content\/uploads\/2018\/08\/kowalski-1968-sphere-2015-instagram-1024x1024.jpg 1024w\" sizes=\"auto, (max-width: 640px) 100vw, 640px\" \/><\/a><br \/>\n<a href=\"https:\/\/jlggb.net\/jlb\/wp-content\/uploads\/2018\/08\/kowalski-1968-tract-2015-instagram.jpg\" data-rel=\"lightbox-image-2\" data-imagelightbox=\"2\" data-rl_title=\"\" data-rl_caption=\"\" title=\"\"><img loading=\"lazy\" decoding=\"async\" class=\"alignnone size-full wp-image-2393\" src=\"https:\/\/jlggb.net\/jlb\/wp-content\/uploads\/2018\/08\/kowalski-1968-tract-2015-instagram.jpg\" alt=\"\" width=\"640\" height=\"640\" srcset=\"https:\/\/jlggb.net\/jlb\/wp-content\/uploads\/2018\/08\/kowalski-1968-tract-2015-instagram.jpg 3000w, https:\/\/jlggb.net\/jlb\/wp-content\/uploads\/2018\/08\/kowalski-1968-tract-2015-instagram-150x150.jpg 150w, https:\/\/jlggb.net\/jlb\/wp-content\/uploads\/2018\/08\/kowalski-1968-tract-2015-instagram-300x300.jpg 300w, https:\/\/jlggb.net\/jlb\/wp-content\/uploads\/2018\/08\/kowalski-1968-tract-2015-instagram-768x768.jpg 768w, https:\/\/jlggb.net\/jlb\/wp-content\/uploads\/2018\/08\/kowalski-1968-tract-2015-instagram-1024x1024.jpg 1024w\" sizes=\"auto, (max-width: 640px) 100vw, 640px\" \/><\/a><br \/>\nDES ARCHIVES \/ 50 ANS. En ao\u00fbt 1968, je visite \u00e0 la Kunsthalle de Berne l\u2019exposition 12 Environnements, mont\u00e9e par Harald Szeemann. Je m\u2019arr\u00eate devant les propositions de Piotr Kowalski, accompagn\u00e9es du tract \u00ab\u00a0C\u00f4ne, sph\u00e8re, pyramide \u00e0 \u00eatre environn\u00e9s chez vous \u00bb. Photos jlb.<\/p>\n","protected":false},"excerpt":{"rendered":"<p>Commissaire artistique : Daniel Sciboz Commissaire scientifique : Jean-Louis Boissier Exposition au Centre PasquArt, Bienne, Suisse, 18 avril \u2014 14 juin 2015 \u00ab\u00a0Dans un monde o\u00f9 le num\u00e9rique est omnipr\u00e9sent, l\u2019exposition collective \u201cShort Cuts\u201d propose un dialogue entre la jeune g\u00e9n\u00e9ration d\u2019artistes sp\u00e9cialis\u00e9s dans les nouveaux m\u00e9dias et le travail de leurs pr\u00e9curseurs des ann\u00e9es &hellip; <a href=\"https:\/\/jlggb.net\/jlb\/commissariat\/2015-short-cuts\/\" class=\"more-link\">Continuer la lecture de <span class=\"screen-reader-text\">2015 Short Cuts<\/span><\/a><\/p>\n","protected":false},"author":2,"featured_media":0,"parent":593,"menu_order":0,"comment_status":"closed","ping_status":"closed","template":"","meta":{"footnotes":""},"class_list":["post-1300","page","type-page","status-publish","hentry"],"_links":{"self":[{"href":"https:\/\/jlggb.net\/jlb\/wp-json\/wp\/v2\/pages\/1300","targetHints":{"allow":["GET"]}}],"collection":[{"href":"https:\/\/jlggb.net\/jlb\/wp-json\/wp\/v2\/pages"}],"about":[{"href":"https:\/\/jlggb.net\/jlb\/wp-json\/wp\/v2\/types\/page"}],"author":[{"embeddable":true,"href":"https:\/\/jlggb.net\/jlb\/wp-json\/wp\/v2\/users\/2"}],"replies":[{"embeddable":true,"href":"https:\/\/jlggb.net\/jlb\/wp-json\/wp\/v2\/comments?post=1300"}],"version-history":[{"count":11,"href":"https:\/\/jlggb.net\/jlb\/wp-json\/wp\/v2\/pages\/1300\/revisions"}],"predecessor-version":[{"id":2894,"href":"https:\/\/jlggb.net\/jlb\/wp-json\/wp\/v2\/pages\/1300\/revisions\/2894"}],"up":[{"embeddable":true,"href":"https:\/\/jlggb.net\/jlb\/wp-json\/wp\/v2\/pages\/593"}],"wp:attachment":[{"href":"https:\/\/jlggb.net\/jlb\/wp-json\/wp\/v2\/media?parent=1300"}],"curies":[{"name":"wp","href":"https:\/\/api.w.org\/{rel}","templated":true}]}}