{"id":1132,"date":"2014-03-19T17:09:01","date_gmt":"2014-03-19T16:09:01","guid":{"rendered":"http:\/\/jlggb.net\/jlb\/?page_id=1132"},"modified":"2018-02-25T22:30:39","modified_gmt":"2018-02-25T21:30:39","slug":"2014-lecran-comme-mobile","status":"publish","type":"page","link":"https:\/\/jlggb.net\/jlb\/livres\/2014-lecran-comme-mobile\/","title":{"rendered":"2016 L&rsquo;\u00c9cran comme mobile"},"content":{"rendered":"<p><a href=\"https:\/\/jlggb.net\/jlb\/wp-content\/uploads\/2018\/02\/mes-2-livres-20180225.jpg\" data-rel=\"lightbox-image-0\" data-imagelightbox=\"0\" data-rl_title=\"\" data-rl_caption=\"\" title=\"\"><img loading=\"lazy\" decoding=\"async\" src=\"https:\/\/jlggb.net\/jlb\/wp-content\/uploads\/2018\/02\/mes-2-livres-20180225.jpg\" alt=\"\" width=\"640\" height=\"480\" class=\"alignnone size-full wp-image-2284\" srcset=\"https:\/\/jlggb.net\/jlb\/wp-content\/uploads\/2018\/02\/mes-2-livres-20180225.jpg 2000w, https:\/\/jlggb.net\/jlb\/wp-content\/uploads\/2018\/02\/mes-2-livres-20180225-300x225.jpg 300w, https:\/\/jlggb.net\/jlb\/wp-content\/uploads\/2018\/02\/mes-2-livres-20180225-768x576.jpg 768w, https:\/\/jlggb.net\/jlb\/wp-content\/uploads\/2018\/02\/mes-2-livres-20180225-1024x768.jpg 1024w, https:\/\/jlggb.net\/jlb\/wp-content\/uploads\/2018\/02\/mes-2-livres-20180225-150x113.jpg 150w\" sizes=\"auto, (max-width: 640px) 100vw, 640px\" \/><\/a><br \/>\nLibrairie du Mus\u00e9e d&rsquo;art moderne de la Ville de Paris, f\u00e9vrier 2018.<\/p>\n<p><a href=\"https:\/\/jlggb.net\/jlb\/wp-content\/uploads\/2016\/09\/EcM-couverture-copie-150.jpg\" data-rel=\"lightbox-image-1\" data-imagelightbox=\"1\" data-rl_title=\"\" data-rl_caption=\"\" title=\"\"><img loading=\"lazy\" decoding=\"async\" class=\"alignnone wp-image-1581\" src=\"https:\/\/jlggb.net\/jlb\/wp-content\/uploads\/2016\/09\/EcM-couverture-copie-150.jpg\" alt=\"ecm-couverture-copie-150\" width=\"640\" height=\"429\" srcset=\"https:\/\/jlggb.net\/jlb\/wp-content\/uploads\/2016\/09\/EcM-couverture-copie-150.jpg 2000w, https:\/\/jlggb.net\/jlb\/wp-content\/uploads\/2016\/09\/EcM-couverture-copie-150-300x201.jpg 300w, https:\/\/jlggb.net\/jlb\/wp-content\/uploads\/2016\/09\/EcM-couverture-copie-150-768x515.jpg 768w, https:\/\/jlggb.net\/jlb\/wp-content\/uploads\/2016\/09\/EcM-couverture-copie-150-1024x687.jpg 1024w, https:\/\/jlggb.net\/jlb\/wp-content\/uploads\/2016\/09\/EcM-couverture-copie-150-150x101.jpg 150w\" sizes=\"auto, (max-width: 640px) 100vw, 640px\" \/><\/a><br \/>\nParution le 3 octobre 2016 : <em>L&rsquo;\u00c9cran comme mobile<\/em>, Mamco-Gen\u00e8ve, 240 pages, 16 photographies.<br \/>\nDistribution : Presses du r\u00e9el, 22 euros <a href=\"http:\/\/www.lespressesdureel.com\/ouvrage.php?id=5028\">http:\/\/www.lespressesdureel.com\/ouvrage.php?id=5028<\/a><\/p>\n<blockquote><p>Faisant suite \u00e0 <em>La Relation comme forme<\/em>. <em>L\u2019interactivit\u00e9 en art<\/em>, d\u00e9j\u00e0 publi\u00e9 par le Mamco, ce second volume des \u00e9crits de Jean-Louis Boissier s\u2019attache \u00e0 l\u2019analyse technique et esth\u00e9tique des devenirs de l\u2019\u00e9cran. Ce dernier, omnipr\u00e9sent dans notre environnement, devenu mobile et mobilisable, conduit \u00e0 d\u2019autres formes de relations. Ces implications artistiques de la mobilit\u00e9 effective, Jean-Louis Boissier en retrace l\u2019histoire et l\u2019actualit\u00e9 et en interroge implicitement le futur, en s\u2019appuyant sur sa propre pratique exp\u00e9rimentale. Cela sur le mode d\u2019un r\u00e9cit personnel dans lequel des figures essentielles comme celles de Jean-Luc Godard et de Chris Marker c\u00f4toient celle de Masaki Fujihata, artiste inventeur de m\u00e9diums.<\/p><\/blockquote>\n<p>Sommaire<\/p>\n<p>L\u2019\u00e9cran comme mobile<\/p>\n<p>Le didactique et l\u2019essai<\/p>\n<p>L\u2019exp\u00e9rience d\u2019un cin\u00e9ma interactif<br \/>\n\u2014 Le cin\u00e9ma interactif \u2014 Les figures de l\u2019interactivit\u00e9 \u2014 L\u2019image-relation \u2014 La jouabilit\u00e9 \u2014 La variabilit\u00e9 du mod\u00e8le cin\u00e9matographique \u2014 La perspective relationnelle<\/p>\n<p>L\u2019invention de Fujihata<br \/>\n\u2014 La ligne active \u2014 La projection de soi \u2014 La d\u00e9couverte et l\u2019invention<\/p>\n<p>L\u2019\u00e9cran mobilisable<br \/>\n\u2014 Le projecteur \u00e9mancip\u00e9 \u2014 Le projecteur virtualis\u00e9 \u2014 Les visionneuses et les liseuses \u2014 Les Vigilambules<\/p>\n<p>Les immobiles<br \/>\n\u2014 L\u2019immobile d\u2019investigation \u2014 L\u2019immobile d\u2019anticipation<\/p>\n<p>Le bus des Immat\u00e9riaux<br \/>\n\u2014 L\u2019installation \u2014 La conception \u2014 La production \u2014 L\u2019inscription dans l\u2019exposition \u2014 Les suites \u2014 La probl\u00e9matique<\/p>\n<p>Le livre et l\u2019\u00e9cran<br \/>\n\u2014 Marker et son l\u00e9gendage \u2014 Godard et son truchement<\/p>\n<p>Exemples de photographies \u00a9 J.-L. Boissier<\/p>\n<p><a href=\"https:\/\/jlggb.net\/jlb\/wp-content\/uploads\/2014\/03\/EcM1-brecht-drapiers-2400.jpg\" data-rel=\"lightbox-image-2\" data-imagelightbox=\"2\" data-rl_title=\"\" data-rl_caption=\"\" title=\"\"><img loading=\"lazy\" decoding=\"async\" class=\"alignnone wp-image-2000\" src=\"https:\/\/jlggb.net\/jlb\/wp-content\/uploads\/2014\/03\/EcM1-brecht-drapiers-2400.jpg\" width=\"640\" height=\"427\" srcset=\"https:\/\/jlggb.net\/jlb\/wp-content\/uploads\/2014\/03\/EcM1-brecht-drapiers-2400.jpg 2400w, https:\/\/jlggb.net\/jlb\/wp-content\/uploads\/2014\/03\/EcM1-brecht-drapiers-2400-300x200.jpg 300w, https:\/\/jlggb.net\/jlb\/wp-content\/uploads\/2014\/03\/EcM1-brecht-drapiers-2400-768x512.jpg 768w, https:\/\/jlggb.net\/jlb\/wp-content\/uploads\/2014\/03\/EcM1-brecht-drapiers-2400-1024x683.jpg 1024w, https:\/\/jlggb.net\/jlb\/wp-content\/uploads\/2014\/03\/EcM1-brecht-drapiers-2400-150x100.jpg 150w\" sizes=\"auto, (max-width: 640px) 100vw, 640px\" \/><br \/>\n<\/a>Bertolt Brecht, <em>L\u2019Importance d\u2019\u00eatre d\u2019accord<\/em>, mise en sc\u00e8ne de Gaston Jung, Th\u00e9\u00e2tre de recherche Les Drapiers, Strasbourg, Ren\u00e9-Marie F\u00e9ret, Eve de Cantellauve, octobre 1968.<\/p>\n<p><a href=\"https:\/\/jlggb.net\/jlb\/wp-content\/uploads\/2014\/03\/EcM1-popper-electra-2400.jpg\" data-rel=\"lightbox-image-3\" data-imagelightbox=\"3\" data-rl_title=\"\" data-rl_caption=\"\" title=\"\"><img loading=\"lazy\" decoding=\"async\" class=\"alignnone wp-image-2001\" src=\"https:\/\/jlggb.net\/jlb\/wp-content\/uploads\/2014\/03\/EcM1-popper-electra-2400.jpg\" width=\"640\" height=\"427\" srcset=\"https:\/\/jlggb.net\/jlb\/wp-content\/uploads\/2014\/03\/EcM1-popper-electra-2400.jpg 2400w, https:\/\/jlggb.net\/jlb\/wp-content\/uploads\/2014\/03\/EcM1-popper-electra-2400-300x200.jpg 300w, https:\/\/jlggb.net\/jlb\/wp-content\/uploads\/2014\/03\/EcM1-popper-electra-2400-768x512.jpg 768w, https:\/\/jlggb.net\/jlb\/wp-content\/uploads\/2014\/03\/EcM1-popper-electra-2400-1024x683.jpg 1024w, https:\/\/jlggb.net\/jlb\/wp-content\/uploads\/2014\/03\/EcM1-popper-electra-2400-150x100.jpg 150w\" sizes=\"auto, (max-width: 640px) 100vw, 640px\" \/><\/a><br \/>\nFrank Popper, pr\u00e9paration de l\u2019exposition <em>Electra<\/em>, Mus\u00e9e d\u2019art moderne de la Ville de Paris, octobre 1983.<\/p>\n<p><img loading=\"lazy\" decoding=\"async\" class=\"alignnone wp-image-2002\" src=\"https:\/\/jlggb.net\/jlb\/wp-content\/uploads\/2014\/03\/EcM2-matrice-2400.jpg\" width=\"640\" height=\"480\" srcset=\"https:\/\/jlggb.net\/jlb\/wp-content\/uploads\/2014\/03\/EcM2-matrice-2400.jpg 2400w, https:\/\/jlggb.net\/jlb\/wp-content\/uploads\/2014\/03\/EcM2-matrice-2400-300x225.jpg 300w, https:\/\/jlggb.net\/jlb\/wp-content\/uploads\/2014\/03\/EcM2-matrice-2400-768x576.jpg 768w, https:\/\/jlggb.net\/jlb\/wp-content\/uploads\/2014\/03\/EcM2-matrice-2400-1024x768.jpg 1024w, https:\/\/jlggb.net\/jlb\/wp-content\/uploads\/2014\/03\/EcM2-matrice-2400-150x113.jpg 150w\" sizes=\"auto, (max-width: 640px) 100vw, 640px\" \/><br \/>\n<em>Cin\u00e9ma matriciel<\/em>, prototype interactif, Haute \u00e9cole d\u2019art et de design, Gen\u00e8ve, mars 2008.<\/p>\n<p><a href=\"https:\/\/jlggb.net\/jlb\/wp-content\/uploads\/2014\/03\/EcM6-bus-stdenis-2400.jpg\" data-rel=\"lightbox-image-4\" data-imagelightbox=\"4\" data-rl_title=\"\" data-rl_caption=\"\" title=\"\"><img loading=\"lazy\" decoding=\"async\" class=\"alignnone wp-image-2003\" src=\"https:\/\/jlggb.net\/jlb\/wp-content\/uploads\/2014\/03\/EcM6-bus-stdenis-2400.jpg\" width=\"640\" height=\"427\" srcset=\"https:\/\/jlggb.net\/jlb\/wp-content\/uploads\/2014\/03\/EcM6-bus-stdenis-2400.jpg 2400w, https:\/\/jlggb.net\/jlb\/wp-content\/uploads\/2014\/03\/EcM6-bus-stdenis-2400-300x200.jpg 300w, https:\/\/jlggb.net\/jlb\/wp-content\/uploads\/2014\/03\/EcM6-bus-stdenis-2400-768x512.jpg 768w, https:\/\/jlggb.net\/jlb\/wp-content\/uploads\/2014\/03\/EcM6-bus-stdenis-2400-1024x683.jpg 1024w, https:\/\/jlggb.net\/jlb\/wp-content\/uploads\/2014\/03\/EcM6-bus-stdenis-2400-150x100.jpg 150w\" sizes=\"auto, (max-width: 640px) 100vw, 640px\" \/><\/a><br \/>\nAutobus de la RATP, Porte de Paris, Saint-Denis, rep\u00e9rage pour le vid\u00e9odisque <em>Le Bus<\/em>, mai 1984.<\/p>\n<p><img loading=\"lazy\" decoding=\"async\" class=\"alignnone wp-image-2004\" src=\"https:\/\/jlggb.net\/jlb\/wp-content\/uploads\/2014\/03\/EcM6-PpM-2400.jpg\" width=\"640\" height=\"427\" srcset=\"https:\/\/jlggb.net\/jlb\/wp-content\/uploads\/2014\/03\/EcM6-PpM-2400.jpg 2400w, https:\/\/jlggb.net\/jlb\/wp-content\/uploads\/2014\/03\/EcM6-PpM-2400-300x200.jpg 300w, https:\/\/jlggb.net\/jlb\/wp-content\/uploads\/2014\/03\/EcM6-PpM-2400-768x512.jpg 768w, https:\/\/jlggb.net\/jlb\/wp-content\/uploads\/2014\/03\/EcM6-PpM-2400-1024x683.jpg 1024w, https:\/\/jlggb.net\/jlb\/wp-content\/uploads\/2014\/03\/EcM6-PpM-2400-150x100.jpg 150w\" sizes=\"auto, (max-width: 640px) 100vw, 640px\" \/><br \/>\n<em>P\u00e9kin pour m\u00e9moire<\/em>, installation avec vid\u00e9odisque, 1985-1986, Biennale de Venise, Liliane Terrier, juin 1986.<\/p>\n<p><a href=\"https:\/\/jlggb.net\/jlb\/wp-content\/uploads\/2014\/03\/EcM5-tgv-iphone-2000.jpg\" data-rel=\"lightbox-image-5\" data-imagelightbox=\"5\" data-rl_title=\"\" data-rl_caption=\"\" title=\"\"><img loading=\"lazy\" decoding=\"async\" class=\"alignnone wp-image-2012\" src=\"https:\/\/jlggb.net\/jlb\/wp-content\/uploads\/2014\/03\/EcM5-tgv-iphone-2000.jpg\" width=\"640\" height=\"480\" srcset=\"https:\/\/jlggb.net\/jlb\/wp-content\/uploads\/2014\/03\/EcM5-tgv-iphone-2000.jpg 2000w, https:\/\/jlggb.net\/jlb\/wp-content\/uploads\/2014\/03\/EcM5-tgv-iphone-2000-300x225.jpg 300w, https:\/\/jlggb.net\/jlb\/wp-content\/uploads\/2014\/03\/EcM5-tgv-iphone-2000-768x576.jpg 768w, https:\/\/jlggb.net\/jlb\/wp-content\/uploads\/2014\/03\/EcM5-tgv-iphone-2000-1024x768.jpg 1024w, https:\/\/jlggb.net\/jlb\/wp-content\/uploads\/2014\/03\/EcM5-tgv-iphone-2000-150x113.jpg 150w\" sizes=\"auto, (max-width: 640px) 100vw, 640px\" \/><br \/>\n<\/a>Smartphone avec Google Maps, TGV en direction d\u2019Aix-les-Bains, juillet 2014.<\/p>\n<p><a href=\"https:\/\/jlggb.net\/jlb\/wp-content\/uploads\/2014\/03\/EcM7-marker-cine-tract-2400.jpg\" data-rel=\"lightbox-image-6\" data-imagelightbox=\"6\" data-rl_title=\"\" data-rl_caption=\"\" title=\"\"><img loading=\"lazy\" decoding=\"async\" class=\"alignnone wp-image-2006\" src=\"https:\/\/jlggb.net\/jlb\/wp-content\/uploads\/2014\/03\/EcM7-marker-cine-tract-2400.jpg\" width=\"640\" height=\"480\" srcset=\"https:\/\/jlggb.net\/jlb\/wp-content\/uploads\/2014\/03\/EcM7-marker-cine-tract-2400.jpg 2400w, https:\/\/jlggb.net\/jlb\/wp-content\/uploads\/2014\/03\/EcM7-marker-cine-tract-2400-300x225.jpg 300w, https:\/\/jlggb.net\/jlb\/wp-content\/uploads\/2014\/03\/EcM7-marker-cine-tract-2400-768x576.jpg 768w, https:\/\/jlggb.net\/jlb\/wp-content\/uploads\/2014\/03\/EcM7-marker-cine-tract-2400-1024x768.jpg 1024w, https:\/\/jlggb.net\/jlb\/wp-content\/uploads\/2014\/03\/EcM7-marker-cine-tract-2400-150x113.jpg 150w\" sizes=\"auto, (max-width: 640px) 100vw, 640px\" \/><br \/>\n<\/a><em>Cin\u00e9-Tract<\/em>, 1968, \u00e9criture de Chris Marker, collection de Nadja Ringart, Biblioth\u00e8que nationale de France, octobre 2015.<\/p>\n<p><a href=\"https:\/\/jlggb.net\/jlb\/wp-content\/uploads\/2014\/03\/EcM7-marker-rer-2400.jpg\" data-rel=\"lightbox-image-7\" data-imagelightbox=\"7\" data-rl_title=\"\" data-rl_caption=\"\" title=\"\"><img loading=\"lazy\" decoding=\"async\" class=\"alignnone wp-image-2007\" src=\"https:\/\/jlggb.net\/jlb\/wp-content\/uploads\/2014\/03\/EcM7-marker-rer-2400.jpg\" width=\"640\" height=\"360\" srcset=\"https:\/\/jlggb.net\/jlb\/wp-content\/uploads\/2014\/03\/EcM7-marker-rer-2400.jpg 2400w, https:\/\/jlggb.net\/jlb\/wp-content\/uploads\/2014\/03\/EcM7-marker-rer-2400-300x169.jpg 300w, https:\/\/jlggb.net\/jlb\/wp-content\/uploads\/2014\/03\/EcM7-marker-rer-2400-768x432.jpg 768w, https:\/\/jlggb.net\/jlb\/wp-content\/uploads\/2014\/03\/EcM7-marker-rer-2400-1024x576.jpg 1024w, https:\/\/jlggb.net\/jlb\/wp-content\/uploads\/2014\/03\/EcM7-marker-rer-2400-150x84.jpg 150w\" sizes=\"auto, (max-width: 640px) 100vw, 640px\" \/><br \/>\n<\/a>Chris Marker, RER Luxembourg, octobre 2010.<\/p>\n<p><a href=\"https:\/\/jlggb.net\/jlb\/wp-content\/uploads\/2014\/03\/EcM7-godard-avignon-2400.jpg\" data-rel=\"lightbox-image-8\" data-imagelightbox=\"8\" data-rl_title=\"\" data-rl_caption=\"\" title=\"\"><img loading=\"lazy\" decoding=\"async\" class=\"alignnone wp-image-2005\" src=\"https:\/\/jlggb.net\/jlb\/wp-content\/uploads\/2014\/03\/EcM7-godard-avignon-2400.jpg\" width=\"640\" height=\"427\" srcset=\"https:\/\/jlggb.net\/jlb\/wp-content\/uploads\/2014\/03\/EcM7-godard-avignon-2400.jpg 2400w, https:\/\/jlggb.net\/jlb\/wp-content\/uploads\/2014\/03\/EcM7-godard-avignon-2400-300x200.jpg 300w, https:\/\/jlggb.net\/jlb\/wp-content\/uploads\/2014\/03\/EcM7-godard-avignon-2400-768x512.jpg 768w, https:\/\/jlggb.net\/jlb\/wp-content\/uploads\/2014\/03\/EcM7-godard-avignon-2400-1024x683.jpg 1024w, https:\/\/jlggb.net\/jlb\/wp-content\/uploads\/2014\/03\/EcM7-godard-avignon-2400-150x100.jpg 150w\" sizes=\"auto, (max-width: 640px) 100vw, 640px\" \/><\/a><br \/>\nJean-Luc Godard, conf\u00e9rence de presse pour <em>La Chinoise<\/em>, Verger d\u2019Urbain V, Avignon,\u00a0ao\u00fbt 1967.<\/p>\n","protected":false},"excerpt":{"rendered":"<p>Librairie du Mus\u00e9e d&rsquo;art moderne de la Ville de Paris, f\u00e9vrier 2018. Parution le 3 octobre 2016 : L&rsquo;\u00c9cran comme mobile, Mamco-Gen\u00e8ve, 240 pages, 16 photographies. Distribution : Presses du r\u00e9el, 22 euros http:\/\/www.lespressesdureel.com\/ouvrage.php?id=5028 Faisant suite \u00e0 La Relation comme forme. L\u2019interactivit\u00e9 en art, d\u00e9j\u00e0 publi\u00e9 par le Mamco, ce second volume des \u00e9crits de &hellip; <a href=\"https:\/\/jlggb.net\/jlb\/livres\/2014-lecran-comme-mobile\/\" class=\"more-link\">Continuer la lecture de <span class=\"screen-reader-text\">2016 L&rsquo;\u00c9cran comme mobile<\/span><\/a><\/p>\n","protected":false},"author":2,"featured_media":0,"parent":637,"menu_order":0,"comment_status":"closed","ping_status":"closed","template":"","meta":{"footnotes":""},"class_list":["post-1132","page","type-page","status-publish","hentry"],"_links":{"self":[{"href":"https:\/\/jlggb.net\/jlb\/wp-json\/wp\/v2\/pages\/1132","targetHints":{"allow":["GET"]}}],"collection":[{"href":"https:\/\/jlggb.net\/jlb\/wp-json\/wp\/v2\/pages"}],"about":[{"href":"https:\/\/jlggb.net\/jlb\/wp-json\/wp\/v2\/types\/page"}],"author":[{"embeddable":true,"href":"https:\/\/jlggb.net\/jlb\/wp-json\/wp\/v2\/users\/2"}],"replies":[{"embeddable":true,"href":"https:\/\/jlggb.net\/jlb\/wp-json\/wp\/v2\/comments?post=1132"}],"version-history":[{"count":12,"href":"https:\/\/jlggb.net\/jlb\/wp-json\/wp\/v2\/pages\/1132\/revisions"}],"predecessor-version":[{"id":2285,"href":"https:\/\/jlggb.net\/jlb\/wp-json\/wp\/v2\/pages\/1132\/revisions\/2285"}],"up":[{"embeddable":true,"href":"https:\/\/jlggb.net\/jlb\/wp-json\/wp\/v2\/pages\/637"}],"wp:attachment":[{"href":"https:\/\/jlggb.net\/jlb\/wp-json\/wp\/v2\/media?parent=1132"}],"curies":[{"name":"wp","href":"https:\/\/api.w.org\/{rel}","templated":true}]}}