{"id":501,"date":"2019-01-01T23:20:36","date_gmt":"2019-01-01T22:20:36","guid":{"rendered":"http:\/\/jlggb.net\/collection\/?page_id=501"},"modified":"2019-01-02T00:35:59","modified_gmt":"2019-01-01T23:35:59","slug":"la-collection-a-loeuvre-texte-1991","status":"publish","type":"page","link":"https:\/\/jlggb.net\/collection\/?page_id=501","title":{"rendered":"la collection \u00e0 l&rsquo;\u0153uvre, texte, 1991"},"content":{"rendered":"<p><a href=\"http:\/\/jlggb.net\/collection\/wp-content\/uploads\/2019\/01\/LRP-10-t1.jpg\" data-rel=\"lightbox-image-0\" data-imagelightbox=\"0\" data-rl_title=\"\" data-rl_caption=\"\" title=\"\"><img loading=\"lazy\" decoding=\"async\" class=\"alignnone wp-image-506\" src=\"http:\/\/jlggb.net\/collection\/wp-content\/uploads\/2019\/01\/LRP-10-t1.jpg\" alt=\"\" width=\"240\" height=\"339\" srcset=\"https:\/\/jlggb.net\/collection\/wp-content\/uploads\/2019\/01\/LRP-10-t1.jpg 960w, https:\/\/jlggb.net\/collection\/wp-content\/uploads\/2019\/01\/LRP-10-t1-212x300.jpg 212w, https:\/\/jlggb.net\/collection\/wp-content\/uploads\/2019\/01\/LRP-10-t1-768x1085.jpg 768w, https:\/\/jlggb.net\/collection\/wp-content\/uploads\/2019\/01\/LRP-10-t1-725x1024.jpg 725w\" sizes=\"auto, (max-width: 240px) 100vw, 240px\" \/><\/a><\/p>\n<p>Jean-Louis Boissier<br \/>\n\u00ab La collection \u00e0 l\u2019\u0153uvre \u00bb<br \/>\nL\u2019op\u00e9ration photographique est de l\u2019ordre de la collecte, une cueillette de ce qui est peut-\u00eatre d\u00e9j\u00e0 une image. La collection est un mouvement, un protocole, qui ouvrent sur la mod\u00e9lisation, sur une intellection et une lecture des choses. La collection mise en \u0153uvre contribue \u00e0 l\u2019existence du photographique dans le champ de l\u2019art moderne et contemporain.<\/p>\n<p>Le th\u00e8me de la collection est une mani\u00e8re de conclusion \u00e0 la collaboration \u00e0 la revue <em>La Recherche photographique<\/em>, poursuivie depuis sa fondation avec Andr\u00e9 Rouill\u00e9 en 1986. Il est l\u2019un des passages vers l\u2019exploration de l\u2019interactivit\u00e9 et du virtuel en art. Il trouve ainsi son expression dans la base de donn\u00e9es consid\u00e9r\u00e9e comme pratique artistique, dans l\u2019installation <em>M\u00e9moire de crayons<\/em> et dans l\u2019entreprise men\u00e9e autour de Rousseau.\u00a0Ce texte est publi\u00e9 dans le n\u00b0 10 de <em>La Recherche photographique<\/em>, \u00ab Collection, s\u00e9rie\u00a0\u00bb, Paris, juin 1991 \u2014 couverture reproduite ci-dessus.\u00a0Il est repris dans&nbsp;: Jean-Louis Boissier,\u00a0<em>La Relation comme forme<\/em>, Mamco\/Presses du R\u00e9el, 2009.<br \/>\n<span style=\"color: #ffffff;\">&#8211;<\/span><br \/>\n<a href=\"http:\/\/jlggb.net\/jlb\/wp-pdf\/JLB_Collection.pdf\" target=\"_blank\" rel=\"noopener\"><img loading=\"lazy\" decoding=\"async\" class=\"alignnone size-full wp-image-469\" title=\"pdf\" src=\"http:\/\/jlggb.net\/jlb\/wp-content\/uploads\/2009\/08\/pdf.jpg\" alt=\"\" width=\"48\" height=\"48\" \/><\/a><br \/>\nT\u00e9l\u00e9charger ce texte en pdf&nbsp;: <a href=\"http:\/\/jlggb.net\/jlb\/wp-pdf\/JLB_Collection.pdf\" target=\"_blank\" rel=\"noopener\">http:\/\/jlggb.net\/jlb\/wp-pdf\/JLB_Collection.pdf<\/a><\/p>\n","protected":false},"excerpt":{"rendered":"<p>Jean-Louis Boissier \u00ab La collection \u00e0 l\u2019\u0153uvre \u00bb L\u2019op\u00e9ration photographique est de l\u2019ordre de la collecte, une cueillette de ce qui est peut-\u00eatre d\u00e9j\u00e0 une image. La collection est un mouvement, un protocole, qui ouvrent sur la mod\u00e9lisation, sur une intellection et une lecture des choses. La collection mise en \u0153uvre contribue \u00e0 l\u2019existence du [&hellip;]<\/p>\n","protected":false},"author":1,"featured_media":0,"parent":0,"menu_order":9,"comment_status":"closed","ping_status":"closed","template":"","meta":{"footnotes":""},"class_list":["post-501","page","type-page","status-publish","hentry"],"_links":{"self":[{"href":"https:\/\/jlggb.net\/collection\/index.php?rest_route=\/wp\/v2\/pages\/501","targetHints":{"allow":["GET"]}}],"collection":[{"href":"https:\/\/jlggb.net\/collection\/index.php?rest_route=\/wp\/v2\/pages"}],"about":[{"href":"https:\/\/jlggb.net\/collection\/index.php?rest_route=\/wp\/v2\/types\/page"}],"author":[{"embeddable":true,"href":"https:\/\/jlggb.net\/collection\/index.php?rest_route=\/wp\/v2\/users\/1"}],"replies":[{"embeddable":true,"href":"https:\/\/jlggb.net\/collection\/index.php?rest_route=%2Fwp%2Fv2%2Fcomments&post=501"}],"version-history":[{"count":6,"href":"https:\/\/jlggb.net\/collection\/index.php?rest_route=\/wp\/v2\/pages\/501\/revisions"}],"predecessor-version":[{"id":537,"href":"https:\/\/jlggb.net\/collection\/index.php?rest_route=\/wp\/v2\/pages\/501\/revisions\/537"}],"wp:attachment":[{"href":"https:\/\/jlggb.net\/collection\/index.php?rest_route=%2Fwp%2Fv2%2Fmedia&parent=501"}],"curies":[{"name":"wp","href":"https:\/\/api.w.org\/{rel}","templated":true}]}}