{"id":1323,"date":"2020-01-28T11:23:19","date_gmt":"2020-01-28T10:23:19","guid":{"rendered":"http:\/\/jlggb.net\/collection\/?page_id=1323"},"modified":"2023-03-05T22:53:26","modified_gmt":"2023-03-05T21:53:26","slug":"workshop-fevrier-2020","status":"publish","type":"page","link":"https:\/\/jlggb.net\/collection\/?page_id=1323","title":{"rendered":"inventaire de motifs \u00e0 consulter"},"content":{"rendered":"<p><a href=\"http:\/\/jlggb.net\/collection\/\">Retour \u00e0 l&rsquo;accueil<\/a><\/p>\n<h3><strong>DES EXEMPLES DE MOTIFS DE TRAITS AU PINCEAU, EXTRAIT D&rsquo;UNE ENCYCLOP\u00c9DIE DE 975 SOBA CHOKO ANCIENS<br \/>\n<\/strong><strong>\u00c9TABLIE PAR KENDON KISHIMA\u00a0\u5cb8\u9593\u5065\u8caa<br \/>\nVOIR = <a href=\"http:\/\/sobachoko.jp\/\" target=\"_blank\" rel=\"noopener\">http:\/\/sobachoko.jp\/<\/a><\/strong><\/h3>\n<p><img loading=\"lazy\" decoding=\"async\" class=\"wp-image-2337 aligncenter\" src=\"http:\/\/jlggb.net\/collection\/wp-content\/uploads\/2022\/06\/KENJI-KISHIMA.jpg\" alt=\"\" width=\"160\" height=\"192\" srcset=\"https:\/\/jlggb.net\/collection\/wp-content\/uploads\/2022\/06\/KENJI-KISHIMA.jpg 696w, https:\/\/jlggb.net\/collection\/wp-content\/uploads\/2022\/06\/KENJI-KISHIMA-250x300.jpg 250w\" sizes=\"auto, (max-width: 160px) 100vw, 160px\" \/><\/p>\n<p style=\"text-align: center;\">Le collectionneur et auteur&nbsp;:<\/p>\n<p style=\"text-align: center;\">\u5cb8\u9593\u5065\u8caa<\/p>\n<p style=\"text-align: center;\">Kendon Kishima<\/p>\n<p style=\"text-align: left;\"><a href=\"http:\/\/jlggb.net\/collection\/wp-content\/uploads\/2020\/01\/sobachoko-antiques.jpg\" data-rel=\"lightbox-image-0\" data-imagelightbox=\"0\" data-rl_title=\"\" data-rl_caption=\"\" title=\"\"><img loading=\"lazy\" decoding=\"async\" class=\"alignnone wp-image-1379 size-full\" src=\"http:\/\/jlggb.net\/collection\/wp-content\/uploads\/2020\/01\/sobachoko-antiques.jpg\" alt=\"\" width=\"2000\" height=\"1500\" srcset=\"https:\/\/jlggb.net\/collection\/wp-content\/uploads\/2020\/01\/sobachoko-antiques.jpg 2000w, https:\/\/jlggb.net\/collection\/wp-content\/uploads\/2020\/01\/sobachoko-antiques-300x225.jpg 300w, https:\/\/jlggb.net\/collection\/wp-content\/uploads\/2020\/01\/sobachoko-antiques-768x576.jpg 768w, https:\/\/jlggb.net\/collection\/wp-content\/uploads\/2020\/01\/sobachoko-antiques-1024x768.jpg 1024w\" sizes=\"auto, (max-width: 2000px) 100vw, 2000px\" \/><\/a><span style=\"color: #ff0000;\"><em><span class=\"\">Les photos de Soba Choko ont \u00e9t\u00e9 prises par Akari Hatakeyama. <\/span>Leur utilisation non autoris\u00e9e est interdite.<\/em><\/span><\/p>\n<p>SOBA CHOKO TRADITIONNELS ACTUELS ARITA 2013<\/p>\n<p><a href=\"http:\/\/jlggb.net\/blog3\/wp-content\/uploads\/2013\/10\/keizan-boutons-pers.jpg\" data-rel=\"lightbox-image-1\" data-imagelightbox=\"1\" data-rl_title=\"\" data-rl_caption=\"\" title=\"\"><img loading=\"lazy\" decoding=\"async\" class=\"size-full wp-image-6969\" src=\"http:\/\/jlggb.net\/blog3\/wp-content\/uploads\/2013\/10\/keizan-boutons-pers.jpg\" alt=\"keizan boutons pers\" width=\"640\" height=\"480\" \/><\/a><\/p>\n<p><a href=\"http:\/\/jlggb.net\/blog3\/wp-content\/uploads\/2013\/10\/keizan-fleur-pers.jpg\" data-rel=\"lightbox-image-2\" data-imagelightbox=\"2\" data-rl_title=\"\" data-rl_caption=\"\" title=\"\"><img loading=\"lazy\" decoding=\"async\" class=\"size-full wp-image-6970\" src=\"http:\/\/jlggb.net\/blog3\/wp-content\/uploads\/2013\/10\/keizan-fleur-pers.jpg\" alt=\"keizan fleur pers\" width=\"640\" height=\"480\" \/><\/a><\/p>\n<p><a href=\"http:\/\/jlggb.net\/blog3\/wp-content\/uploads\/2013\/10\/keizan-rayures-pers.jpg\" data-rel=\"lightbox-image-3\" data-imagelightbox=\"3\" data-rl_title=\"\" data-rl_caption=\"\" title=\"\"><img loading=\"lazy\" decoding=\"async\" class=\"size-full wp-image-6971\" src=\"http:\/\/jlggb.net\/blog3\/wp-content\/uploads\/2013\/10\/keizan-rayures-pers.jpg\" alt=\"keizan rayures pers\" width=\"640\" height=\"480\" \/><\/a><\/p>\n<p><a href=\"http:\/\/jlggb.net\/blog3\/wp-content\/uploads\/2013\/10\/keizan-zigzag-pers.jpg\" data-rel=\"lightbox-image-4\" data-imagelightbox=\"4\" data-rl_title=\"\" data-rl_caption=\"\" title=\"\"><img loading=\"lazy\" decoding=\"async\" class=\"size-full wp-image-6972\" src=\"http:\/\/jlggb.net\/blog3\/wp-content\/uploads\/2013\/10\/keizan-zigzag-pers.jpg\" alt=\"keizan zigzag pers\" width=\"640\" height=\"480\" \/><\/a><\/p>\n<p><a href=\"http:\/\/jlggb.net\/blog3\/wp-content\/uploads\/2013\/10\/dainichi-bambou-pers.jpg\" data-rel=\"lightbox-image-5\" data-imagelightbox=\"5\" data-rl_title=\"\" data-rl_caption=\"\" title=\"\"><img loading=\"lazy\" decoding=\"async\" class=\"size-full wp-image-6973\" src=\"http:\/\/jlggb.net\/blog3\/wp-content\/uploads\/2013\/10\/dainichi-bambou-pers.jpg\" alt=\"dainichi bambou pers\" width=\"640\" height=\"480\" \/><\/a><\/p>\n<p><a href=\"http:\/\/jlggb.net\/blog3\/wp-content\/uploads\/2013\/10\/dainichi-fleur-pers.jpg\" data-rel=\"lightbox-image-6\" data-imagelightbox=\"6\" data-rl_title=\"\" data-rl_caption=\"\" title=\"\"><img loading=\"lazy\" decoding=\"async\" class=\"size-full wp-image-6974\" src=\"http:\/\/jlggb.net\/blog3\/wp-content\/uploads\/2013\/10\/dainichi-fleur-pers.jpg\" alt=\"dainichi fleur pers\" width=\"640\" height=\"480\" \/><\/a><\/p>\n<p><a href=\"http:\/\/jlggb.net\/blog3\/wp-content\/uploads\/2013\/10\/dainichi-mickey-pers.jpg\" data-rel=\"lightbox-image-7\" data-imagelightbox=\"7\" data-rl_title=\"\" data-rl_caption=\"\" title=\"\"><img loading=\"lazy\" decoding=\"async\" class=\"size-full wp-image-6975\" src=\"http:\/\/jlggb.net\/blog3\/wp-content\/uploads\/2013\/10\/dainichi-mickey-pers.jpg\" alt=\"dainichi mickey pers\" width=\"640\" height=\"480\" \/><\/a><\/p>\n<p><a href=\"http:\/\/jlggb.net\/blog3\/wp-content\/uploads\/2013\/10\/dainichi-vagues-pers.jpg\" data-rel=\"lightbox-image-8\" data-imagelightbox=\"8\" data-rl_title=\"\" data-rl_caption=\"\" title=\"\"><img loading=\"lazy\" decoding=\"async\" class=\"size-full wp-image-6976\" src=\"http:\/\/jlggb.net\/blog3\/wp-content\/uploads\/2013\/10\/dainichi-vagues-pers.jpg\" alt=\"dainichi vagues pers\" width=\"640\" height=\"480\" \/><\/a><\/p>\n<p>Collection jlb.<br \/>\n<span style=\"color: #ffffff;\"><strong>\u00a0jlbblanc<\/strong><\/span><\/p>\n<p>SOBA CHOKO KEIZAN ARITA JAPON 2013<\/p>\n<p><a href=\"http:\/\/jlggb.net\/collection\/wp-content\/uploads\/2020\/01\/keizan-mains-pinceau-le-mans.jpg\" data-rel=\"lightbox-image-9\" data-imagelightbox=\"9\" data-rl_title=\"\" data-rl_caption=\"\" title=\"\"><img loading=\"lazy\" decoding=\"async\" class=\"wp-image-1340 size-full\" src=\"http:\/\/jlggb.net\/collection\/wp-content\/uploads\/2020\/01\/keizan-mains-pinceau-le-mans.jpg\" alt=\"\" width=\"2400\" height=\"1800\" srcset=\"https:\/\/jlggb.net\/collection\/wp-content\/uploads\/2020\/01\/keizan-mains-pinceau-le-mans.jpg 2400w, https:\/\/jlggb.net\/collection\/wp-content\/uploads\/2020\/01\/keizan-mains-pinceau-le-mans-300x225.jpg 300w, https:\/\/jlggb.net\/collection\/wp-content\/uploads\/2020\/01\/keizan-mains-pinceau-le-mans-768x576.jpg 768w, https:\/\/jlggb.net\/collection\/wp-content\/uploads\/2020\/01\/keizan-mains-pinceau-le-mans-1024x768.jpg 1024w\" sizes=\"auto, (max-width: 2400px) 100vw, 2400px\" \/><\/a><\/p>\n<p>Collection jlb.<br \/>\n<span style=\"color: #ffffff;\"><strong>blanc<\/strong><\/span><\/p>\n<p>MANUEL TRAITS AU PINCEAU \u00ab\u00a0ABSTRAITS\u00a0\u00bb JAPON<\/p>\n<p><a href=\"http:\/\/jlggb.net\/collection\/wp-content\/uploads\/2020\/01\/vocabulaire-droite-lemans.jpg\" data-rel=\"lightbox-image-10\" data-imagelightbox=\"10\" data-rl_title=\"\" data-rl_caption=\"\" title=\"\"><img loading=\"lazy\" decoding=\"async\" class=\"wp-image-1345 size-full\" src=\"http:\/\/jlggb.net\/collection\/wp-content\/uploads\/2020\/01\/vocabulaire-droite-lemans.jpg\" alt=\"\" width=\"1280\" height=\"960\" srcset=\"https:\/\/jlggb.net\/collection\/wp-content\/uploads\/2020\/01\/vocabulaire-droite-lemans.jpg 1280w, https:\/\/jlggb.net\/collection\/wp-content\/uploads\/2020\/01\/vocabulaire-droite-lemans-300x225.jpg 300w, https:\/\/jlggb.net\/collection\/wp-content\/uploads\/2020\/01\/vocabulaire-droite-lemans-768x576.jpg 768w, https:\/\/jlggb.net\/collection\/wp-content\/uploads\/2020\/01\/vocabulaire-droite-lemans-1024x768.jpg 1024w\" sizes=\"auto, (max-width: 1280px) 100vw, 1280px\" \/><\/a><\/p>\n<p><a href=\"http:\/\/jlggb.net\/collection\/wp-content\/uploads\/2020\/01\/vocabulaire-gauche-lemans.jpg\" data-rel=\"lightbox-image-11\" data-imagelightbox=\"11\" data-rl_title=\"\" data-rl_caption=\"\" title=\"\"><img loading=\"lazy\" decoding=\"async\" class=\"wp-image-1346 size-full\" src=\"http:\/\/jlggb.net\/collection\/wp-content\/uploads\/2020\/01\/vocabulaire-gauche-lemans.jpg\" alt=\"\" width=\"1280\" height=\"960\" srcset=\"https:\/\/jlggb.net\/collection\/wp-content\/uploads\/2020\/01\/vocabulaire-gauche-lemans.jpg 1280w, https:\/\/jlggb.net\/collection\/wp-content\/uploads\/2020\/01\/vocabulaire-gauche-lemans-300x225.jpg 300w, https:\/\/jlggb.net\/collection\/wp-content\/uploads\/2020\/01\/vocabulaire-gauche-lemans-768x576.jpg 768w, https:\/\/jlggb.net\/collection\/wp-content\/uploads\/2020\/01\/vocabulaire-gauche-lemans-1024x768.jpg 1024w\" sizes=\"auto, (max-width: 1280px) 100vw, 1280px\" \/><\/a><\/p>\n","protected":false},"excerpt":{"rendered":"<p>Retour \u00e0 l&rsquo;accueil DES EXEMPLES DE MOTIFS DE TRAITS AU PINCEAU, EXTRAIT D&rsquo;UNE ENCYCLOP\u00c9DIE DE 975 SOBA CHOKO ANCIENS \u00c9TABLIE PAR KENDON KISHIMA\u00a0\u5cb8\u9593\u5065\u8caa VOIR = http:\/\/sobachoko.jp\/ Le collectionneur et auteur&nbsp;: \u5cb8\u9593\u5065\u8caa Kendon Kishima Les photos de Soba Choko ont \u00e9t\u00e9 prises par Akari Hatakeyama. Leur utilisation non autoris\u00e9e est interdite. SOBA CHOKO TRADITIONNELS ACTUELS ARITA [&hellip;]<\/p>\n","protected":false},"author":1,"featured_media":0,"parent":2223,"menu_order":2,"comment_status":"closed","ping_status":"closed","template":"","meta":{"footnotes":""},"class_list":["post-1323","page","type-page","status-publish","hentry"],"_links":{"self":[{"href":"https:\/\/jlggb.net\/collection\/index.php?rest_route=\/wp\/v2\/pages\/1323","targetHints":{"allow":["GET"]}}],"collection":[{"href":"https:\/\/jlggb.net\/collection\/index.php?rest_route=\/wp\/v2\/pages"}],"about":[{"href":"https:\/\/jlggb.net\/collection\/index.php?rest_route=\/wp\/v2\/types\/page"}],"author":[{"embeddable":true,"href":"https:\/\/jlggb.net\/collection\/index.php?rest_route=\/wp\/v2\/users\/1"}],"replies":[{"embeddable":true,"href":"https:\/\/jlggb.net\/collection\/index.php?rest_route=%2Fwp%2Fv2%2Fcomments&post=1323"}],"version-history":[{"count":79,"href":"https:\/\/jlggb.net\/collection\/index.php?rest_route=\/wp\/v2\/pages\/1323\/revisions"}],"predecessor-version":[{"id":3374,"href":"https:\/\/jlggb.net\/collection\/index.php?rest_route=\/wp\/v2\/pages\/1323\/revisions\/3374"}],"up":[{"embeddable":true,"href":"https:\/\/jlggb.net\/collection\/index.php?rest_route=\/wp\/v2\/pages\/2223"}],"wp:attachment":[{"href":"https:\/\/jlggb.net\/collection\/index.php?rest_route=%2Fwp%2Fv2%2Fmedia&parent=1323"}],"curies":[{"name":"wp","href":"https:\/\/api.w.org\/{rel}","templated":true}]}}