{"id":2,"date":"2021-12-16T21:45:11","date_gmt":"2021-12-16T20:45:11","guid":{"rendered":"http:\/\/jlggb.net\/blog8\/?page_id=2"},"modified":"2024-06-21T16:49:37","modified_gmt":"2024-06-21T14:49:37","slug":"page-d-exemple","status":"publish","type":"page","link":"https:\/\/jlggb.net\/blog8\/page-d-exemple\/","title":{"rendered":"Ce blog"},"content":{"rendered":"<h3>Ce blog est un album<\/h3>\n<p><a href=\"https:\/\/www.instagram.com\/jlggb\/\"><img loading=\"lazy\" decoding=\"async\" class=\"alignnone size-full wp-image-15\" src=\"http:\/\/jlggb.net\/blog7\/wp-content\/uploads\/2019\/12\/spirale-jlggbblog.jpg\" alt=\"\" width=\"68\" height=\"65\" \/><\/a><\/p>\n<p>Un <em>album<\/em>, ce sont des pages blanches reli\u00e9es entre elles. Album&nbsp;: du latin <em>album<\/em> \u00ab tableau blanc \u00bb, de <em>albus<\/em> \u00ab blanc \u00bb, un cahier, un livre cartonn\u00e9 ou reli\u00e9 contenant (ou destin\u00e9 \u00e0 contenir) une collection de dessins, de gravures, de photographies, etc. <em>Le Grand Robert<\/em>. Un album est, en ce sens, le lieu par excellence des rapprochements libres, des co\u00efncidences, ou, pour parler <em>blog<\/em>, des hyperliens.<\/p>\n<p><em>jlggbblog8<\/em>\u00a0est en cours depuis le 1er d\u00e9cembre 2021. Il prend la suite de <em>jlggbblog1<\/em>\u00a0 cr\u00e9\u00e9 le 1er d\u00e9cembre 2007, de <em>jlggbblog2<\/em>\u00a0cr\u00e9\u00e9 le 1er d\u00e9cembre 2009, de <em>jlggbblog3<\/em>\u00a0cr\u00e9\u00e9 le 1er d\u00e9cembre 20011 , de <em>jlggbblog<\/em>g4 cr\u00e9\u00e9 le 1er d\u00e9cembre 2013, de <em>jlggbblog5<\/em>\u00a0cr\u00e9\u00e9 le 1er d\u00e9cembre 2015, de <em>jlggbblog6<\/em>\u00a0cr\u00e9\u00e9 le 1er d\u00e9cembre 2017, et de\u00a0<em>jlggbblog7<\/em>\u00a0cr\u00e9\u00e9 le 1er d\u00e9cembre 2019.<\/p>\n<p>Depuis sa fondation en 2011, le journal trimestriel <em>La Couleur des jours<\/em> publie dans chaque num\u00e9ro un choix de 3 billets&nbsp;: <a href=\"http:\/\/www.lacouleurdesjours.ch\/\">http:\/\/www.lacouleurdesjours.ch\/<\/a> dans la rubrique \u00ab De l\u2019album de jlggb \u00bb.<\/p>\n<h3>Pour joindre le r\u00e9dacteur<\/h3>\n<h3><img loading=\"lazy\" decoding=\"async\" class=\"alignnone wp-image-29 \" src=\"http:\/\/jlggb.net\/blog4\/wp-content\/uploads\/2013\/12\/contact.jpg\" alt=\"contact\" width=\"116\" height=\"24\" \/><\/h3>\n<h3>Les photographies<\/h3>\n<p>Sauf indication contraire, les photographies et documents sont de JLggB. Mentionner la source&nbsp;: photo \u00a9JLggB.<\/p>\n<p><img loading=\"lazy\" decoding=\"async\" class=\"alignnone size-full wp-image-30\" src=\"http:\/\/jlggb.net\/blog4\/wp-content\/uploads\/2013\/12\/black-77x77.jpg\" alt=\"black-77x77\" width=\"77\" height=\"77\" \/><br \/>\nCe blog est r\u00e9alis\u00e9 avec WordPress.<\/p>\n<p><img loading=\"lazy\" decoding=\"async\" class=\"alignnone size-full wp-image-31\" src=\"http:\/\/jlggb.net\/blog4\/wp-content\/uploads\/2013\/12\/akismet-nigel.png\" alt=\"akismet-nigel\" width=\"80\" height=\"15\" \/><br \/>\nLes commentaires sont prot\u00e9g\u00e9s des spams par Askimet.<\/p>\n","protected":false},"excerpt":{"rendered":"<p>Ce blog est un album Un album, ce sont des pages blanches reli\u00e9es entre elles. Album&nbsp;: du latin album \u00ab tableau blanc \u00bb, de albus \u00ab blanc \u00bb, un cahier, un livre cartonn\u00e9 ou reli\u00e9 contenant (ou destin\u00e9 \u00e0 contenir) une collection de dessins, de gravures, de photographies, etc. Le Grand Robert. Un album est, &hellip; <a href=\"https:\/\/jlggb.net\/blog8\/page-d-exemple\/\" class=\"more-link\">Continuer la lecture de <span class=\"screen-reader-text\">Ce blog<\/span><\/a><\/p>\n","protected":false},"author":1,"featured_media":0,"parent":0,"menu_order":0,"comment_status":"closed","ping_status":"open","template":"","meta":{"footnotes":""},"class_list":["post-2","page","type-page","status-publish","hentry"],"_links":{"self":[{"href":"https:\/\/jlggb.net\/blog8\/wp-json\/wp\/v2\/pages\/2","targetHints":{"allow":["GET"]}}],"collection":[{"href":"https:\/\/jlggb.net\/blog8\/wp-json\/wp\/v2\/pages"}],"about":[{"href":"https:\/\/jlggb.net\/blog8\/wp-json\/wp\/v2\/types\/page"}],"author":[{"embeddable":true,"href":"https:\/\/jlggb.net\/blog8\/wp-json\/wp\/v2\/users\/1"}],"replies":[{"embeddable":true,"href":"https:\/\/jlggb.net\/blog8\/wp-json\/wp\/v2\/comments?post=2"}],"version-history":[{"count":18,"href":"https:\/\/jlggb.net\/blog8\/wp-json\/wp\/v2\/pages\/2\/revisions"}],"predecessor-version":[{"id":3904,"href":"https:\/\/jlggb.net\/blog8\/wp-json\/wp\/v2\/pages\/2\/revisions\/3904"}],"wp:attachment":[{"href":"https:\/\/jlggb.net\/blog8\/wp-json\/wp\/v2\/media?parent=2"}],"curies":[{"name":"wp","href":"https:\/\/api.w.org\/{rel}","templated":true}]}}