{"id":2405,"date":"2022-06-27T14:58:05","date_gmt":"2022-06-27T12:58:05","guid":{"rendered":"http:\/\/jlggb.net\/collection\/?page_id=2405"},"modified":"2022-06-29T14:31:38","modified_gmt":"2022-06-29T12:31:38","slug":"propositions-experimentales-de-motifs","status":"publish","type":"page","link":"http:\/\/jlggb.net\/collection\/?page_id=2405","title":{"rendered":"motifs, propositions exp\u00e9rimentales"},"content":{"rendered":"<p><a href=\"http:\/\/jlggb.net\/collection\/wp-content\/uploads\/2022\/06\/anni-albers-mam-noeuds-scaled.jpg\" data-rel=\"lightbox-image-0\" data-imagelightbox=\"0\" data-rl_title=\"\" data-rl_caption=\"\" title=\"\"><img loading=\"lazy\" decoding=\"async\" class=\"alignnone wp-image-2432\" src=\"http:\/\/jlggb.net\/collection\/wp-content\/uploads\/2022\/06\/anni-albers-mam-noeuds-scaled.jpg\" alt=\"\" width=\"640\" height=\"480\" srcset=\"http:\/\/jlggb.net\/collection\/wp-content\/uploads\/2022\/06\/anni-albers-mam-noeuds-scaled.jpg 2560w, http:\/\/jlggb.net\/collection\/wp-content\/uploads\/2022\/06\/anni-albers-mam-noeuds-300x225.jpg 300w, http:\/\/jlggb.net\/collection\/wp-content\/uploads\/2022\/06\/anni-albers-mam-noeuds-1024x768.jpg 1024w, http:\/\/jlggb.net\/collection\/wp-content\/uploads\/2022\/06\/anni-albers-mam-noeuds-768x576.jpg 768w, http:\/\/jlggb.net\/collection\/wp-content\/uploads\/2022\/06\/anni-albers-mam-noeuds-1536x1152.jpg 1536w, http:\/\/jlggb.net\/collection\/wp-content\/uploads\/2022\/06\/anni-albers-mam-noeuds-2048x1536.jpg 2048w\" sizes=\"auto, (max-width: 640px) 100vw, 640px\" \/><\/a><br \/>\nAnni Albers, <em>N\u0153ud<\/em>, gouache sur papier, 1947, MAM, Paris, 2021.<\/p>\n<p><a href=\"http:\/\/jlggb.net\/collection\/wp-content\/uploads\/2022\/06\/anni-albers-knot-1978-scaled.jpg\" data-rel=\"lightbox-image-1\" data-imagelightbox=\"1\" data-rl_title=\"\" data-rl_caption=\"\" title=\"\"><img loading=\"lazy\" decoding=\"async\" src=\"http:\/\/jlggb.net\/collection\/wp-content\/uploads\/2022\/06\/anni-albers-knot-1978-scaled.jpg\" alt=\"\" width=\"640\" height=\"480\" class=\"alignnone size-full wp-image-2440\" srcset=\"http:\/\/jlggb.net\/collection\/wp-content\/uploads\/2022\/06\/anni-albers-knot-1978-scaled.jpg 2560w, http:\/\/jlggb.net\/collection\/wp-content\/uploads\/2022\/06\/anni-albers-knot-1978-300x225.jpg 300w, http:\/\/jlggb.net\/collection\/wp-content\/uploads\/2022\/06\/anni-albers-knot-1978-1024x768.jpg 1024w, http:\/\/jlggb.net\/collection\/wp-content\/uploads\/2022\/06\/anni-albers-knot-1978-768x576.jpg 768w, http:\/\/jlggb.net\/collection\/wp-content\/uploads\/2022\/06\/anni-albers-knot-1978-1536x1152.jpg 1536w, http:\/\/jlggb.net\/collection\/wp-content\/uploads\/2022\/06\/anni-albers-knot-1978-2048x1536.jpg 2048w\" sizes=\"auto, (max-width: 640px) 100vw, 640px\" \/><\/a><br \/>\nAnni Albers, <em>Drawing for a knot<\/em>, 1948.<\/p>\n<p><a href=\"http:\/\/jlggb.net\/collection\/wp-content\/uploads\/2022\/06\/albers-interlacing-20190115-jlggb-bis.jpg\" data-rel=\"lightbox-image-2\" data-imagelightbox=\"2\" data-rl_title=\"\" data-rl_caption=\"\" title=\"\"><img loading=\"lazy\" decoding=\"async\" src=\"http:\/\/jlggb.net\/collection\/wp-content\/uploads\/2022\/06\/albers-interlacing-20190115-jlggb-bis.jpg\" alt=\"\" width=\"640\" height=\"480\" class=\"alignnone size-full wp-image-2437\" srcset=\"http:\/\/jlggb.net\/collection\/wp-content\/uploads\/2022\/06\/albers-interlacing-20190115-jlggb-bis.jpg 2400w, http:\/\/jlggb.net\/collection\/wp-content\/uploads\/2022\/06\/albers-interlacing-20190115-jlggb-bis-300x225.jpg 300w, http:\/\/jlggb.net\/collection\/wp-content\/uploads\/2022\/06\/albers-interlacing-20190115-jlggb-bis-1024x768.jpg 1024w, http:\/\/jlggb.net\/collection\/wp-content\/uploads\/2022\/06\/albers-interlacing-20190115-jlggb-bis-768x576.jpg 768w, http:\/\/jlggb.net\/collection\/wp-content\/uploads\/2022\/06\/albers-interlacing-20190115-jlggb-bis-1536x1152.jpg 1536w, http:\/\/jlggb.net\/collection\/wp-content\/uploads\/2022\/06\/albers-interlacing-20190115-jlggb-bis-2048x1536.jpg 2048w\" sizes=\"auto, (max-width: 640px) 100vw, 640px\" \/><\/a><br \/>\nAnni Albers, <em>Diagrams for \u2018Early Techniques of Threat Interlacing\u2019<\/em>, c. 1965, crayon et encre sur papier, Tate Gallery, 2019.<\/p>\n<p>*<br \/>\n<img loading=\"lazy\" decoding=\"async\" class=\"alignnone wp-image-2412 size-full\" src=\"http:\/\/jlggb.net\/collection\/wp-content\/uploads\/2022\/06\/61ab6af88fd2c.jpg\" alt=\"\" width=\"200\" height=\"200\" srcset=\"http:\/\/jlggb.net\/collection\/wp-content\/uploads\/2022\/06\/61ab6af88fd2c.jpg 200w, http:\/\/jlggb.net\/collection\/wp-content\/uploads\/2022\/06\/61ab6af88fd2c-150x150.jpg 150w\" sizes=\"auto, (max-width: 200px) 100vw, 200px\" \/><br \/>\n<img loading=\"lazy\" decoding=\"async\" class=\"alignnone wp-image-2413 size-full\" src=\"http:\/\/jlggb.net\/collection\/wp-content\/uploads\/2022\/06\/61ab6b20a4ed5.jpg\" alt=\"\" width=\"467\" height=\"700\" srcset=\"http:\/\/jlggb.net\/collection\/wp-content\/uploads\/2022\/06\/61ab6b20a4ed5.jpg 467w, http:\/\/jlggb.net\/collection\/wp-content\/uploads\/2022\/06\/61ab6b20a4ed5-200x300.jpg 200w\" sizes=\"auto, (max-width: 467px) 100vw, 467px\" \/><\/p>\n<div>\n<div><span class=\"label\">TATTOO <\/span><span class=\"value\"><a title=\"Show in declaration\" href=\"https:\/\/www.humanrightstattoo.org\/article\/24\/letter\/4598\">#4598<\/a>\u00a0<\/span><span class=\"value\">28-10-2021,\u00a0<\/span><span class=\"label\">EVENT<\/span><span class=\"value\">ITESO University, Guadalajara, Mexique<\/span><\/div>\n<\/div>\n<p>En mati\u00e8re de motifs, de signes soutenus et litt\u00e9ralement port\u00e9s par des personnes&nbsp;: les tatouages. Le soba choko, r\u00e9cipient attach\u00e9 \u00e0 quelqu&rsquo;un, peut relever du tatouage, faire appel \u00e0 des motifs de tatouage. Human Rights Tattoo, lanc\u00e9 en 2012, vise \u00e0 distribuer les 6 773 lettres de la D\u00e9claration universelle des droits de l&rsquo;homme sur autant d&rsquo;\u00eatres humains.\u00a0<br \/>\n<a href=\"https:\/\/info.humanrightstattoo.org\/about\/\">https:\/\/info.humanrightstattoo.org\/about\/<\/a><\/p>\n<p>&nbsp;<\/p>\n","protected":false},"excerpt":{"rendered":"<p>Anni Albers, N\u0153ud, gouache sur papier, 1947, MAM, Paris, 2021. Anni Albers, Drawing for a knot, 1948. Anni Albers, Diagrams for \u2018Early Techniques of Threat Interlacing\u2019, c. 1965, crayon et encre sur papier, Tate Gallery, 2019. * TATTOO #4598\u00a028-10-2021,\u00a0EVENTITESO University, Guadalajara, Mexique En mati\u00e8re de motifs, de signes soutenus et litt\u00e9ralement port\u00e9s par des personnes&nbsp;: [&hellip;]<\/p>\n","protected":false},"author":1,"featured_media":0,"parent":2223,"menu_order":8,"comment_status":"closed","ping_status":"closed","template":"","meta":{"footnotes":""},"class_list":["post-2405","page","type-page","status-publish","hentry"],"_links":{"self":[{"href":"http:\/\/jlggb.net\/collection\/index.php?rest_route=\/wp\/v2\/pages\/2405","targetHints":{"allow":["GET"]}}],"collection":[{"href":"http:\/\/jlggb.net\/collection\/index.php?rest_route=\/wp\/v2\/pages"}],"about":[{"href":"http:\/\/jlggb.net\/collection\/index.php?rest_route=\/wp\/v2\/types\/page"}],"author":[{"embeddable":true,"href":"http:\/\/jlggb.net\/collection\/index.php?rest_route=\/wp\/v2\/users\/1"}],"replies":[{"embeddable":true,"href":"http:\/\/jlggb.net\/collection\/index.php?rest_route=%2Fwp%2Fv2%2Fcomments&post=2405"}],"version-history":[{"count":15,"href":"http:\/\/jlggb.net\/collection\/index.php?rest_route=\/wp\/v2\/pages\/2405\/revisions"}],"predecessor-version":[{"id":2443,"href":"http:\/\/jlggb.net\/collection\/index.php?rest_route=\/wp\/v2\/pages\/2405\/revisions\/2443"}],"up":[{"embeddable":true,"href":"http:\/\/jlggb.net\/collection\/index.php?rest_route=\/wp\/v2\/pages\/2223"}],"wp:attachment":[{"href":"http:\/\/jlggb.net\/collection\/index.php?rest_route=%2Fwp%2Fv2%2Fmedia&parent=2405"}],"curies":[{"name":"wp","href":"https:\/\/api.w.org\/{rel}","templated":true}]}}